{"id":654,"date":"2016-10-14T09:15:04","date_gmt":"2016-10-14T08:15:04","guid":{"rendered":"https:\/\/www.institut-solidaris.be\/?page_id=654"},"modified":"2019-12-16T11:04:26","modified_gmt":"2019-12-16T10:04:26","slug":"le-travail-protege-t-il-de-la-pauvrete","status":"publish","type":"page","link":"https:\/\/www.institut-solidaris.be\/index.php\/le-travail-protege-t-il-de-la-pauvrete\/","title":{"rendered":"Le travail prot\u00e8ge-t-il de la pauvret\u00e9 ?"},"content":{"rendered":"<div class=\"fusion-fullwidth fullwidth-box fusion-builder-row-1 nonhundred-percent-fullwidth non-hundred-percent-height-scrolling\" style=\"--awb-background-position:left top;--awb-border-radius-top-left:0px;--awb-border-radius-top-right:0px;--awb-border-radius-bottom-right:0px;--awb-border-radius-bottom-left:0px;--awb-padding-top:20px;--awb-padding-bottom:20px;--awb-border-sizes-top:0px;--awb-border-sizes-bottom:0px;--awb-flex-wrap:wrap;\" ><div class=\"fusion-builder-row fusion-row\"><div class=\"fusion-layout-column fusion_builder_column fusion-builder-column-0 fusion_builder_column_1_2 1_2 fusion-one-half fusion-column-first\" style=\"--awb-bg-size:cover;width:48%; margin-right: 4%;\"><div class=\"fusion-column-wrapper fusion-flex-column-wrapper-legacy\"><div class=\"fusion-slider-sc fusion-flexslider-loading flexslider flexslider-hover-type-none\" data-slideshow_autoplay=\"1\" data-slideshow_smooth_height=\"0\" data-slideshow_speed=\"7000\" style=\"max-width:100%;height:100%;\"><ul class=\"slides\"><li class=\"image\"><span class=\"fusion-image-hover-element hover-type-none\"><img decoding=\"async\" src=\"https:\/\/www.institut-solidaris.be\/wp-content\/uploads\/2016\/10\/iStock_16939736_Web-300x175.jpg\" width=\"300\" height=\"175\" \/><\/span><\/li><li class=\"image\"><span class=\"fusion-image-hover-element hover-type-none\"><img decoding=\"async\" src=\"https:\/\/www.institut-solidaris.be\/wp-content\/uploads\/2016\/10\/iStock_88262803_Web-300x175.jpg\" width=\"300\" height=\"175\" \/><\/span><\/li><li class=\"image\"><span class=\"fusion-image-hover-element hover-type-none\"><img decoding=\"async\" src=\"https:\/\/www.institut-solidaris.be\/wp-content\/uploads\/2016\/10\/iStock_19729674_Web.jpg\" width=\"600\" height=\"350\" \/><\/span><\/li><li class=\"video\"><div class=\"full-video\"><div class=\"fusion-video fusion-youtube\" style=\"--awb-max-width:600px;--awb-max-height:350px;\"><div class=\"video-shortcode\"><div class=\"fluid-width-video-wrapper\" style=\"padding-top:58.33%;\" ><iframe title=\"YouTube video player 1\" src=\"https:\/\/www.youtube.com\/embed\/gWrV8IKQqaU?wmode=transparent&autoplay=0\" width=\"600\" height=\"350\" allowfullscreen allow=\"autoplay; clipboard-write; encrypted-media; gyroscope; picture-in-picture;\"><\/iframe><\/div><\/div><\/div>\n<\/div><\/li><\/ul><\/div><div class=\"fusion-clearfix\"><\/div><\/div><\/div><div class=\"fusion-layout-column fusion_builder_column fusion-builder-column-1 fusion_builder_column_1_2 1_2 fusion-one-half fusion-column-last\" style=\"--awb-bg-size:cover;width:48%;\"><div class=\"fusion-column-wrapper fusion-flex-column-wrapper-legacy\"><div class=\"fusion-text fusion-text-1\"><h2 style=\"text-align: justify;\">Le travail ne prot\u00e8ge plus pour 40% des travailleurs<\/h2>\n<p style=\"text-align: justify;\"><strong>Au cours des derni\u00e8res d\u00e9cennies, le travail a op\u00e9r\u00e9 de nombreuses mutations. Aujourd&rsquo;hui, la notion de salariat est en plein bousculement et laisse parfois place \u00e0 des formes d\u2019emplois plus hybrides et souvent plus pr\u00e9caris\u00e9s comme c\u2019est notamment le cas du travail dit \u00abub\u00e9ris\u00e9\u00bb.<\/strong><\/p>\n<p style=\"text-align: justify;\">Ce Thermom\u00e8tre Solidaris &#8211; RTL &#8211; Le Soir a alors cherch\u00e9 \u00e0 s&rsquo;int\u00e9resser aux travailleurs.\u00a0 L\u2019objectif ici \u00e9tait de savoir si le fait d\u2019occuper un emploi, suffit encore \u00e0 prot\u00e9ger de la pr\u00e9carit\u00e9 financi\u00e8re voire m\u00eame de la pauvret\u00e9. Quel est le revenu des travailleurs et comment se porte leur pouvoir d&rsquo;achat ? Arrivent-ils \u00e0 \u00e9pargner ou simplement \u00e0 boucler leurs fins de mois\u00a0? Si pas, alors quelles sont les difficult\u00e9s auxquelles ils doivent faire face, que ce soit dans leur vie de tous les jours ou par rapport \u00e0 l\u2019avenir\u00a0?<\/p>\n<p style=\"text-align: justify;\">Dans un premier temps, un peu plus de 3.000 travailleurs francophones ont \u00e9t\u00e9 interrog\u00e9s dans le cadre de cette enqu\u00eate.<br \/>\nDans un deuxi\u00e8me temps, ce sont plus de 800 travailleurs r\u00e9pondant \u00e0 des crit\u00e8res sp\u00e9cifiques en termes de pouvoir d\u2019achat, qui ont pu s\u2019exprimer sur la fa\u00e7on dont ils vivaient, la perception qu\u2019ils avaient de la soci\u00e9t\u00e9 et des institutions, mais aussi plus simplement sur leur \u00e9tat de sant\u00e9, physique et mentale.<\/p>\n<p><a href=\"https:\/\/www.institut-solidaris.be\/wp-content\/uploads\/2016\/10\/Therm9.pdf\" target=\"_blank\" rel=\"noopener noreferrer\"><img decoding=\"async\" class=\"alignnone wp-image-112 size-full\" src=\"https:\/\/www.institut-solidaris.be\/wp-content\/uploads\/2015\/12\/icone-pdf.gif\" alt=\"Consulter notre enqu\u00eate\" width=\"32\" height=\"32\" \/><\/a><a href=\"https:\/\/www.institut-solidaris.be\/wp-content\/uploads\/2016\/10\/Therm9.pdf\" target=\"_blank\" rel=\"noopener noreferrer\"> Consulter l&rsquo;int\u00e9gralit\u00e9 de l&rsquo;enqu\u00eate<\/a><\/p>\n<p><a href=\"https:\/\/www.youtube.com\/watch?v=_x0f3GxPWGU\" target=\"_blank\" rel=\"noopener noreferrer\"><img decoding=\"async\" class=\"alignnone wp-image-448 size-full\" src=\"https:\/\/www.institut-solidaris.be\/wp-content\/uploads\/2015\/12\/youtube.gif\" alt=\"Visionner la vid\u00e9o\" width=\"32\" height=\"32\" \/><\/a> <a href=\"https:\/\/www.youtube.com\/watch?v=_x0f3GxPWGU\" target=\"_blank\" rel=\"noopener noreferrer\">Visionner la capsule vid\u00e9o<\/a><\/p>\n<p style=\"text-align: justify;\">Pour Solidaris, organiser une soci\u00e9t\u00e9 o\u00f9 tout le monde, travailleur ou pas, aurait acc\u00e8s aux besoins essentiels et pourrait au minimum se loger, se soigner, s\u2019\u00e9duquer et acc\u00e9der \u00e0 des loisirs et activit\u00e9s culturelles de fa\u00e7on \u00e9gale, est fondamental.<\/p>\n<\/div><div class=\"fusion-clearfix\"><\/div><\/div><\/div><div class=\"fusion-layout-column fusion_builder_column fusion-builder-column-2 fusion_builder_column_1_2 1_2 fusion-one-half fusion-column-first\" style=\"--awb-bg-size:cover;width:48%; margin-right: 4%;\"><div class=\"fusion-column-wrapper fusion-flex-column-wrapper-legacy\"><div class=\"accordian fusion-accordian\" style=\"--awb-border-size:1px;--awb-icon-size:13px;--awb-content-font-size:13px;--awb-icon-alignment:left;--awb-hover-color:#f9f9f9;--awb-border-color:#cccccc;--awb-background-color:#ffffff;--awb-divider-color:#e0dede;--awb-divider-hover-color:#e0dede;--awb-icon-color:#ffffff;--awb-title-color:#0502d3;--awb-content-color:#000000;--awb-icon-box-color:#000000;--awb-toggle-hover-accent-color:#e41618;--awb-title-font-family:&quot;Antic Slab&quot;;--awb-title-font-weight:regular;--awb-title-font-style:normal;--awb-title-font-size:13px;--awb-content-font-family:Arial, Helvetica, sans-serif;--awb-content-font-style:normal;--awb-content-font-weight:400;\"><div class=\"panel-group fusion-toggle-icon-boxed\" id=\"accordion-654-1\"><div class=\"fusion-panel panel-default panel-0e9dbaccec0573f96 fusion-toggle-has-divider\"><div class=\"panel-heading\"><h4 class=\"panel-title toggle\" id=\"toggle_0e9dbaccec0573f96\"><a aria-expanded=\"false\" aria-controls=\"0e9dbaccec0573f96\" role=\"button\" data-toggle=\"collapse\" data-parent=\"#accordion-654-1\" data-target=\"#0e9dbaccec0573f96\" href=\"#0e9dbaccec0573f96\"><span class=\"fusion-toggle-icon-wrapper\" aria-hidden=\"true\"><i class=\"fa-fusion-box active-icon awb-icon-minus\" aria-hidden=\"true\"><\/i><i class=\"fa-fusion-box inactive-icon awb-icon-plus\" aria-hidden=\"true\"><\/i><\/span><span class=\"fusion-toggle-heading\">Le travail ne prot\u00e8ge plus de la pauvret\u00e9 pour 40% des travailleurs<\/span><\/a><\/h4><\/div><div id=\"0e9dbaccec0573f96\" class=\"panel-collapse collapse \" aria-labelledby=\"toggle_0e9dbaccec0573f96\"><div class=\"panel-body toggle-content fusion-clearfix\">\n<p>En effet, alors que, face au ch\u00f4mage, le travail a longtemps \u00e9t\u00e9 consid\u00e9r\u00e9 comme le garant d&rsquo;une forme de stabilit\u00e9 et de s\u00e9curit\u00e9,\u00a0 aujourd\u2019hui, exercer une activit\u00e9 professionnelle ne permet plus d&rsquo;assurer une vie s\u00fbre et digne et ne prot\u00e8ge plus de la pr\u00e9carit\u00e9. Car parmi les travailleurs :<\/p>\n<ul>\n<li>29 % d\u00e9clarent boucler leur budget en s\u2019en sortant tout juste<\/li>\n<li>8% n\u2019arrivent \u00e0 le boucler qu\u2019en \u00e9tant \u00e0 d\u00e9couvert chaque mois<\/li>\n<li>3% ne s\u2019en sortent plus du tout<\/li>\n<\/ul>\n<p>Lorsque l&rsquo;on se rapproche du seuil de pauvret\u00e9, soit 1250\u20ac net par mois par personne :<\/p>\n<ul>\n<li>41% sont des femmes contre 29 % d\u2019hommes<\/li>\n<li>51 %\u00a0 sont \u00e0 temps partiel et la grande majorit\u00e9 ne l\u2019a pas choisi<\/li>\n<li>33 % ont actuellement moins de 30 ans<\/li>\n<li>45% ont peur de se retrouver au ch\u00f4mage<\/li>\n<\/ul>\n<\/div><\/div><\/div><div class=\"fusion-panel panel-default panel-1a1e3951021065965 fusion-toggle-has-divider\"><div class=\"panel-heading\"><h4 class=\"panel-title toggle\" id=\"toggle_1a1e3951021065965\"><a aria-expanded=\"false\" aria-controls=\"1a1e3951021065965\" role=\"button\" data-toggle=\"collapse\" data-parent=\"#accordion-654-1\" data-target=\"#1a1e3951021065965\" href=\"#1a1e3951021065965\"><span class=\"fusion-toggle-icon-wrapper\" aria-hidden=\"true\"><i class=\"fa-fusion-box active-icon awb-icon-minus\" aria-hidden=\"true\"><\/i><i class=\"fa-fusion-box inactive-icon awb-icon-plus\" aria-hidden=\"true\"><\/i><\/span><span class=\"fusion-toggle-heading\">Quelles implications au quotidien ? <\/span><\/a><\/h4><\/div><div id=\"1a1e3951021065965\" class=\"panel-collapse collapse \" aria-labelledby=\"toggle_1a1e3951021065965\"><div class=\"panel-body toggle-content fusion-clearfix\">\n<p>Les travailleurs qui doivent faire face \u00e0 de faibles revenus sont amen\u00e9s \u00e0 se priver de tout un tas de choses, \u00e0 \u00a0commencer par les vacances pour 60% d\u2019entre eux.<\/p>\n<p>Leurs difficult\u00e9s financi\u00e8res les obligent \u00e9galement \u00e0 renoncer \u00e0 se d\u00e9fendre en justice si le cas se pr\u00e9sente mais aussi \u00e0 acc\u00e9der \u00e0 un logement convenable ou m\u00eame \u00e0 assurer \u00e0 leurs enfants l\u2019acc\u00e8s \u00e0 des \u00e9tudes sup\u00e9rieures ou \u00e0 simplement s\u2019offrir des activit\u00e9s culturelles et de loisirs.<\/p>\n<p>Par ailleurs, il appara\u00eet que les situations pr\u00e9caires sont souvent cumulatives\u00a0: milieu familial peu ais\u00e9, niveau scolaire peu \u00e9lev\u00e9, contrats de travail pr\u00e9caires, \u2026<\/p>\n<p>De plus, notre enqu\u00eate montre que les coups durs de la vie tel que le ch\u00f4mage, un divorce, un d\u00e9c\u00e8s, \u2026 peuvent entra\u00eener un rapide basculement d\u2019une situation\u00a0 \u00ab\u00a0prot\u00e9g\u00e9e\u00a0\u00bb ou \u00ab confortable\u00a0\u00bb vers la pr\u00e9carit\u00e9 ou la pauvret\u00e9.<\/p>\n<p>Cela a \u00e9t\u00e9\u00a0 le cas pour 72% de notre \u00e9chantillon de travailleurs.<\/p>\n<\/div><\/div><\/div><div class=\"fusion-panel panel-default panel-049c82c74a1105f5c fusion-toggle-has-divider\"><div class=\"panel-heading\"><h4 class=\"panel-title toggle\" id=\"toggle_049c82c74a1105f5c\"><a aria-expanded=\"false\" aria-controls=\"049c82c74a1105f5c\" role=\"button\" data-toggle=\"collapse\" data-parent=\"#accordion-654-1\" data-target=\"#049c82c74a1105f5c\" href=\"#049c82c74a1105f5c\"><span class=\"fusion-toggle-icon-wrapper\" aria-hidden=\"true\"><i class=\"fa-fusion-box active-icon awb-icon-minus\" aria-hidden=\"true\"><\/i><i class=\"fa-fusion-box inactive-icon awb-icon-plus\" aria-hidden=\"true\"><\/i><\/span><span class=\"fusion-toggle-heading\">La perception de la vie, du futur<\/span><\/a><\/h4><\/div><div id=\"049c82c74a1105f5c\" class=\"panel-collapse collapse \" aria-labelledby=\"toggle_049c82c74a1105f5c\"><div class=\"panel-body toggle-content fusion-clearfix\">De fa\u00e7on lin\u00e9aire, plus le salaire est bas plus les personnes sont tr\u00e8s insatisfaites de leur vie. Parmi ceux vivant sous le seuil de pauvret\u00e9 56% sont pessimistes concernant l&rsquo;avenir.<\/p>\n<p>Malgr\u00e9 \u00e7a, m\u00eame s&rsquo;ils sont tr\u00e8s nombreux (60%) \u00e0 \u00e9valuer leur vie comme insatisfaisante, le travail reste per\u00e7u comme une sorte d\u2019\u00e9chappatoire et la peur du ch\u00f4mage persiste car 69% consid\u00e8rent que ne pas travailler est ind\u00e9niablement le signe d&rsquo;une mort sociale.<\/div><\/div><\/div><\/div><\/div><div class=\"fusion-clearfix\"><\/div><\/div><\/div><div class=\"fusion-layout-column fusion_builder_column fusion-builder-column-3 fusion_builder_column_1_2 1_2 fusion-one-half fusion-column-last\" style=\"--awb-bg-size:cover;width:48%;\"><div class=\"fusion-column-wrapper fusion-flex-column-wrapper-legacy\"><div class=\"fusion-title title fusion-title-1 fusion-title-text fusion-title-size-two\" style=\"--awb-margin-top-small:0px;--awb-margin-right-small:0px;--awb-margin-bottom-small:20px;--awb-margin-left-small:0px;\"><h2 class=\"fusion-title-heading title-heading-left\" style=\"margin:0;\">En chiffres<\/h2><span class=\"awb-title-spacer\"><\/span><div class=\"title-sep-container\"><div class=\"title-sep sep-double sep-solid\" style=\"border-color:#e0dede;\"><\/div><\/div><\/div><div class=\"fusion-progressbar\" style=\"--awb-textcolor:#000000;--awb-filledcolor:#e41618;--awb-filledbordercolor:#e41618;--awb-maximum-value-wrapper-width:93%;\"><div class=\"fusion-progressbar-bar progress-bar\"><div class=\"progress progress-bar-content not-animated\" role=\"progressbar\" aria-labelledby=\"awb-progressbar-label-1\" aria-valuemin=\"0\" aria-valuemax=\"100\" aria-valuenow=\"7\" data-filling-speed=\"600\"><span class=\"progress-title awb-on-bar\"><span class=\"fusion-progressbar-text\" id=\"awb-progressbar-label-1\">Ils arrivent \u00e0 mettre beaucoup d&rsquo;argent de c\u00f4t\u00e9 tous les mois.<\/span> <span class=\"fusion-progressbar-value\">7%<\/span><\/span><\/div><span class=\"awb-pb-max-value-wrap awb-on-bar\"><span class=\"awb-pb-max-value-text\"><\/span><\/span><\/div><\/div><div class=\"fusion-progressbar\" style=\"--awb-textcolor:#000000;--awb-filledcolor:#e41618;--awb-filledbordercolor:#e41618;--awb-maximum-value-wrapper-width:60%;\"><div class=\"fusion-progressbar-bar progress-bar\"><div class=\"progress progress-bar-content not-animated\" role=\"progressbar\" aria-labelledby=\"awb-progressbar-label-2\" aria-valuemin=\"0\" aria-valuemax=\"100\" aria-valuenow=\"40\" data-filling-speed=\"600\"><span class=\"progress-title awb-on-bar\"><span class=\"fusion-progressbar-text\" id=\"awb-progressbar-label-2\">Ils risquent de basculer dans la pauvret\u00e9 ou font d\u00e9j\u00e0 face \u00e0 une situation pr\u00e9caire. <\/span> <span class=\"fusion-progressbar-value\">40%<\/span><\/span><\/div><span class=\"awb-pb-max-value-wrap awb-on-bar\"><span class=\"awb-pb-max-value-text\"><\/span><\/span><\/div><\/div><div class=\"fusion-progressbar\" style=\"--awb-textcolor:#000000;--awb-filledcolor:#e41618;--awb-filledbordercolor:#e41618;--awb-maximum-value-wrapper-width:55%;\"><div class=\"fusion-progressbar-bar progress-bar\"><div class=\"progress progress-bar-content not-animated\" role=\"progressbar\" aria-labelledby=\"awb-progressbar-label-3\" aria-valuemin=\"0\" aria-valuemax=\"100\" aria-valuenow=\"45\" data-filling-speed=\"600\"><span class=\"progress-title awb-on-bar\"><span class=\"fusion-progressbar-text\" id=\"awb-progressbar-label-3\">Ils sont d\u00e9tenteurs d&rsquo;un CDI et vivent sous le seuil de pauvret\u00e9 (moins de 1250 \u20ac net par mois).<\/span> <span class=\"fusion-progressbar-value\">45%<\/span><\/span><\/div><span class=\"awb-pb-max-value-wrap awb-on-bar\"><span class=\"awb-pb-max-value-text\"><\/span><\/span><\/div><\/div><div class=\"fusion-progressbar\" style=\"--awb-textcolor:#000000;--awb-filledcolor:#e41618;--awb-filledbordercolor:#e41618;--awb-maximum-value-wrapper-width:29%;\"><div class=\"fusion-progressbar-bar progress-bar\"><div class=\"progress progress-bar-content not-animated\" role=\"progressbar\" aria-labelledby=\"awb-progressbar-label-4\" aria-valuemin=\"0\" aria-valuemax=\"100\" aria-valuenow=\"71\" data-filling-speed=\"600\"><span class=\"progress-title awb-on-bar\"><span class=\"fusion-progressbar-text\" id=\"awb-progressbar-label-4\">Ils se privent de partir en vacances au moins une fois par an \u00e0 cause de difficult\u00e9s financi\u00e8res.<\/span> <span class=\"fusion-progressbar-value\">71%<\/span><\/span><\/div><span class=\"awb-pb-max-value-wrap awb-on-bar\"><span class=\"awb-pb-max-value-text\"><\/span><\/span><\/div><\/div><div class=\"fusion-clearfix\"><\/div><\/div><\/div><\/div><\/div>\n","protected":false},"excerpt":{"rendered":"","protected":false},"author":2,"featured_media":0,"parent":0,"menu_order":0,"comment_status":"closed","ping_status":"closed","template":"","meta":{"footnotes":""},"class_list":["post-654","page","type-page","status-publish","hentry"],"_links":{"self":[{"href":"https:\/\/www.institut-solidaris.be\/index.php\/wp-json\/wp\/v2\/pages\/654","targetHints":{"allow":["GET"]}}],"collection":[{"href":"https:\/\/www.institut-solidaris.be\/index.php\/wp-json\/wp\/v2\/pages"}],"about":[{"href":"https:\/\/www.institut-solidaris.be\/index.php\/wp-json\/wp\/v2\/types\/page"}],"author":[{"embeddable":true,"href":"https:\/\/www.institut-solidaris.be\/index.php\/wp-json\/wp\/v2\/users\/2"}],"replies":[{"embeddable":true,"href":"https:\/\/www.institut-solidaris.be\/index.php\/wp-json\/wp\/v2\/comments?post=654"}],"version-history":[{"count":35,"href":"https:\/\/www.institut-solidaris.be\/index.php\/wp-json\/wp\/v2\/pages\/654\/revisions"}],"predecessor-version":[{"id":1903,"href":"https:\/\/www.institut-solidaris.be\/index.php\/wp-json\/wp\/v2\/pages\/654\/revisions\/1903"}],"wp:attachment":[{"href":"https:\/\/www.institut-solidaris.be\/index.php\/wp-json\/wp\/v2\/media?parent=654"}],"curies":[{"name":"wp","href":"https:\/\/api.w.org\/{rel}","templated":true}]}}