{"id":3457,"date":"2026-03-19T06:42:24","date_gmt":"2026-03-19T05:42:24","guid":{"rendered":"https:\/\/www.institut-solidaris.be\/?page_id=3457"},"modified":"2026-03-19T06:42:24","modified_gmt":"2026-03-19T05:42:24","slug":"statinfo-orthodontie","status":"publish","type":"page","link":"https:\/\/www.institut-solidaris.be\/index.php\/statinfo-orthodontie\/","title":{"rendered":"Quand les soins orthodontiques creusent les in\u00e9galit\u00e9s sociales"},"content":{"rendered":"<div class=\"fusion-fullwidth fullwidth-box fusion-builder-row-1 nonhundred-percent-fullwidth non-hundred-percent-height-scrolling\" style=\"--awb-background-position:left top;--awb-border-sizes-top:0px;--awb-border-sizes-bottom:0px;--awb-border-sizes-left:0px;--awb-border-sizes-right:0px;--awb-border-radius-top-left:0px;--awb-border-radius-top-right:0px;--awb-border-radius-bottom-right:0px;--awb-border-radius-bottom-left:0px;--awb-padding-top:20px;--awb-padding-bottom:20px;--awb-flex-wrap:wrap;\" ><div class=\"fusion-builder-row fusion-row\"><div class=\"fusion-layout-column fusion_builder_column fusion-builder-column-0 fusion_builder_column_1_2 1_2 fusion-one-half fusion-column-first\" style=\"--awb-bg-size:cover;width:48%; margin-right: 4%;\"><div class=\"fusion-column-wrapper fusion-flex-column-wrapper-legacy\"><div class=\"fusion-slider-sc fusion-flexslider-loading flexslider flexslider-hover-type-none\" data-slideshow_autoplay=\"1\" data-slideshow_smooth_height=\"0\" data-slideshow_speed=\"7000\" style=\"max-width:100%;height:100%;\"><ul class=\"slides\"><li class=\"image\"><span class=\"fusion-image-hover-element hover-type-none\"><img decoding=\"async\" src=\"https:\/\/www.institut-solidaris.be\/wp-content\/uploads\/2026\/03\/StatInfo_SoinsOrthodontiques_600x350.jpg\" width=\"600\" height=\"350\" class=\"wp-image-3454\" srcset=\"https:\/\/www.institut-solidaris.be\/wp-content\/uploads\/2026\/03\/StatInfo_SoinsOrthodontiques_600x350-200x117.jpg 200w, https:\/\/www.institut-solidaris.be\/wp-content\/uploads\/2026\/03\/StatInfo_SoinsOrthodontiques_600x350-400x233.jpg 400w, https:\/\/www.institut-solidaris.be\/wp-content\/uploads\/2026\/03\/StatInfo_SoinsOrthodontiques_600x350.jpg 600w\" sizes=\"(max-width: 800px) 100vw, 600px\" \/><\/span><\/li><\/ul><\/div><div class=\"fusion-clearfix\"><\/div><\/div><\/div><div class=\"fusion-layout-column fusion_builder_column fusion-builder-column-1 fusion_builder_column_1_2 1_2 fusion-one-half fusion-column-last\" style=\"--awb-bg-size:cover;width:48%;\"><div class=\"fusion-column-wrapper fusion-flex-column-wrapper-legacy\"><div class=\"fusion-text fusion-text-1\"><p><strong>Les soins en orthodontie repr\u00e9sentent un co\u00fbt important, en particulier pour les familles les plus vuln\u00e9rables sur le plan socio-\u00e9conomique. Pourtant, suite au r\u00e9cent accord national dento-mutualiste conclu pour la p\u00e9riode 2026-2027, le co\u00fbt restant \u00e0 charge du patient devrait encore augmenter, mena\u00e7ant l\u2019accessibilit\u00e9 financi\u00e8re pour de nombreux m\u00e9nages, en d\u00e9pit de l\u2019interdiction d\u2019appliquer des suppl\u00e9ments d\u2019honoraires aux patients BIM \u00e0 compter du 1er juillet 2026.<\/strong><\/p>\n<p>Dans le contexte d\u2019une r\u00e9forme en cours devant permettre d\u2019objectiver les co\u00fbts r\u00e9els des prestations et de les adapter aux pratiques du terrain, Solidaris a men\u00e9 une \u00e9tude sur les in\u00e9galit\u00e9s socio-\u00e9conomiques d\u2019acc\u00e8s au traitement orthodontique r\u00e9gulier et sur ce que paie en r\u00e9alit\u00e9 le patient.<\/p>\n<p>Voici <strong>les principaux r\u00e9sultats<\/strong> de cette \u00e9tude.<\/p>\n<p><strong>1. Une prise en charge qui progresse en Wallonie (2014-2024)<\/strong><br \/>\nEntre 2014 et 2024, la proportion d\u2019enfants pris en charge pour un traitement orthodontique classique ou r\u00e9gulier a progress\u00e9 en Wallonie, passant d\u2019un enfant sur quatre (26,00%) \u00e0 un enfant sur trois (31,19%).<\/p>\n<p><strong>2. Des in\u00e9galit\u00e9s socio-\u00e9conomiques d\u2019acc\u00e8s au traitement qui persistent en 2024<\/strong><br \/>\nSi la prise en charge progresse, des in\u00e9galit\u00e9s importantes persistent dans l\u2019acc\u00e8s au traitement entre les b\u00e9n\u00e9ficiaires de l\u2019intervention major\u00e9e (BIM) et les b\u00e9n\u00e9ficiaires ordinaires (BO). Tandis qu\u2019un affili\u00e9 BO sur trois est pris en charge (33,93%), chez les BIM, cela concerne seulement un enfant sur quatre en 2024 en Wallonie (26,57%).<\/p>\n<p><strong>3. Un BIM sur deux paie plus de 2000 euros pour un traitement orthodontique r\u00e9gulier\u2026 et la facture devrait encore augmenter \u00e0 l\u2019avenir<\/strong><br \/>\nSolidaris s\u2019est pench\u00e9 sur le co\u00fbt que paie r\u00e9ellement le patient pour un traitement orthodontique classique, en se basant sur les tarifs de l\u2019honoraire l\u00e9gal rembours\u00e9 par l\u2019assurance obligatoire (2024) et sur les suppl\u00e9ments factur\u00e9s aux patients, dans un contexte o\u00f9 une majorit\u00e9 de praticiens sont non-conventionn\u00e9s et fixent donc librement leurs tarifs.<\/p>\n<p>Le r\u00e9sultat de cette analyse a montr\u00e9 que pour un patient (BIM) sur deux, en 2024, le co\u00fbt total des suppl\u00e9ments pour un traitement orthodontique r\u00e9gulier s\u2019\u00e9l\u00e8ve \u00e0 2.044,75\u20ac, apr\u00e8s remboursement de l\u2019assurance obligatoire.<\/p>\n<p>Un co\u00fbt tr\u00e8s \u00e9lev\u00e9 restant \u00e0 charge du patient que les interventions de l\u2019assurance compl\u00e9mentaire (AC) et de l\u2019assurance dentaire facultative peuvent contribuer \u00e0 faire baisser pour les patients qui y sont affili\u00e9s. Toutefois, m\u00eame apr\u00e8s intervention de ces assurances, un BIM sur deux doit encore prendre en charge un montant de 1.094,75\u20ac. Un montant cons\u00e9quent pour de nombreux m\u00e9nages modestes et qui s\u2019av\u00e8re \u00eatre un frein important \u00e0 l\u2019acc\u00e8s au traitement.<\/p>\n<p>Or, le nouvel accord national dento-mutualiste conclu pour 2026-2027, afin de r\u00e9pondre aux demandes du secteur dans la perspective de l\u2019interdiction des suppl\u00e9ments d\u2019honoraires pour les patients BIM au 1er juillet 2026, a ent\u00e9rin\u00e9 l\u2019introduction de tarifs maximaux, en attendant la mise en place de la r\u00e9forme des tarifs l\u00e9gaux. Ces tarifs maximaux correspondent \u00e0 des d\u00e9passements d\u2019honoraires pouvant \u00eatre appliqu\u00e9s par tous les prestataires de soins (conventionn\u00e9s ou non) \u00e0 tous les patients (BIM et BO).<\/p>\n<p>Solidaris a analys\u00e9 ces nouveaux tarifs qui pourront prochainement \u00eatre appliqu\u00e9s \u00e0 tous les patients, y compris les patients BIM : les tarifs introduits sont au moins \u00e9gaux, voire sup\u00e9rieurs aux suppl\u00e9ments pratiqu\u00e9s dans 50% des cas. Autrement dit, la facture pour un traitement orthodontique r\u00e9gulier va encore grimper, dans le cadre d\u2019un accord qui va encore mettre davantage \u00e0 mal l\u2019accessibilit\u00e9 financi\u00e8re pour les patients les plus vuln\u00e9rables.<\/p>\n<p>En effet, Solidaris rappelle que ces nouveaux tarifs maximaux ne sont pas int\u00e9gr\u00e9s dans le maximum \u00e0 facturer (qui permet de plafonner les frais restant \u00e0 charge des patients). En cons\u00e9quence, Solidaris \u2013 qui s\u2019est positionn\u00e9e contre cet accord \u2013 alerte sur cette situation qui menace v\u00e9ritablement l\u2019accessibilit\u00e9 financi\u00e8re pour les patients et rappelle que la s\u00e9curit\u00e9 tarifaire n\u2019est pas synonyme d\u2019accessibilit\u00e9 financi\u00e8re.<\/p>\n<p>Or, il \u00e9tait possible de faire autrement. Un budget de 18 millions d\u2019euros, disponible pour le secteur, aurait pu \u00eatre mobilis\u00e9 afin de r\u00e9duire de moiti\u00e9 la facture des patients BIM en orthodontie. Une telle solution n\u2019aurait pas fait peser les hausses de prix sur les patients et aurait permis d\u2019am\u00e9liorer concr\u00e8tement l\u2019acc\u00e8s aux soins.<\/p>\n<p><strong>Les recommandations de Solidaris<\/strong><br \/>\nSolidaris plaide pour des mesures qui garantissent une r\u00e9elle accessibilit\u00e9 financi\u00e8re:<\/p>\n<ul>\n<li>Nous plaidons pour que le montant de 18 millions d\u2019euros disponible dans l\u2019objectif des soins dentaires soit attribu\u00e9 \u00e0 un remboursement major\u00e9 pour les patients BIM.<\/li>\n<li>Nous plaidons \u00e9galement, dans la r\u00e9forme des tarifs \u00e0 venir, pour que les tarifs maximaux soient int\u00e9gr\u00e9s dans le maximum \u00e0 facturer (MAF).<\/li>\n<li>Enfin, nous plaidons pour que le secteur s\u2019empare des d\u00e9bats sur la possibilit\u00e9 d\u2019identifier un crit\u00e8re pour objectiver des besoins m\u00e9dicaux sp\u00e9cifiques, dans le cadre du traitement r\u00e9gulier. Un consensus parmi la profession autour d\u2019un tel crit\u00e8re permettrait d\u2019\u0153uvrer \u00e0 une meilleure accessibilit\u00e9 financi\u00e8re pour les patients avec des besoins sp\u00e9cifiques.<\/li>\n<\/ul>\n<p><a href=\"https:\/\/www.institut-solidaris.be\/wp-content\/uploads\/2026\/03\/StatInfo_SoinsOrthodontiques_2026.pdf\">T\u00e9l\u00e9charger l&rsquo;\u00e9tude compl\u00e8te<\/a><\/p>\n<\/div><div class=\"fusion-clearfix\"><\/div><\/div><\/div><\/div><\/div>\n","protected":false},"excerpt":{"rendered":"","protected":false},"author":12,"featured_media":0,"parent":0,"menu_order":0,"comment_status":"closed","ping_status":"closed","template":"","meta":{"footnotes":""},"class_list":["post-3457","page","type-page","status-publish","hentry"],"_links":{"self":[{"href":"https:\/\/www.institut-solidaris.be\/index.php\/wp-json\/wp\/v2\/pages\/3457","targetHints":{"allow":["GET"]}}],"collection":[{"href":"https:\/\/www.institut-solidaris.be\/index.php\/wp-json\/wp\/v2\/pages"}],"about":[{"href":"https:\/\/www.institut-solidaris.be\/index.php\/wp-json\/wp\/v2\/types\/page"}],"author":[{"embeddable":true,"href":"https:\/\/www.institut-solidaris.be\/index.php\/wp-json\/wp\/v2\/users\/12"}],"replies":[{"embeddable":true,"href":"https:\/\/www.institut-solidaris.be\/index.php\/wp-json\/wp\/v2\/comments?post=3457"}],"version-history":[{"count":4,"href":"https:\/\/www.institut-solidaris.be\/index.php\/wp-json\/wp\/v2\/pages\/3457\/revisions"}],"predecessor-version":[{"id":3461,"href":"https:\/\/www.institut-solidaris.be\/index.php\/wp-json\/wp\/v2\/pages\/3457\/revisions\/3461"}],"wp:attachment":[{"href":"https:\/\/www.institut-solidaris.be\/index.php\/wp-json\/wp\/v2\/media?parent=3457"}],"curies":[{"name":"wp","href":"https:\/\/api.w.org\/{rel}","templated":true}]}}