{"id":3395,"date":"2025-12-14T16:18:24","date_gmt":"2025-12-14T15:18:24","guid":{"rendered":"https:\/\/www.institut-solidaris.be\/?page_id=3395"},"modified":"2025-12-15T10:20:06","modified_gmt":"2025-12-15T09:20:06","slug":"report-soins-2025","status":"publish","type":"page","link":"https:\/\/www.institut-solidaris.be\/index.php\/etudes\/medecine\/barometre-dossier-medical-global-2012\/report-soins-2025\/","title":{"rendered":"Le report des soins de sant\u00e9 \u2013 Edition 2025"},"content":{"rendered":"<div class=\"fusion-fullwidth fullwidth-box fusion-builder-row-1 nonhundred-percent-fullwidth non-hundred-percent-height-scrolling\" style=\"--awb-background-position:left top;--awb-border-sizes-top:0px;--awb-border-sizes-bottom:0px;--awb-border-sizes-left:0px;--awb-border-sizes-right:0px;--awb-border-radius-top-left:0px;--awb-border-radius-top-right:0px;--awb-border-radius-bottom-right:0px;--awb-border-radius-bottom-left:0px;--awb-padding-top:20px;--awb-padding-bottom:20px;--awb-flex-wrap:wrap;\" ><div class=\"fusion-builder-row fusion-row\"><div class=\"fusion-layout-column fusion_builder_column fusion-builder-column-0 fusion_builder_column_1_2 1_2 fusion-one-half fusion-column-first\" style=\"--awb-bg-size:cover;width:48%; margin-right: 4%;\"><div class=\"fusion-column-wrapper fusion-flex-column-wrapper-legacy\"><div class=\"fusion-slider-sc fusion-flexslider-loading flexslider flexslider-hover-type-none\" data-slideshow_autoplay=\"1\" data-slideshow_smooth_height=\"0\" data-slideshow_speed=\"7000\" style=\"max-width:100%;height:100%;\"><ul class=\"slides\"><li class=\"image\"><span class=\"fusion-image-hover-element hover-type-none\"><img decoding=\"async\" src=\"https:\/\/www.institut-solidaris.be\/wp-content\/uploads\/2025\/12\/Etude_ReportSoins_600x350.jpg\" width=\"600\" height=\"350\" class=\"wp-image-3392\" srcset=\"https:\/\/www.institut-solidaris.be\/wp-content\/uploads\/2025\/12\/Etude_ReportSoins_600x350-200x117.jpg 200w, https:\/\/www.institut-solidaris.be\/wp-content\/uploads\/2025\/12\/Etude_ReportSoins_600x350-400x233.jpg 400w, https:\/\/www.institut-solidaris.be\/wp-content\/uploads\/2025\/12\/Etude_ReportSoins_600x350.jpg 600w\" sizes=\"(max-width: 800px) 100vw, 600px\" \/><\/span><\/li><\/ul><\/div><div class=\"fusion-clearfix\"><\/div><\/div><\/div><div class=\"fusion-layout-column fusion_builder_column fusion-builder-column-1 fusion_builder_column_1_2 1_2 fusion-one-half fusion-column-last\" style=\"--awb-bg-size:cover;width:48%;\"><div class=\"fusion-column-wrapper fusion-flex-column-wrapper-legacy\"><div class=\"fusion-text fusion-text-1\"><p>Comme chaque ann\u00e9e depuis 2015, Solidaris a interrog\u00e9 plus de 1000 Belges francophones concernant le report de soins pour raisons financi\u00e8res. Le constat est clair : les \u00e9tudiants se retrouvent aujourd\u2019hui parmi les populations les plus touch\u00e9es, et c\u2019est notamment leur sant\u00e9 mentale qu\u2019ils sacrifient.<\/p>\n<p><strong>Une d\u00e9t\u00e9rioration continue<\/strong><br \/>\nDepuis 2022, l\u2019accessibilit\u00e9 aux soins pour raisons financi\u00e8res se d\u00e9grade tr\u00e8s nettement pour les \u00e9tudiants, qui enregistrent +5 points en un an (47%) et +21 points en onze ans.<br \/>\nIls font partie des groupes professionnels les plus touch\u00e9s, d\u00e9passant trois ann\u00e9es de suite leur propre seuil record.<\/p>\n<p>La sant\u00e9 mentale est la sp\u00e9cialit\u00e9 la plus d\u00e9laiss\u00e9e : 26\u202f% des \u00e9tudiants renoncent \u00e0 un soin psychologique ou psychiatrique pour des raisons de co\u00fbt, un chiffre en hausse de 10 points en un an et 16 points sur dix ans. La progression touche \u00e9galement d\u2019autres disciplines, comme les sp\u00e9cialistes, l\u2019ophtalmologie mais aussi l\u2019achat de m\u00e9dicaments.<\/p>\n<p><strong>Un renoncement global toujours \u00e9lev\u00e9 en Wallonie et \u00e0 Bruxelles<\/strong><br \/>\nEn 2025, 41 % de la population a renonc\u00e9 \u00e0 au moins un soin au cours des 12 derniers mois, contre 32 % en 2015. Malgr\u00e9 une l\u00e9g\u00e8re am\u00e9lioration depuis le pic de 2019 (48 %), certains groupes restent particuli\u00e8rement vuln\u00e9rables :<br \/>\n\u2022 Les familles monoparentales : 60 % renoncent \u00e0 au moins un soin ;<br \/>\n\u2022 Les groupes sociaux pr\u00e9caires : forte hausse des renoncements, notamment chez les sp\u00e9cialistes (+7 points en un an) ;<br \/>\n\u2022 Les personnes au ch\u00f4mage : explosion du renoncement en sant\u00e9 mentale (+16 points) pour atteindre 37 % ;<br \/>\n\u2022 Les pensionn\u00e9s : malgr\u00e9 une l\u00e9g\u00e8re baisse par rapport \u00e0 l&rsquo;ann\u00e9e pass\u00e9e (-2 points, 37% en 2025), leur niveau de renoncement reste bien au-dessus des niveaux observ\u00e9s avant 2019.<\/p>\n<p>Les in\u00e9galit\u00e9s de genre sont \u00e9galement marqu\u00e9es : pr\u00e8s d\u2019une femme sur deux renonce \u00e0 au moins un soin, contre un homme sur trois.<\/p>\n<p>Enfin, les in\u00e9galit\u00e9s sociales continuent de se creuser dans presque toutes les sp\u00e9cialit\u00e9s : la sant\u00e9 mentale touche 29\u202f% des groupes les plus d\u00e9favoris\u00e9s (GS7\u20138), et l\u2019\u00e9cart dans l\u2019acc\u00e8s aux m\u00e9dicaments prescrits, entre groupes ais\u00e9s et pr\u00e9caris\u00e9s, se renforce nettement.<\/p>\n<p><strong>Les recommandations de Solidaris<\/strong><br \/>\nPour lutter contre ces in\u00e9galit\u00e9s et le renoncement aux soins, Solidaris fait plusieurs propositions :<\/p>\n<p>1. Garantir un revenu digne pour les personnes en incapacit\u00e9 de travail :<br \/>\n\u2022 Relever les indemnit\u00e9s minimales \u00e0 10\u202f% au-dessus du seuil de pauvret\u00e9 d\u00e8s le premier mois d\u2019incapacit\u00e9.<br \/>\n\u2022 Revoir le calcul des indemnit\u00e9s pour les travailleurs reprenant un temps partiel pour prot\u00e9ger les faibles revenus.<\/p>\n<p>2. Renforcer la protection financi\u00e8re des publics les plus fragiles :<br \/>\n\u2022 Supprimer ou plafonner les frais suppl\u00e9mentaires : interdiction des suppl\u00e9ments pour les b\u00e9n\u00e9ficiaires du BIM, plafonnement des honoraires en ambulatoire et \u00e0 l\u2019h\u00f4pital.<br \/>\n\u2022 All\u00e9ger les tickets mod\u00e9rateurs : gel de leur augmentation, suppression pour les soins de premi\u00e8re ligne et pr\u00e9ventifs.<br \/>\n\u2022 Faciliter l\u2019acc\u00e8s aux soins : g\u00e9n\u00e9ralisation du tiers-payant, extension automatique du statut BIM aux familles monoparentales.<br \/>\n\u2022 Limiter les co\u00fbts en maisons de repos : plafonds proportionnels aux revenus.<\/p>\n<p>3. Des soins mieux rembours\u00e9s et plus de s\u00e9curit\u00e9 tarifaire pour les patients :<br \/>\n\u2022 Augmenter le remboursement des soins insuffisamment couverts, notamment dentaires et sant\u00e9 mentale.<br \/>\n\u2022 Mettre en place un bouclier tarifaire pour prot\u00e9ger les patients l\u00e0 o\u00f9 moins de 60\u202f% des prestataires sont conventionn\u00e9s.<br \/>\n\u2022 Favoriser les prestataires conventionn\u00e9s : primes et indexation li\u00e9es aux accords tarifaires.<br \/>\n\u2022 Assurer une croissance soutenue du budget de l\u2019assurance maladie (+3\u202f%) pour r\u00e9pondre aux besoins li\u00e9s au vieillissement et aux avanc\u00e9es m\u00e9dicales.<\/p>\n<p>4. Concernant la sant\u00e9 mentale des \u00e9tudiants :<br \/>\n\u2022 Augmenter l\u2019offre de soins adapt\u00e9e aux jeunes.<br \/>\n\u2022 Supprimer la limite de s\u00e9ances rembours\u00e9es chez les psychologues de premi\u00e8re ligne pour les jeunes de 23 ans ou moins.<\/p>\n<p><em>\u201cIl est inacceptable qu\u2019aujourd\u2019hui pr\u00e8s d\u2019un \u00e9tudiant sur deux renonce \u00e0 des soins essentiels. Il est important de garantir un acc\u00e8s universel \u00e0 la sant\u00e9, notamment mentale\u202f: c\u2019est une urgence sociale et collective.\u00a0\u00bb<\/em>, d\u00e9clare Jean-Pascal Labille, Secr\u00e9taire g\u00e9n\u00e9ral de Solidaris.<\/p>\n<p><a href=\"https:\/\/www.institut-solidaris.be\/wp-content\/uploads\/2025\/12\/Etude_Renoncement_2025.pdf\">T\u00e9l\u00e9charger l&rsquo;enqu\u00eate compl\u00e8te<\/a><\/p>\n<\/div><div class=\"fusion-clearfix\"><\/div><\/div><\/div><\/div><\/div>\n","protected":false},"excerpt":{"rendered":"","protected":false},"author":12,"featured_media":0,"parent":2571,"menu_order":0,"comment_status":"closed","ping_status":"closed","template":"","meta":{"footnotes":""},"class_list":["post-3395","page","type-page","status-publish","hentry"],"_links":{"self":[{"href":"https:\/\/www.institut-solidaris.be\/index.php\/wp-json\/wp\/v2\/pages\/3395","targetHints":{"allow":["GET"]}}],"collection":[{"href":"https:\/\/www.institut-solidaris.be\/index.php\/wp-json\/wp\/v2\/pages"}],"about":[{"href":"https:\/\/www.institut-solidaris.be\/index.php\/wp-json\/wp\/v2\/types\/page"}],"author":[{"embeddable":true,"href":"https:\/\/www.institut-solidaris.be\/index.php\/wp-json\/wp\/v2\/users\/12"}],"replies":[{"embeddable":true,"href":"https:\/\/www.institut-solidaris.be\/index.php\/wp-json\/wp\/v2\/comments?post=3395"}],"version-history":[{"count":3,"href":"https:\/\/www.institut-solidaris.be\/index.php\/wp-json\/wp\/v2\/pages\/3395\/revisions"}],"predecessor-version":[{"id":3398,"href":"https:\/\/www.institut-solidaris.be\/index.php\/wp-json\/wp\/v2\/pages\/3395\/revisions\/3398"}],"up":[{"embeddable":true,"href":"https:\/\/www.institut-solidaris.be\/index.php\/wp-json\/wp\/v2\/pages\/2571"}],"wp:attachment":[{"href":"https:\/\/www.institut-solidaris.be\/index.php\/wp-json\/wp\/v2\/media?parent=3395"}],"curies":[{"name":"wp","href":"https:\/\/api.w.org\/{rel}","templated":true}]}}