{"id":3379,"date":"2025-12-05T10:05:47","date_gmt":"2025-12-05T09:05:47","guid":{"rendered":"https:\/\/www.institut-solidaris.be\/?page_id=3379"},"modified":"2025-12-05T10:55:07","modified_gmt":"2025-12-05T09:55:07","slug":"conventionnement-cle-sante-accessible","status":"publish","type":"page","link":"https:\/\/www.institut-solidaris.be\/index.php\/etudes\/accessibilite-aux-soins-de-sante\/conventionnement-cle-sante-accessible\/","title":{"rendered":"Conventionnement : la cl\u00e9 d&rsquo;une sant\u00e9 accessible ?"},"content":{"rendered":"<div class=\"fusion-fullwidth fullwidth-box fusion-builder-row-1 nonhundred-percent-fullwidth non-hundred-percent-height-scrolling\" style=\"--awb-background-position:left top;--awb-border-sizes-top:0px;--awb-border-sizes-bottom:0px;--awb-border-sizes-left:0px;--awb-border-sizes-right:0px;--awb-border-radius-top-left:0px;--awb-border-radius-top-right:0px;--awb-border-radius-bottom-right:0px;--awb-border-radius-bottom-left:0px;--awb-padding-top:20px;--awb-padding-bottom:20px;--awb-flex-wrap:wrap;\" ><div class=\"fusion-builder-row fusion-row\"><div class=\"fusion-layout-column fusion_builder_column fusion-builder-column-0 fusion_builder_column_1_2 1_2 fusion-one-half fusion-column-first\" style=\"--awb-bg-size:cover;width:48%; margin-right: 4%;\"><div class=\"fusion-column-wrapper fusion-flex-column-wrapper-legacy\"><div class=\"fusion-slider-sc fusion-flexslider-loading flexslider flexslider-hover-type-none\" data-slideshow_autoplay=\"1\" data-slideshow_smooth_height=\"0\" data-slideshow_speed=\"7000\" style=\"max-width:100%;height:100%;\"><ul class=\"slides\"><li class=\"image\"><span class=\"fusion-image-hover-element hover-type-none\"><img decoding=\"async\" src=\"https:\/\/www.institut-solidaris.be\/wp-content\/uploads\/2025\/12\/Etude_Conventionnement_600x350-min.jpg\" width=\"600\" height=\"350\" class=\"wp-image-3373\" srcset=\"https:\/\/www.institut-solidaris.be\/wp-content\/uploads\/2025\/12\/Etude_Conventionnement_600x350-min-200x117.jpg 200w, https:\/\/www.institut-solidaris.be\/wp-content\/uploads\/2025\/12\/Etude_Conventionnement_600x350-min-400x233.jpg 400w, https:\/\/www.institut-solidaris.be\/wp-content\/uploads\/2025\/12\/Etude_Conventionnement_600x350-min.jpg 600w\" sizes=\"(max-width: 800px) 100vw, 600px\" \/><\/span><\/li><\/ul><\/div><div class=\"fusion-clearfix\"><\/div><\/div><\/div><div class=\"fusion-layout-column fusion_builder_column fusion-builder-column-1 fusion_builder_column_1_2 1_2 fusion-one-half fusion-column-last\" style=\"--awb-bg-size:cover;width:48%;\"><div class=\"fusion-column-wrapper fusion-flex-column-wrapper-legacy\"><div class=\"fusion-text fusion-text-1\"><p>Une \u00e9tude men\u00e9e par Solidaris met en \u00e9vidence un lien clair entre conventionnement et report de soins : plus le nombre de prestataires conventionn\u00e9s est \u00e9lev\u00e9, meilleure est l\u2019accessibilit\u00e9 aux soins et plus faible est le niveau de report de soins. Autrement dit, selon votre lieu de r\u00e9sidence et le statut des prestataires qui vous entourent, le co\u00fbt de vos consultations peut varier consid\u00e9rablement.<\/p>\n<p>Ces diff\u00e9rences ont un impact direct sur vos possibilit\u00e9s de vous soigner et sur la charge financi\u00e8re que cela repr\u00e9sente. Dans un contexte o\u00f9 le report de soins enregistre des niveaux pr\u00e9occupants, cette \u00e9tude rappelle l\u2019importance de maintenir, renforcer et \u00e9tendre le syst\u00e8me de conventionnement afin de r\u00e9pondre efficacement aux d\u00e9fis actuels en mati\u00e8re d\u2019acc\u00e8s aux soins.<\/p>\n<p><strong>Des in\u00e9galit\u00e9s territoriales frappantes<\/strong><br \/>\nL\u2019\u00e9tude montre que les provinces les moins bien dot\u00e9es en prestataires conventionn\u00e9s sont aussi celles o\u00f9 le renoncement aux soins est le plus \u00e9lev\u00e9. \u00c0 l\u2019inverse, dans les r\u00e9gions o\u00f9 le taux de conventionnement d\u00e9passe 90 %, les reports de soins sont nettement moins fr\u00e9quents. Ces diff\u00e9rences territoriales traduisent une in\u00e9galit\u00e9 r\u00e9elle dans l\u2019acc\u00e8s aux soins, qui p\u00e8se directement sur les patients, en particulier sur les populations les plus vuln\u00e9rables.<\/p>\n<p>Les r\u00e9sultats par province illustrent ces \u00e9carts\u202f:<br \/>\n\u2022 Brabant wallon\u202f: 24\u202f% de renoncement aux soins chez un sp\u00e9cialiste, avec seulement 66\u202f% de sp\u00e9cialistes conventionn\u00e9s (et des taux particuli\u00e8rement bas en ophtalmologie\u202f: 29\u202f%).<br \/>\n\u2022 Li\u00e8ge\u202f: 19\u202f% de renoncement, pour un taux de conventionnement de 83\u202f% (seulement 50\u202f% des ophtalmologues conventionn\u00e9s).<br \/>\n\u2022 Namur\u202f: 18\u202f% de renoncement, malgr\u00e9 88\u202f% de sp\u00e9cialistes conventionn\u00e9s, mais avec de fortes fragilit\u00e9s dans certaines sp\u00e9cialit\u00e9s (36\u202f% des ophtalmologues).<br \/>\n\u2022 Hainaut: 13\u202f% de renoncement, dans un contexte de 92\u202f% de sp\u00e9cialistes conventionn\u00e9s.<\/p>\n<p>Le constat est clair\u202f: l\u00e0 o\u00f9 l\u2019offre conventionn\u00e9e est insuffisante, le renoncement augmente fortement. \u00c0 l\u2019inverse, dans les provinces mieux couvertes, les patients b\u00e9n\u00e9ficient d\u2019une s\u00e9curit\u00e9 tarifaire accrue et renoncent beaucoup moins aux soins.<\/p>\n<p>Pour Solidaris\u202f: \u00ab Ces exemples d\u00e9montrent que le conventionnement est un levier d\u2019accessibilit\u00e9. L\u00e0 o\u00f9 il est \u00e9lev\u00e9, les patients b\u00e9n\u00e9ficient d\u2019une s\u00e9curit\u00e9 tarifaire et renoncent beaucoup moins aux soins. \u00bb<\/p>\n<p><strong>Le renoncement aux soins, un enjeu de sant\u00e9 publique majeur<\/strong><br \/>\nEn 2024, 41% des Belges francophones ont renonc\u00e9 \u00e0 au moins un soin pour des raisons financi\u00e8res (un chiffre en hausse de 9 points depuis 2015). Ce ph\u00e9nom\u00e8ne touche toutes les cat\u00e9gories sociales, mais frappe plus durement les personnes en situation de pr\u00e9carit\u00e9 : 54 % des plus pauvres ont renonc\u00e9 \u00e0 des soins, contre 24 % des plus ais\u00e9s.<\/p>\n<p>Reporter ses soins n\u2019est pas anodin : le renoncement entra\u00eene une aggravation des probl\u00e8mes de sant\u00e9 et, par cons\u00e9quent, un surco\u00fbt important pour les patients et pour la s\u00e9curit\u00e9 sociale.<\/p>\n<p><strong>Des sp\u00e9cialit\u00e9s particuli\u00e8rement concern\u00e9es<\/strong><\/p>\n<p>\u2022 23 % des patients ont renonc\u00e9 \u00e0 des soins dentaires<br \/>\n\u2022 20 % \u00e0 des consultations en ophtalmologie<br \/>\n\u2022 18 % \u00e0 des soins chez un sp\u00e9cialiste<br \/>\n\u2022 9 % seulement chez un m\u00e9decin g\u00e9n\u00e9raliste<\/p>\n<p><strong>Solidaris appelle \u00e0 un renforcement du m\u00e9canisme de conventionnement<\/strong><br \/>\nFace au niveau de report de soins observ\u00e9 et aux r\u00e9sultats de l\u2019\u00e9tude, Solidaris insiste sur la n\u00e9cessit\u00e9 de renforcer le m\u00e9canisme de conventionnement : \u00ab Comme le d\u00e9montre notre analyse, le conventionnement constitue un levier essentiel pour garantir l\u2019accessibilit\u00e9 aux soins. Il est donc indispensable de le consolider par des mesures concr\u00e8tes. Parmi elles, garantir un niveau minimum de conventionnement dans chaque territoire constitue une condition indispensable pour assurer un acc\u00e8s r\u00e9el \u00e0 des prestataires conventionn\u00e9s partout en Belgique. \u00bb<\/p>\n<p>Le Parlement r\u00e9vise actuellement la loi encadrant le conventionnement. Solidaris suivra ces d\u00e9bats de pr\u00e8s afin de d\u00e9fendre les int\u00e9r\u00eats des patients et de veiller \u00e0 ce que l\u2019accessibilit\u00e9 aux soins demeure au c\u0153ur de la r\u00e9forme.<\/p>\n<p>Retrouvez tous les r\u00e9sultats ici:<\/p>\n<ul>\n<li><a href=\"https:\/\/www.institut-solidaris.be\/wp-content\/uploads\/2025\/12\/Conventionement2025-etude.pdf\">Etude compl\u00e8te<\/a><\/li>\n<li><a href=\"https:\/\/www.institut-solidaris.be\/wp-content\/uploads\/2025\/12\/Conventionnement2025-synthese.pdf\">Synth\u00e8se de l&rsquo;\u00e9tude<\/a><\/li>\n<li><a href=\"https:\/\/www.institut-solidaris.be\/wp-content\/uploads\/2025\/12\/Conventionnement2025-cartes.pdf\">Les cartes comparatives<\/a><\/li>\n<\/ul>\n<\/div><div class=\"fusion-clearfix\"><\/div><\/div><\/div><\/div><\/div>\n","protected":false},"excerpt":{"rendered":"","protected":false},"author":12,"featured_media":0,"parent":2232,"menu_order":0,"comment_status":"closed","ping_status":"closed","template":"","meta":{"footnotes":""},"class_list":["post-3379","page","type-page","status-publish","hentry"],"_links":{"self":[{"href":"https:\/\/www.institut-solidaris.be\/index.php\/wp-json\/wp\/v2\/pages\/3379","targetHints":{"allow":["GET"]}}],"collection":[{"href":"https:\/\/www.institut-solidaris.be\/index.php\/wp-json\/wp\/v2\/pages"}],"about":[{"href":"https:\/\/www.institut-solidaris.be\/index.php\/wp-json\/wp\/v2\/types\/page"}],"author":[{"embeddable":true,"href":"https:\/\/www.institut-solidaris.be\/index.php\/wp-json\/wp\/v2\/users\/12"}],"replies":[{"embeddable":true,"href":"https:\/\/www.institut-solidaris.be\/index.php\/wp-json\/wp\/v2\/comments?post=3379"}],"version-history":[{"count":4,"href":"https:\/\/www.institut-solidaris.be\/index.php\/wp-json\/wp\/v2\/pages\/3379\/revisions"}],"predecessor-version":[{"id":3383,"href":"https:\/\/www.institut-solidaris.be\/index.php\/wp-json\/wp\/v2\/pages\/3379\/revisions\/3383"}],"up":[{"embeddable":true,"href":"https:\/\/www.institut-solidaris.be\/index.php\/wp-json\/wp\/v2\/pages\/2232"}],"wp:attachment":[{"href":"https:\/\/www.institut-solidaris.be\/index.php\/wp-json\/wp\/v2\/media?parent=3379"}],"curies":[{"name":"wp","href":"https:\/\/api.w.org\/{rel}","templated":true}]}}