{"id":3272,"date":"2025-02-14T09:58:43","date_gmt":"2025-02-14T08:58:43","guid":{"rendered":"https:\/\/www.institut-solidaris.be\/?page_id=3272"},"modified":"2025-02-18T14:50:07","modified_gmt":"2025-02-18T13:50:07","slug":"sante_mentale_besoins","status":"publish","type":"page","link":"https:\/\/www.institut-solidaris.be\/index.php\/etudes\/sante-mentale\/sante_mentale_besoins\/","title":{"rendered":"Une nouvelle offre synonyme de meilleure prise en charge : enfin une avanc\u00e9e pour la sant\u00e9 mentale !"},"content":{"rendered":"<div class=\"fusion-fullwidth fullwidth-box fusion-builder-row-1 nonhundred-percent-fullwidth non-hundred-percent-height-scrolling\" style=\"--awb-border-radius-top-left:0px;--awb-border-radius-top-right:0px;--awb-border-radius-bottom-right:0px;--awb-border-radius-bottom-left:0px;--awb-flex-wrap:wrap;\" ><div class=\"fusion-builder-row fusion-row\"><div class=\"fusion-layout-column fusion_builder_column fusion-builder-column-0 fusion_builder_column_1_1 1_1 fusion-one-full fusion-column-first fusion-column-last\" style=\"--awb-bg-size:cover;--awb-margin-bottom:0px;\"><div class=\"fusion-column-wrapper fusion-flex-column-wrapper-legacy\"><div class=\"fusion-text fusion-text-1\"><p><strong>Malgr\u00e9 des avanc\u00e9es prometteuses et une am\u00e9lioration de la satisfaction des patients, beaucoup reste \u00e0 faire pour r\u00e9pondre au mal \u00eatre croissant de la population. <\/strong><strong>Un d\u00e9calage interpellant qui souligne l\u2019urgence de renforcer l\u2019accessibilit\u00e9 aux soins psychologiques.<\/strong> <strong>C&rsquo;est ce que r\u00e9v\u00e8le la nouvelle \u00e9tude de Solidaris, bas\u00e9e sur l\u2019analyse de la consommation de soins en sant\u00e9 mentale de ses 3,3 millions d\u2019affili\u00e9s et sur une vaste enqu\u00eate men\u00e9e aupr\u00e8s de 822 adultes francophones. <\/strong><\/p>\n<p><strong>Quand l\u2019offre ne suit pas la demande<\/strong><br \/>\nEntre 2021 et 2023, la prise en charge pour un trouble de sant\u00e9 mentale a progress\u00e9 parmi les affili\u00e9s de Solidaris (15,86% en 2023 contre 14,67% en 2021). Une hausse en grande partie due \u00e0 la mise en place d\u2019une offre de prise en charge ambulatoire financi\u00e8rement abordable : la <a href=\"https:\/\/parlonsen.be\/\" target=\"_blank\" rel=\"noopener\">r\u00e9cente convention soins psychologiques<\/a> (1,67 % des affili\u00e9s en ont b\u00e9n\u00e9fici\u00e9 en 2023). Mais cette progression est insuffisante : <strong>alors que 44,37% des Belges interrog\u00e9s d\u00e9clarent avoir besoin d\u2019un accompagnement psychologique, seuls 15,86 % en b\u00e9n\u00e9ficient r\u00e9ellement<\/strong>.<\/p>\n<p><strong>Une accessibilit\u00e9 g\u00e9ographique perfectible<\/strong><br \/>\nL\u2019\u00e9tude met \u00e9galement en \u00e9vidence des in\u00e9galit\u00e9s g\u00e9ographiques importantes. Sans surprise c\u2019est au niveau des (grandes) villes que l\u2019on observe une plus forte concentration de psychologues de premi\u00e8re ligne. Les patients en zone rurale, quant \u00e0 eux, doivent parcourir une distance pr\u00e8s de trois fois sup\u00e9rieure \u00e0 ceux des grandes villes pour consulter. Cette distance impacte directement le recours aux soins : plus le cabinet est \u00e9loign\u00e9, moins la prise en charge est probable. Cette tendance est encore plus marqu\u00e9e chez les personnes pr\u00e9caires.<\/p>\n<p><strong>Un recours aux m\u00e9dicaments faute d\u2019alternative<\/strong><br \/>\nFace au manque d\u2019accessibilit\u00e9, les m\u00e9dicaments, et notamment les antid\u00e9presseurs, restent une solution par d\u00e9faut. En 2023, 13,60% des Belges ont consomm\u00e9 des m\u00e9dicaments pour des troubles mentaux, avec une forte proportion d\u2019antid\u00e9presseurs (11,95%). Ce recours est particuli\u00e8rement marqu\u00e9 chez les femmes, les personnes vuln\u00e9rables sur le plan socio-\u00e9conomique, et les jeunes adultes. En outre, pr\u00e8s de 8 patients sur 10 consommant des antid\u00e9presseurs n&rsquo;ont pas eu de contact avec un professionnel de la sant\u00e9 mentale.<\/p>\n<p>Une prise en charge adapt\u00e9e est indispensable pour compl\u00e9ter l&rsquo;efficacit\u00e9 des traitements m\u00e9dicamenteux et \u00e9viter une m\u00e9dicalisation excessive des troubles anxieux et d\u00e9pressifs. La situation actuelle indique un acc\u00e8s aux soins psychologiques encore insuffisant face aux besoins non rencontr\u00e9s de la population.<strong>\u00a0<\/strong><\/p>\n<p><strong>Les recommandations de Solidaris<\/strong><br \/>\nSolidaris propose 4 mesures concr\u00e8tes pour am\u00e9liorer l\u2019acc\u00e8s aux soins de sant\u00e9 mentale<strong> :<\/strong><\/p>\n<ol>\n<li><strong>Renforcer l\u2019accessibilit\u00e9 financi\u00e8re \u00e0 certains publics cibles<\/strong> : Solidaris plaide en mati\u00e8re de sant\u00e9 mentale pour un <em>universalisme proportionn\u00e9<\/em> de mani\u00e8re \u00e0 ce que davantage de soutien soit apport\u00e9 \u00e0 ceux qui en ont le plus besoin. Cela comprend la gratuit\u00e9 des s\u00e9ances pour les personnes les plus pr\u00e9caires (b\u00e9n\u00e9ficiant du statut BIM) et un soutien accru pour les femmes.<\/li>\n<li><strong>Renforcer l&rsquo;accessibilit\u00e9 g\u00e9ographique<\/strong> : A travers le renforcement d\u2019une approche int\u00e9gr\u00e9e inscrite dans la communaut\u00e9, au sein du milieu de vie des patients, il est essentiel de faciliter l&rsquo;acc\u00e8s \u00e0 l&rsquo;offre de la convention, en particulier pour les publics plus vuln\u00e9rables, notamment ceux vivant en zone rurale, confront\u00e9s \u00e0 un manque de prestataires. Il convient aussi d&rsquo;am\u00e9liorer l&rsquo;accessibilit\u00e9 pour les personnes \u00e2g\u00e9es de 65 ans et plus, dont les besoins sont souvent n\u00e9glig\u00e9s.<\/li>\n<li><strong>Mieux informer pour un acc\u00e8s plus efficace aux soins<\/strong> :<\/li>\n<\/ol>\n<ul>\n<li>Les patients : Il est indispensable d\u2019am\u00e9liorer la diffusion et l\u2019acc\u00e8s \u00e0 une information lisible pour un large public, ainsi que d\u2019accompagner le travail de sensibilisation et de d\u00e9stigmatisation des troubles de sant\u00e9 mentale d\u2019une information claire sur l\u2019offre propos\u00e9e par la convention.<\/li>\n<li>Les professionnels de la sant\u00e9 mentale : il est n\u00e9cessaire de centraliser l&rsquo;information et de mettre en place des outils de suivi permettant d&rsquo;\u00e9valuer l&rsquo;impact de la convention sur les parcours de soins et la r\u00e9orientation des patients.<\/li>\n<\/ul>\n<ol start=\"4\">\n<li><strong>P\u00e9renniser l\u2019offre de la convention de soins psychologiques<\/strong>\u202f: pour garantir un acc\u00e8s universel \u00e0 des soins de qualit\u00e9, Solidaris appelle \u00e0 une int\u00e9gration renforc\u00e9e des soins psychologiques dans la s\u00e9curit\u00e9 sociale. Actuellement, l&rsquo;offre de soins psychologiques de premi\u00e8re ligne d\u00e9pend d\u2019une convention qui a \u00e9t\u00e9 renouvel\u00e9e pour 2024-2026 sans garantie de p\u00e9rennit\u00e9. Une int\u00e9gration durable dans la s\u00e9curit\u00e9 sociale permettrait de reconna\u00eetre les soins de sant\u00e9 mentale comme essentiels, d\u2019am\u00e9liorer la lisibilit\u00e9 de l&rsquo;offre et d\u2019am\u00e9liorer le monitoring de cette offre de prise en charge.<\/li>\n<\/ol>\n<p><strong>Solidaris s\u2019engage pour la sant\u00e9 mentale<\/strong><br \/>\nDans un contexte o\u00f9 la sant\u00e9 mentale suscite de plus en plus d\u2019inqui\u00e9tude, il est essentiel d\u2019assurer l\u2019acc\u00e8s \u00e0 des soins psychologiques abordables pour tous. Solidaris plaide donc pour une continuit\u00e9 des investissements dans le secteur de la sant\u00e9 mentale pour garantir que les personnes en d\u00e9tresse psychologique b\u00e9n\u00e9ficient d\u2019un accompagnement professionnel si elles le souhaitent.<\/p>\n<p>Depuis toujours, Solidaris se positionne en faveur d&rsquo;une meilleure prise en charge de la sant\u00e9 mentale. La mutualit\u00e9 a \u00e9t\u00e9 l&rsquo;une des premi\u00e8res \u00e0 introduire un avantage \u00ab\u00a0psychologie\u00a0\u00bb, offrant ainsi \u00e0 ses affili\u00e9s la possibilit\u00e9 de mieux prendre en charge leurs frais li\u00e9s \u00e0 la sant\u00e9 mentale. \u00c0 travers son r\u00e9seau, elle offre aussi un soutien concret et accessible. Cela inclut des services comme:<\/p>\n<ul>\n<li><a href=\"https:\/\/un-pass.be\/\" target=\"_blank\" rel=\"noopener\"><strong><em>\u00ab Un Pass dans l\u2019Impasse \u00bb<\/em><\/strong><\/a>, qui propose un soutien social et psychologique aux personnes concern\u00e9es par la probl\u00e9matique du suicide, avec des consultations en Wallonie et \u00e0 Bruxelles. Depuis 2024, l\u2019association a \u00e9t\u00e9 reconnue comme Centre de revalidation sp\u00e9cifiquement d\u00e9di\u00e9 \u00e0 la prise en charge du suicide en Wallonie.<\/li>\n<li>Les <a href=\"https:\/\/www.sofelia.be\/\" target=\"_blank\" rel=\"noopener\"><strong><em>Centres de Planning familial Sofelia<\/em><\/strong><\/a> qui accueillent et accompagnent pour toute question ou difficult\u00e9 relative \u00e0 la vie affective, relationnelle et sexuelle.<\/li>\n<li>L\u2019application <a href=\"https:\/\/solidaris-wallonie.be\/avantages\/doktr\" target=\"_blank\" rel=\"noopener\"><strong><em>Doktr<\/em><\/strong><\/a>\u00a0qui permet aux affili\u00e9s de Solidaris de trouver et consulter facilement un psychologue reconnu via leur smartphone. Le tarif est fixe, et l\u2019avantage psychologie de Solidaris est directement pris en compte par l\u2019application au moment du paiement.<\/li>\n<\/ul>\n<p>Retrouvez tous les r\u00e9sultats ici :<\/p>\n<ul>\n<li><a href=\"https:\/\/www.institut-solidaris.be\/wp-content\/uploads\/2025\/02\/Enquete-Sante-mentale.pdf\" target=\"_blank\" rel=\"noopener\">Etude Sant\u00e9 mentale<\/a><\/li>\n<li><a href=\"https:\/\/www.institut-solidaris.be\/wp-content\/uploads\/2025\/02\/Synthese_Etude_SanteMentale_2025.pdf\" target=\"_blank\" rel=\"noopener\">Synth\u00e8se Etude Sant\u00e9 mentale<\/a><\/li>\n<li><a href=\"https:\/\/www.institut-solidaris.be\/wp-content\/uploads\/2025\/02\/Etude-sante-mentale_Partie-1_Barometre.pdf\" target=\"_blank\" rel=\"noopener\">Focus 1 : barom\u00e8tre<\/a><\/li>\n<li><a href=\"https:\/\/www.institut-solidaris.be\/wp-content\/uploads\/2025\/02\/Etude-sante-mentale_Partie-2_Focus-sur-la-convention-soins-psychologiques-de-1ere-ligne.pdf\" target=\"_blank\" rel=\"noopener\">Focus 2 : convention soins psy (premi\u00e8re ligne)<\/a><\/li>\n<\/ul>\n<\/div><div class=\"fusion-clearfix\"><\/div><\/div><\/div><\/div><\/div>\n","protected":false},"excerpt":{"rendered":"","protected":false},"author":8,"featured_media":3274,"parent":2257,"menu_order":1,"comment_status":"closed","ping_status":"closed","template":"","meta":{"footnotes":""},"class_list":["post-3272","page","type-page","status-publish","has-post-thumbnail","hentry"],"_links":{"self":[{"href":"https:\/\/www.institut-solidaris.be\/index.php\/wp-json\/wp\/v2\/pages\/3272","targetHints":{"allow":["GET"]}}],"collection":[{"href":"https:\/\/www.institut-solidaris.be\/index.php\/wp-json\/wp\/v2\/pages"}],"about":[{"href":"https:\/\/www.institut-solidaris.be\/index.php\/wp-json\/wp\/v2\/types\/page"}],"author":[{"embeddable":true,"href":"https:\/\/www.institut-solidaris.be\/index.php\/wp-json\/wp\/v2\/users\/8"}],"replies":[{"embeddable":true,"href":"https:\/\/www.institut-solidaris.be\/index.php\/wp-json\/wp\/v2\/comments?post=3272"}],"version-history":[{"count":8,"href":"https:\/\/www.institut-solidaris.be\/index.php\/wp-json\/wp\/v2\/pages\/3272\/revisions"}],"predecessor-version":[{"id":3289,"href":"https:\/\/www.institut-solidaris.be\/index.php\/wp-json\/wp\/v2\/pages\/3272\/revisions\/3289"}],"up":[{"embeddable":true,"href":"https:\/\/www.institut-solidaris.be\/index.php\/wp-json\/wp\/v2\/pages\/2257"}],"wp:featuredmedia":[{"embeddable":true,"href":"https:\/\/www.institut-solidaris.be\/index.php\/wp-json\/wp\/v2\/media\/3274"}],"wp:attachment":[{"href":"https:\/\/www.institut-solidaris.be\/index.php\/wp-json\/wp\/v2\/media?parent=3272"}],"curies":[{"name":"wp","href":"https:\/\/api.w.org\/{rel}","templated":true}]}}

Une nouvelle offre synonyme de meilleure prise en charge : enfin une avancée pour la santé mentale !

<div class="fusion-fullwidth fullwidth-box fusion-builder-row-1 nonhundred-percent-fullwidth non-hundred-percent-height-scrolling" style="--awb-border-radius-top-left:0px;--awb-border-radius-top-right:0px;--awb-border-radius-bottom-right:0px;--awb-border-radius-bottom-left:0px;--awb-flex-wrap:wrap;" ><div class="fusion-builder-row fusion-row"><div class="fusion-layout-column fusion_builder_column fusion-builder-column-0 fusion_builder_column_1_1 1_1 fusion-one-full fusion-column-first fusion-column-last" style="--awb-bg-size:cover;--awb-margin-bottom:0px;"><div class="fusion-column-wrapper fusion-flex-column-wrapper-legacy"><div class="fusion-text fusion-text-1"><p><strong>Malgré des avancées prometteuses et une amélioration de la satisfaction des patients, beaucoup reste à faire pour répondre au mal être croissant de la population. </strong><strong>Un décalage interpellant qui souligne l’urgence de renforcer l’accessibilité aux soins psychologiques.</strong> <strong>C&rsquo;est ce que révèle la nouvelle étude de Solidaris, basée sur l’analyse de la consommation de soins en santé mentale de ses 3,3 millions d’affiliés et sur une vaste enquête menée auprès de 822 adultes francophones. </strong></p>
<p><strong>Quand l’offre ne suit pas la demande</strong><br />
Entre 2021 et 2023, la prise en charge pour un trouble de santé mentale a progressé parmi les affiliés de Solidaris (15,86% en 2023 contre 14,67% en 2021). Une hausse en grande partie due à la mise en place d’une offre de prise en charge ambulatoire financièrement abordable : la <a href="https://parlonsen.be/" target="_blank" rel="noopener">récente convention soins psychologiques</a> (1,67 % des affiliés en ont bénéficié en 2023). Mais cette progression est insuffisante : <strong>alors que 44,37% des Belges interrogés déclarent avoir besoin d’un accompagnement psychologique, seuls 15,86 % en bénéficient réellement</strong>.</p>
<p><strong>Une accessibilité géographique perfectible</strong><br />
L’étude met également en évidence des inégalités géographiques importantes. Sans surprise c’est au niveau des (grandes) villes que l’on observe une plus forte concentration de psychologues de première ligne. Les patients en zone rurale, quant à eux, doivent parcourir une distance près de trois fois supérieure à ceux des grandes villes pour consulter. Cette distance impacte directement le recours aux soins : plus le cabinet est éloigné, moins la prise en charge est probable. Cette tendance est encore plus marquée chez les personnes précaires.</p>
<p><strong>Un recours aux médicaments faute d’alternative</strong><br />
Face au manque d’accessibilité, les médicaments, et notamment les antidépresseurs, restent une solution par défaut. En 2023, 13,60% des Belges ont consommé des médicaments pour des troubles mentaux, avec une forte proportion d’antidépresseurs (11,95%). Ce recours est particulièrement marqué chez les femmes, les personnes vulnérables sur le plan socio-économique, et les jeunes adultes. En outre, près de 8 patients sur 10 consommant des antidépresseurs n&rsquo;ont pas eu de contact avec un professionnel de la santé mentale.</p>
<p>Une prise en charge adaptée est indispensable pour compléter l&rsquo;efficacité des traitements médicamenteux et éviter une médicalisation excessive des troubles anxieux et dépressifs. La situation actuelle indique un accès aux soins psychologiques encore insuffisant face aux besoins non rencontrés de la population.<strong> </strong></p>
<p><strong>Les recommandations de Solidaris</strong><br />
Solidaris propose 4 mesures concrètes pour améliorer l’accès aux soins de santé mentale<strong> :</strong></p>
<ol>
<li><strong>Renforcer l’accessibilité financière à certains publics cibles</strong> : Solidaris plaide en matière de santé mentale pour un <em>universalisme proportionné</em> de manière à ce que davantage de soutien soit apporté à ceux qui en ont le plus besoin. Cela comprend la gratuité des séances pour les personnes les plus précaires (bénéficiant du statut BIM) et un soutien accru pour les femmes.</li>
<li><strong>Renforcer l&rsquo;accessibilité géographique</strong> : A travers le renforcement d’une approche intégrée inscrite dans la communauté, au sein du milieu de vie des patients, il est essentiel de faciliter l&rsquo;accès à l&rsquo;offre de la convention, en particulier pour les publics plus vulnérables, notamment ceux vivant en zone rurale, confrontés à un manque de prestataires. Il convient aussi d&rsquo;améliorer l&rsquo;accessibilité pour les personnes âgées de 65 ans et plus, dont les besoins sont souvent négligés.</li>
<li><strong>Mieux informer pour un accès plus efficace aux soins</strong> :</li>
</ol>
<ul>
<li>Les patients : Il est indispensable d’améliorer la diffusion et l’accès à une information lisible pour un large public, ainsi que d’accompagner le travail de sensibilisation et de déstigmatisation des troubles de santé mentale d’une information claire sur l’offre proposée par la convention.</li>
<li>Les professionnels de la santé mentale : il est nécessaire de centraliser l&rsquo;information et de mettre en place des outils de suivi permettant d&rsquo;évaluer l&rsquo;impact de la convention sur les parcours de soins et la réorientation des patients.</li>
</ul>
<ol start="4">
<li><strong>Pérenniser l’offre de la convention de soins psychologiques</strong> : pour garantir un accès universel à des soins de qualité, Solidaris appelle à une intégration renforcée des soins psychologiques dans la sécurité sociale. Actuellement, l&rsquo;offre de soins psychologiques de première ligne dépend d’une convention qui a été renouvelée pour 2024-2026 sans garantie de pérennité. Une intégration durable dans la sécurité sociale permettrait de reconnaître les soins de santé mentale comme essentiels, d’améliorer la lisibilité de l&rsquo;offre et d’améliorer le monitoring de cette offre de prise en charge.</li>
</ol>
<p><strong>Solidaris s’engage pour la santé mentale</strong><br />
Dans un contexte où la santé mentale suscite de plus en plus d’inquiétude, il est essentiel d’assurer l’accès à des soins psychologiques abordables pour tous. Solidaris plaide donc pour une continuité des investissements dans le secteur de la santé mentale pour garantir que les personnes en détresse psychologique bénéficient d’un accompagnement professionnel si elles le souhaitent.</p>
<p>Depuis toujours, Solidaris se positionne en faveur d&rsquo;une meilleure prise en charge de la santé mentale. La mutualité a été l&rsquo;une des premières à introduire un avantage « psychologie », offrant ainsi à ses affiliés la possibilité de mieux prendre en charge leurs frais liés à la santé mentale. À travers son réseau, elle offre aussi un soutien concret et accessible. Cela inclut des services comme:</p>
<ul>
<li><a href="https://un-pass.be/" target="_blank" rel="noopener"><strong><em>« Un Pass dans l’Impasse »</em></strong></a>, qui propose un soutien social et psychologique aux personnes concernées par la problématique du suicide, avec des consultations en Wallonie et à Bruxelles. Depuis 2024, l’association a été reconnue comme Centre de revalidation spécifiquement dédié à la prise en charge du suicide en Wallonie.</li>
<li>Les <a href="https://www.sofelia.be/" target="_blank" rel="noopener"><strong><em>Centres de Planning familial Sofelia</em></strong></a> qui accueillent et accompagnent pour toute question ou difficulté relative à la vie affective, relationnelle et sexuelle.</li>
<li>L’application <a href="https://solidaris-wallonie.be/avantages/doktr" target="_blank" rel="noopener"><strong><em>Doktr</em></strong></a> qui permet aux affiliés de Solidaris de trouver et consulter facilement un psychologue reconnu via leur smartphone. Le tarif est fixe, et l’avantage psychologie de Solidaris est directement pris en compte par l’application au moment du paiement.</li>
</ul>
<p>Retrouvez tous les résultats ici :</p>
<ul>
<li><a href="https://www.institut-solidaris.be/wp-content/uploads/2025/02/Enquete-Sante-mentale.pdf" target="_blank" rel="noopener">Etude Santé mentale</a></li>
<li><a href="https://www.institut-solidaris.be/wp-content/uploads/2025/02/Synthese_Etude_SanteMentale_2025.pdf" target="_blank" rel="noopener">Synthèse Etude Santé mentale</a></li>
<li><a href="https://www.institut-solidaris.be/wp-content/uploads/2025/02/Etude-sante-mentale_Partie-1_Barometre.pdf" target="_blank" rel="noopener">Focus 1 : baromètre</a></li>
<li><a href="https://www.institut-solidaris.be/wp-content/uploads/2025/02/Etude-sante-mentale_Partie-2_Focus-sur-la-convention-soins-psychologiques-de-1ere-ligne.pdf" target="_blank" rel="noopener">Focus 2 : convention soins psy (première ligne)</a></li>
</ul>
</div><div class="fusion-clearfix"></div></div></div></div></div>
