{"id":3094,"date":"2024-02-21T15:09:12","date_gmt":"2024-02-21T14:09:12","guid":{"rendered":"https:\/\/www.institut-solidaris.be\/?page_id=3094"},"modified":"2024-02-21T15:29:42","modified_gmt":"2024-02-21T14:29:42","slug":"dpp","status":"publish","type":"page","link":"https:\/\/www.institut-solidaris.be\/index.php\/dpp\/","title":{"rendered":"D\u00e9pression du post-partum : Un enjeu de sant\u00e9 publique et de justice sociale"},"content":{"rendered":"<div class=\"fusion-fullwidth fullwidth-box fusion-builder-row-1 nonhundred-percent-fullwidth non-hundred-percent-height-scrolling\" style=\"--awb-background-position:left top;--awb-border-sizes-top:0px;--awb-border-sizes-bottom:0px;--awb-border-sizes-left:0px;--awb-border-sizes-right:0px;--awb-border-radius-top-left:0px;--awb-border-radius-top-right:0px;--awb-border-radius-bottom-right:0px;--awb-border-radius-bottom-left:0px;--awb-padding-top:20px;--awb-padding-bottom:20px;--awb-flex-wrap:wrap;\" ><div class=\"fusion-builder-row fusion-row\"><div class=\"fusion-layout-column fusion_builder_column fusion-builder-column-0 fusion_builder_column_1_2 1_2 fusion-one-half fusion-column-first\" style=\"--awb-bg-size:cover;width:48%; margin-right: 4%;\"><div class=\"fusion-column-wrapper fusion-flex-column-wrapper-legacy\"><div class=\"fusion-slider-sc fusion-flexslider-loading flexslider flexslider-hover-type-none\" data-slideshow_autoplay=\"1\" data-slideshow_smooth_height=\"0\" data-slideshow_speed=\"7000\" style=\"max-width:100%;height:100%;\"><ul class=\"slides\"><li class=\"image\"><span class=\"fusion-image-hover-element hover-type-none\"><img decoding=\"async\" src=\"https:\/\/www.institut-solidaris.be\/wp-content\/uploads\/2024\/02\/Institut_DepressionPostPartum_600x350.webp\" width=\"600\" height=\"350\" class=\"wp-image-3095\" srcset=\"https:\/\/www.institut-solidaris.be\/wp-content\/uploads\/2024\/02\/Institut_DepressionPostPartum_600x350-200x117.webp 200w, https:\/\/www.institut-solidaris.be\/wp-content\/uploads\/2024\/02\/Institut_DepressionPostPartum_600x350-400x233.webp 400w, https:\/\/www.institut-solidaris.be\/wp-content\/uploads\/2024\/02\/Institut_DepressionPostPartum_600x350.webp 600w\" sizes=\"(max-width: 800px) 100vw, 600px\" \/><\/span><\/li><\/ul><\/div><div class=\"fusion-clearfix\"><\/div><\/div><\/div><div class=\"fusion-layout-column fusion_builder_column fusion-builder-column-1 fusion_builder_column_1_2 1_2 fusion-one-half fusion-column-last\" style=\"--awb-bg-size:cover;width:48%;\"><div class=\"fusion-column-wrapper fusion-flex-column-wrapper-legacy\"><div class=\"fusion-text fusion-text-1\"><p><strong>Chaque ann\u00e9e, en Belgique, naissent en moyenne 116 000 enfants. Un heureux \u00e9v\u00e9nement qui peut aussi \u00eatre synonyme de stress et d\u2019anxi\u00e9t\u00e9 pour les parents, et en particulier pour les femmes. Les troubles mentaux li\u00e9s \u00e0 l&rsquo;arriv\u00e9e d&rsquo;un enfant, tels que la d\u00e9pression du post-partum, restent pourtant un sujet tabou et peu \u00e9tudi\u00e9.<\/strong><\/p>\n<p>Dans un contexte o\u00f9 la sant\u00e9 mentale est devenue un enjeu sanitaire majeur, Solidaris a men\u00e9 l\u2019enqu\u00eate pour briser le tabou et faire \u00e9voluer la compr\u00e9hension des difficult\u00e9s li\u00e9es au post-partum. L&rsquo;\u00e9tude, portant sur la p\u00e9riode 2012-2019, analyse la consommation d&rsquo;antid\u00e9presseurs de 298 022 parents ayant un enfant de moins d&rsquo;un an. 2 589 parents suppl\u00e9mentaires ont \u00e9galement \u00e9t\u00e9 interrog\u00e9s \u00e0 l&rsquo;\u00e9t\u00e9 2023.<\/p>\n<p><strong>La sant\u00e9 mentale des parents : un enjeu de sant\u00e9 publique\u2026<\/strong><\/p>\n<p>L&rsquo;initiation d\u2019une consommation d&rsquo;antid\u00e9presseurs est plus importante chez les parents ayant un enfant de moins d&rsquo;un an que dans la population g\u00e9n\u00e9rale. Cette tendance est particuli\u00e8rement marqu\u00e9e chez les m\u00e8res, avec un taux d&rsquo;initiation de 4,7%, comparativement \u00e0 2,9% pour le reste des femmes.<\/p>\n<p>Ces chiffres sugg\u00e8rent une d\u00e9gradation de l&rsquo;\u00e9tat de sant\u00e9 mentale de ces parents ayant un enfant de moins d&rsquo;un an par rapport \u00e0 la population g\u00e9n\u00e9rale. Les r\u00e9sultats de l&rsquo;enqu\u00eate par questionnaire confirment cette observation : 54% des m\u00e8res wallonnes avec un enfant de moins d&rsquo;un an, et 28% des p\u00e8res dans la m\u00eame situation, pr\u00e9sentent une haute probabilit\u00e9 de d\u00e9pression.<\/p>\n<p><strong>\u2026 Mais aussi un enjeu de justice sociale et de genre !<\/strong><\/p>\n<p>Les femmes encourent un risque accru de voir leur sant\u00e9 mentale se d\u00e9grader, surtout lorsqu&rsquo;elles sont aidantes proches, ont perdu leur emploi, ont \u00e9t\u00e9 victimes de violences ou ont connu des difficult\u00e9s avec le personnel soignant. Le manque de soutien est aussi un facteur de risque pour les m\u00e8res. Quant aux parents jeunes ou ayant un enfant en mauvaise sant\u00e9, ils sont \u00e9galement particuli\u00e8rement expos\u00e9s.<\/p>\n<p><strong>Diff\u00e9rents leviers d\u2019action<\/strong><\/p>\n<ol>\n<li>Soutenir les parents :\n<ul>\n<li><b>\u00c9tendre le cong\u00e9 de maternit\u00e9 \u00e0 21 semaines<\/b> et aligner le cong\u00e9 de naissance sur le cong\u00e9 maternit\u00e9, en assurant une protection prolong\u00e9e contre le licenciement.<\/li>\n<li><strong>Accro\u00eetre le nombre de places en cr\u00e8che<\/strong> et les rendre disponibles sans conditions.<\/li>\n<li><strong>Renforcer et refinancer l&rsquo;aide \u00e0 domicile<\/strong> pour les parents.<\/li>\n<\/ul>\n<\/li>\n<li>D\u00e9velopper un trajet de soins en p\u00e9rinatalit\u00e9 qui :\n<ul>\n<li>Met l\u2019accent sur les <strong>dimensions psychosociales du post-partum<\/strong> et respecte les droits des patients.<\/li>\n<li>Impose un <strong>d\u00e9pistage syst\u00e9matique<\/strong> de la d\u00e9pression du post-partum.<\/li>\n<li>Int\u00e8gre la <strong>sant\u00e9 mentale du co-parent<\/strong>.<\/li>\n<\/ul>\n<\/li>\n<li>Renforcer la sant\u00e9 reproductive et l\u2019acc\u00e8s aux soins en :\n<ul>\n<li>G\u00e9n\u00e9ralisant l\u2019<strong>EVRAS<\/strong> ; renfor\u00e7ant le financement des <strong>Centres de Planning Familiaux<\/strong> ; garantissant et p\u00e9rennisant le <strong>droit \u00e0 l\u2019IVG<\/strong>.<\/li>\n<li>Am\u00e9liorant l\u2019accessibilit\u00e9 financi\u00e8re des <strong>soins de premi\u00e8re lign<\/strong>e ; renfor\u00e7ant l\u2019automatisation du <strong>BIM<\/strong> et en augmentant les seuils de revenu ; investissant massivement dans la <strong>sant\u00e9 mentale<\/strong>.<\/li>\n<\/ul>\n<\/li>\n<li>Lutter contre les violences de genre via :\n<ul>\n<li>L\u2019\u00e9laboration d\u2019une <strong>loi-cadre<\/strong> sur l\u2019ensemble des violences bas\u00e9es sur le genre.<\/li>\n<li>La cr\u00e9ation d\u2019un <strong>fonds sp\u00e9cifique<\/strong> pour les victimes.<\/li>\n<li>La traduction du <strong>rapport du s\u00e9nat sur les violences gyn\u00e9cologiques et obst\u00e9tricales<\/strong> en textes de loi.<\/li>\n<\/ul>\n<\/li>\n<\/ol>\n<p><strong>Retrouvez tous les r\u00e9sultats ici :<\/strong><\/p>\n<ul>\n<li><a href=\"https:\/\/www.institut-solidaris.be\/wp-content\/uploads\/2024\/02\/DPP-ENQUETE.pdf\" target=\"_blank\" rel=\"noopener\">Enqu\u00eate<\/a><\/li>\n<li><a href=\"https:\/\/www.institut-solidaris.be\/wp-content\/uploads\/2024\/02\/DPP-SYNTHESE-VF.pdf\" target=\"_blank\" rel=\"noopener\">Synth\u00e8se\u00a0<\/a><\/li>\n<li><a href=\"https:\/\/www.institut-solidaris.be\/wp-content\/uploads\/2024\/02\/DPP-ETUDE-min.pdf\" target=\"_blank\" rel=\"noopener\">Etude<\/a><\/li>\n<\/ul>\n<\/div><div class=\"fusion-clearfix\"><\/div><\/div><\/div><\/div><\/div>\n","protected":false},"excerpt":{"rendered":"","protected":false},"author":8,"featured_media":0,"parent":0,"menu_order":0,"comment_status":"closed","ping_status":"closed","template":"","meta":{"footnotes":""},"class_list":["post-3094","page","type-page","status-publish","hentry"],"_links":{"self":[{"href":"https:\/\/www.institut-solidaris.be\/index.php\/wp-json\/wp\/v2\/pages\/3094","targetHints":{"allow":["GET"]}}],"collection":[{"href":"https:\/\/www.institut-solidaris.be\/index.php\/wp-json\/wp\/v2\/pages"}],"about":[{"href":"https:\/\/www.institut-solidaris.be\/index.php\/wp-json\/wp\/v2\/types\/page"}],"author":[{"embeddable":true,"href":"https:\/\/www.institut-solidaris.be\/index.php\/wp-json\/wp\/v2\/users\/8"}],"replies":[{"embeddable":true,"href":"https:\/\/www.institut-solidaris.be\/index.php\/wp-json\/wp\/v2\/comments?post=3094"}],"version-history":[{"count":4,"href":"https:\/\/www.institut-solidaris.be\/index.php\/wp-json\/wp\/v2\/pages\/3094\/revisions"}],"predecessor-version":[{"id":3104,"href":"https:\/\/www.institut-solidaris.be\/index.php\/wp-json\/wp\/v2\/pages\/3094\/revisions\/3104"}],"wp:attachment":[{"href":"https:\/\/www.institut-solidaris.be\/index.php\/wp-json\/wp\/v2\/media?parent=3094"}],"curies":[{"name":"wp","href":"https:\/\/api.w.org\/{rel}","templated":true}]}}

Dépression du post-partum : Un enjeu de santé publique et de justice sociale

<div class="fusion-fullwidth fullwidth-box fusion-builder-row-1 nonhundred-percent-fullwidth non-hundred-percent-height-scrolling" style="--awb-background-position:left top;--awb-border-sizes-top:0px;--awb-border-sizes-bottom:0px;--awb-border-sizes-left:0px;--awb-border-sizes-right:0px;--awb-border-radius-top-left:0px;--awb-border-radius-top-right:0px;--awb-border-radius-bottom-right:0px;--awb-border-radius-bottom-left:0px;--awb-padding-top:20px;--awb-padding-bottom:20px;--awb-flex-wrap:wrap;" ><div class="fusion-builder-row fusion-row"><div class="fusion-layout-column fusion_builder_column fusion-builder-column-0 fusion_builder_column_1_2 1_2 fusion-one-half fusion-column-first" style="--awb-bg-size:cover;width:48%; margin-right: 4%;"><div class="fusion-column-wrapper fusion-flex-column-wrapper-legacy"><div class="fusion-slider-sc fusion-flexslider-loading flexslider flexslider-hover-type-none" data-slideshow_autoplay="1" data-slideshow_smooth_height="0" data-slideshow_speed="7000" style="max-width:100%;height:100%;"><ul class="slides"><li class="image"><span class="fusion-image-hover-element hover-type-none"><img decoding="async" src="https://www.institut-solidaris.be/wp-content/uploads/2024/02/Institut_DepressionPostPartum_600x350.webp" width="600" height="350" class="wp-image-3095" srcset="https://www.institut-solidaris.be/wp-content/uploads/2024/02/Institut_DepressionPostPartum_600x350-200x117.webp 200w, https://www.institut-solidaris.be/wp-content/uploads/2024/02/Institut_DepressionPostPartum_600x350-400x233.webp 400w, https://www.institut-solidaris.be/wp-content/uploads/2024/02/Institut_DepressionPostPartum_600x350.webp 600w" sizes="(max-width: 800px) 100vw, 600px" /></span></li></ul></div><div class="fusion-clearfix"></div></div></div><div class="fusion-layout-column fusion_builder_column fusion-builder-column-1 fusion_builder_column_1_2 1_2 fusion-one-half fusion-column-last" style="--awb-bg-size:cover;width:48%;"><div class="fusion-column-wrapper fusion-flex-column-wrapper-legacy"><div class="fusion-text fusion-text-1"><p><strong>Chaque année, en Belgique, naissent en moyenne 116 000 enfants. Un heureux événement qui peut aussi être synonyme de stress et d’anxiété pour les parents, et en particulier pour les femmes. Les troubles mentaux liés à l&rsquo;arrivée d&rsquo;un enfant, tels que la dépression du post-partum, restent pourtant un sujet tabou et peu étudié.</strong></p>
<p>Dans un contexte où la santé mentale est devenue un enjeu sanitaire majeur, Solidaris a mené l’enquête pour briser le tabou et faire évoluer la compréhension des difficultés liées au post-partum. L&rsquo;étude, portant sur la période 2012-2019, analyse la consommation d&rsquo;antidépresseurs de 298 022 parents ayant un enfant de moins d&rsquo;un an. 2 589 parents supplémentaires ont également été interrogés à l&rsquo;été 2023.</p>
<p><strong>La santé mentale des parents : un enjeu de santé publique…</strong></p>
<p>L&rsquo;initiation d’une consommation d&rsquo;antidépresseurs est plus importante chez les parents ayant un enfant de moins d&rsquo;un an que dans la population générale. Cette tendance est particulièrement marquée chez les mères, avec un taux d&rsquo;initiation de 4,7%, comparativement à 2,9% pour le reste des femmes.</p>
<p>Ces chiffres suggèrent une dégradation de l&rsquo;état de santé mentale de ces parents ayant un enfant de moins d&rsquo;un an par rapport à la population générale. Les résultats de l&rsquo;enquête par questionnaire confirment cette observation : 54% des mères wallonnes avec un enfant de moins d&rsquo;un an, et 28% des pères dans la même situation, présentent une haute probabilité de dépression.</p>
<p><strong>… Mais aussi un enjeu de justice sociale et de genre !</strong></p>
<p>Les femmes encourent un risque accru de voir leur santé mentale se dégrader, surtout lorsqu&rsquo;elles sont aidantes proches, ont perdu leur emploi, ont été victimes de violences ou ont connu des difficultés avec le personnel soignant. Le manque de soutien est aussi un facteur de risque pour les mères. Quant aux parents jeunes ou ayant un enfant en mauvaise santé, ils sont également particulièrement exposés.</p>
<p><strong>Différents leviers d’action</strong></p>
<ol>
<li>Soutenir les parents :
<ul>
<li><b>Étendre le congé de maternité à 21 semaines</b> et aligner le congé de naissance sur le congé maternité, en assurant une protection prolongée contre le licenciement.</li>
<li><strong>Accroître le nombre de places en crèche</strong> et les rendre disponibles sans conditions.</li>
<li><strong>Renforcer et refinancer l&rsquo;aide à domicile</strong> pour les parents.</li>
</ul>
</li>
<li>Développer un trajet de soins en périnatalité qui :
<ul>
<li>Met l’accent sur les <strong>dimensions psychosociales du post-partum</strong> et respecte les droits des patients.</li>
<li>Impose un <strong>dépistage systématique</strong> de la dépression du post-partum.</li>
<li>Intègre la <strong>santé mentale du co-parent</strong>.</li>
</ul>
</li>
<li>Renforcer la santé reproductive et l’accès aux soins en :
<ul>
<li>Généralisant l’<strong>EVRAS</strong> ; renforçant le financement des <strong>Centres de Planning Familiaux</strong> ; garantissant et pérennisant le <strong>droit à l’IVG</strong>.</li>
<li>Améliorant l’accessibilité financière des <strong>soins de première lign</strong>e ; renforçant l’automatisation du <strong>BIM</strong> et en augmentant les seuils de revenu ; investissant massivement dans la <strong>santé mentale</strong>.</li>
</ul>
</li>
<li>Lutter contre les violences de genre via :
<ul>
<li>L’élaboration d’une <strong>loi-cadre</strong> sur l’ensemble des violences basées sur le genre.</li>
<li>La création d’un <strong>fonds spécifique</strong> pour les victimes.</li>
<li>La traduction du <strong>rapport du sénat sur les violences gynécologiques et obstétricales</strong> en textes de loi.</li>
</ul>
</li>
</ol>
<p><strong>Retrouvez tous les résultats ici :</strong></p>
<ul>
<li><a href="https://www.institut-solidaris.be/wp-content/uploads/2024/02/DPP-ENQUETE.pdf" target="_blank" rel="noopener">Enquête</a></li>
<li><a href="https://www.institut-solidaris.be/wp-content/uploads/2024/02/DPP-SYNTHESE-VF.pdf" target="_blank" rel="noopener">Synthèse </a></li>
<li><a href="https://www.institut-solidaris.be/wp-content/uploads/2024/02/DPP-ETUDE-min.pdf" target="_blank" rel="noopener">Etude</a></li>
</ul>
</div><div class="fusion-clearfix"></div></div></div></div></div>
