{"id":3047,"date":"2023-09-29T14:04:43","date_gmt":"2023-09-29T13:04:43","guid":{"rendered":"https:\/\/www.institut-solidaris.be\/?page_id=3047"},"modified":"2023-12-12T09:12:50","modified_gmt":"2023-12-12T08:12:50","slug":"18-25-generation-angoissee","status":"publish","type":"page","link":"https:\/\/www.institut-solidaris.be\/index.php\/18-25-generation-angoissee\/","title":{"rendered":"Enqu\u00eate Latitude Jeunes &#8211; Solidaris : Les 18-25 ans, g\u00e9n\u00e9ration angoiss\u00e9e"},"content":{"rendered":"<div class=\"fusion-fullwidth fullwidth-box fusion-builder-row-1 nonhundred-percent-fullwidth non-hundred-percent-height-scrolling\" style=\"--awb-background-position:left top;--awb-border-sizes-top:0px;--awb-border-sizes-bottom:0px;--awb-border-sizes-left:0px;--awb-border-sizes-right:0px;--awb-border-radius-top-left:0px;--awb-border-radius-top-right:0px;--awb-border-radius-bottom-right:0px;--awb-border-radius-bottom-left:0px;--awb-padding-top:20px;--awb-padding-bottom:20px;--awb-flex-wrap:wrap;\" ><div class=\"fusion-builder-row fusion-row\"><div class=\"fusion-layout-column fusion_builder_column fusion-builder-column-0 fusion_builder_column_1_2 1_2 fusion-one-half fusion-column-first\" style=\"--awb-bg-size:cover;width:48%; margin-right: 4%;\"><div class=\"fusion-column-wrapper fusion-flex-column-wrapper-legacy\"><div class=\"fusion-text fusion-text-1\"><p><strong>La question climatique et celle li\u00e9e \u00e0 l\u2019avenir au sens large du terme sont au centre des pr\u00e9occupations des jeunes qui ne vont pas bien et se sentent peu entendu e s par le monde politique.<\/strong><\/p>\n<p tabindex=\"0\">Sant\u00e9, climat, perception du monde politique et vision de l\u2019avenir. Ce sont les quatre th\u00e9matiques que Latitude Jeunes et Solidaris ont voulu aborder aupr\u00e8s des 18-25 ans afin de mieux comprendre ce que vivent aujourd\u2019hui les jeunes Belges francophones et quelles sont leurs principales pr\u00e9occupations.<\/p>\n<p tabindex=\"0\">Au regard de cette enqu\u00eate, c\u2019est une g\u00e9n\u00e9ration tr\u00e8s inqui\u00e8te voire angoiss\u00e9e pour son futur que l\u2019enqu\u00eate r\u00e9v\u00e8le. Les craintes pour le futur sont par ailleurs exacerb\u00e9es quand on se focalise sur les jeunes venant de familles pr\u00e9caires ou se consid\u00e9rant eux\u00b7elles-m\u00eames comme ayant des difficult\u00e9s financi\u00e8res. La question du logement est particuli\u00e8rement pr\u00e9occupante puisque 61% des jeunes craignent de ne pas avoir les moyens n\u00e9cessaires pour acc\u00e9der \u00e0 un bon logement plus tard. Ce chiffre monte \u00e0 71% chez les jeunes venant de familles modestes et \u00e0 72% chez celles et ceux qui ont des difficult\u00e9s financi\u00e8res.<\/p>\n<p tabindex=\"0\">Face \u00e0 ces constats, Latitude Jeunes et Solidaris demandent la mise en place d\u2019aides financi\u00e8res pour l\u2019acc\u00e8s au logement des jeunes, pour que le fait d\u2019avoir un toit devienne un bouclier contre la pr\u00e9carit\u00e9, plut\u00f4t qu\u2019une forme suppl\u00e9mentaire d\u2019exclusion sociale. L\u2019association et la Mutualit\u00e9 recommandent aussi de supprimer le statut de cohabitant\u00b7e, de faciliter la vie en colocation et d\u2019individualiser les droits sociaux. Elles demandent \u00e9galement d\u2019augmenter l\u2019offre de logement social et public pour proposer davantage de logements avec un loyer accessible. Enfin, elle plaide pour un encadrement plus strict du march\u00e9 immobilier priv\u00e9 pour garantir des logements d\u00e9cents \u00e0 un juste loyer.<\/p>\n<p tabindex=\"0\">Les craintes \u00e9voqu\u00e9es ci-dessus rendent \u00e9galement difficile la projection des jeunes dans un avenir serein et cela se ressent sur leur sant\u00e9 mentale. Ainsi, Latitude Jeunes soutient Solidaris dans sa volont\u00e9 de cr\u00e9er un \u00ab Plan Marshall \u00bb pour la sant\u00e9 mentale des jeunes.<\/p>\n<p tabindex=\"0\">Autre inqui\u00e9tude rencontr\u00e9e chez plus de 7 jeunes sur 10 : les d\u00e9r\u00e8glements climatiques. S\u2019ils et elles sont nombreux\u00b7ses \u00e0 avoir chang\u00e9 leur fa\u00e7on de consommer et de se d\u00e9placer, les jeunes sont maintenant en attente d\u2019une prise en compte tr\u00e8s concr\u00e8te de l\u2019urgence par la classe politique et veulent des actions significatives. Cependant, un grand nombre des jeunes interrog\u00e9\u00b7e\u00b7s ne se sentent pas entendu\u00b7e\u00b7s\/\u00e9cout\u00e9\u00b7e\u00b7s par les politiques. Moins d\u2019un quart des jeunes interrog\u00e9\u00b7e\u00b7s (23%) estiment d\u2019ailleurs que des partis d\u00e9fendent vraiment leurs id\u00e9es et\/ou prennent en consid\u00e9ration des probl\u00e8mes r\u00e9els que les gens vivent au quotidien. Malgr\u00e9 ce m\u00e9contentement, seuls 29% des jeunes disent qu\u2019ils et elles n\u2019iraient pas voter si le vote n\u2019\u00e9tait pas obligatoire. Ce n\u2019est donc pas un d\u00e9sengagement citoyen dont il s\u2019agit mais bien une grande d\u00e9fiance par rapport aux partis politiques actuels. Cet int\u00e9r\u00eat pour les questions de soci\u00e9t\u00e9 se montre aussi dans diff\u00e9rentes formes d\u2019engagement des jeunes qui veulent faire \u00e9voluer la soci\u00e9t\u00e9 vers un monde meilleur et faire bouger les choses.<\/p>\n<p tabindex=\"0\">En tant qu\u2019organisation de jeunesse partenaire de Solidaris, Latitude Jeunes veut faciliter cet engagement et, avec celles et ceux qui le souhaitent, d\u00e9velopper son aspect politique pour essayer de renforcer le pouvoir d\u2019agir (collectif) des jeunes. Cette enqu\u00eate est une premi\u00e8re \u00e9tape dans ce travail, que nous poursuivrons dans la p\u00e9riode pr\u00e9-\u00e9lectorale et bien au-del\u00e0.<\/p>\n<p><strong>Retrouvez tous les r\u00e9sultats de l\u2019enqu\u00eate ici :<\/strong><\/p>\n<ul>\n<li><a href=\"https:\/\/www.institut-solidaris.be\/wp-content\/uploads\/2023\/09\/Presentation-resultats-sondage-jeunes-2023.pdf\" target=\"_blank\" rel=\"noopener\">Pr\u00e9sentation r\u00e9sultats sondage jeunes &#8211; 2023<\/a><\/li>\n<li><a href=\"https:\/\/www.institut-solidaris.be\/wp-content\/uploads\/2023\/09\/Sondage-jeunes-Affiches-2023.pdf\" target=\"_blank\" rel=\"noopener\">Sondage jeunes &#8211; Affiches 2023<\/a><\/li>\n<\/ul>\n<\/div><div class=\"fusion-clearfix\"><\/div><\/div><\/div><div class=\"fusion-layout-column fusion_builder_column fusion-builder-column-1 fusion_builder_column_1_2 1_2 fusion-one-half fusion-column-last\" style=\"--awb-bg-size:cover;width:48%;\"><div class=\"fusion-column-wrapper fusion-flex-column-wrapper-legacy\"><div class=\"fusion-slider-sc fusion-flexslider-loading flexslider flexslider-hover-type-none\" data-slideshow_autoplay=\"1\" data-slideshow_smooth_height=\"0\" data-slideshow_speed=\"7000\" style=\"max-width:100%;height:100%;\"><ul class=\"slides\"><li class=\"image\"><span class=\"fusion-image-hover-element hover-type-none\"><img decoding=\"async\" src=\"https:\/\/www.institut-solidaris.be\/wp-content\/uploads\/2023\/09\/Institut_EnqueteJeunes-SanteClimatPolitique_600x350.jpg\" width=\"600\" height=\"350\" class=\"wp-image-3049\" srcset=\"https:\/\/www.institut-solidaris.be\/wp-content\/uploads\/2023\/09\/Institut_EnqueteJeunes-SanteClimatPolitique_600x350-200x117.jpg 200w, https:\/\/www.institut-solidaris.be\/wp-content\/uploads\/2023\/09\/Institut_EnqueteJeunes-SanteClimatPolitique_600x350-400x233.jpg 400w, https:\/\/www.institut-solidaris.be\/wp-content\/uploads\/2023\/09\/Institut_EnqueteJeunes-SanteClimatPolitique_600x350.jpg 600w\" sizes=\"(max-width: 800px) 100vw, 600px\" \/><\/span><\/li><\/ul><\/div><div class=\"fusion-video fusion-selfhosted-video\" style=\"max-width:100%;\"><div class=\"video-wrapper\"><video playsinline=\"true\" width=\"100%\" style=\"object-fit: cover;\" autoplay=\"true\" muted=\"true\" loop=\"true\" preload=\"auto\" controls=\"1\"><source src=\"https:\/\/www.institut-solidaris.be\/wp-content\/uploads\/2023\/12\/coralie-solheid-v2_vrHEROmF.mp4\" type=\"video\/mp4\">Sorry, your browser doesn&#039;t support embedded videos.<\/video><\/div><\/div><div class=\"fusion-clearfix\"><\/div><\/div><\/div><\/div><\/div>\n","protected":false},"excerpt":{"rendered":"","protected":false},"author":8,"featured_media":0,"parent":0,"menu_order":0,"comment_status":"closed","ping_status":"closed","template":"","meta":{"footnotes":""},"class_list":["post-3047","page","type-page","status-publish","hentry"],"_links":{"self":[{"href":"https:\/\/www.institut-solidaris.be\/index.php\/wp-json\/wp\/v2\/pages\/3047","targetHints":{"allow":["GET"]}}],"collection":[{"href":"https:\/\/www.institut-solidaris.be\/index.php\/wp-json\/wp\/v2\/pages"}],"about":[{"href":"https:\/\/www.institut-solidaris.be\/index.php\/wp-json\/wp\/v2\/types\/page"}],"author":[{"embeddable":true,"href":"https:\/\/www.institut-solidaris.be\/index.php\/wp-json\/wp\/v2\/users\/8"}],"replies":[{"embeddable":true,"href":"https:\/\/www.institut-solidaris.be\/index.php\/wp-json\/wp\/v2\/comments?post=3047"}],"version-history":[{"count":3,"href":"https:\/\/www.institut-solidaris.be\/index.php\/wp-json\/wp\/v2\/pages\/3047\/revisions"}],"predecessor-version":[{"id":3078,"href":"https:\/\/www.institut-solidaris.be\/index.php\/wp-json\/wp\/v2\/pages\/3047\/revisions\/3078"}],"wp:attachment":[{"href":"https:\/\/www.institut-solidaris.be\/index.php\/wp-json\/wp\/v2\/media?parent=3047"}],"curies":[{"name":"wp","href":"https:\/\/api.w.org\/{rel}","templated":true}]}}

Enquête Latitude Jeunes &#8211; Solidaris : Les 18-25 ans, génération angoissée

<div class="fusion-fullwidth fullwidth-box fusion-builder-row-1 nonhundred-percent-fullwidth non-hundred-percent-height-scrolling" style="--awb-background-position:left top;--awb-border-sizes-top:0px;--awb-border-sizes-bottom:0px;--awb-border-sizes-left:0px;--awb-border-sizes-right:0px;--awb-border-radius-top-left:0px;--awb-border-radius-top-right:0px;--awb-border-radius-bottom-right:0px;--awb-border-radius-bottom-left:0px;--awb-padding-top:20px;--awb-padding-bottom:20px;--awb-flex-wrap:wrap;" ><div class="fusion-builder-row fusion-row"><div class="fusion-layout-column fusion_builder_column fusion-builder-column-0 fusion_builder_column_1_2 1_2 fusion-one-half fusion-column-first" style="--awb-bg-size:cover;width:48%; margin-right: 4%;"><div class="fusion-column-wrapper fusion-flex-column-wrapper-legacy"><div class="fusion-text fusion-text-1"><p><strong>La question climatique et celle liée à l’avenir au sens large du terme sont au centre des préoccupations des jeunes qui ne vont pas bien et se sentent peu entendu e s par le monde politique.</strong></p>
<p tabindex="0">Santé, climat, perception du monde politique et vision de l’avenir. Ce sont les quatre thématiques que Latitude Jeunes et Solidaris ont voulu aborder auprès des 18-25 ans afin de mieux comprendre ce que vivent aujourd’hui les jeunes Belges francophones et quelles sont leurs principales préoccupations.</p>
<p tabindex="0">Au regard de cette enquête, c’est une génération très inquiète voire angoissée pour son futur que l’enquête révèle. Les craintes pour le futur sont par ailleurs exacerbées quand on se focalise sur les jeunes venant de familles précaires ou se considérant eux·elles-mêmes comme ayant des difficultés financières. La question du logement est particulièrement préoccupante puisque 61% des jeunes craignent de ne pas avoir les moyens nécessaires pour accéder à un bon logement plus tard. Ce chiffre monte à 71% chez les jeunes venant de familles modestes et à 72% chez celles et ceux qui ont des difficultés financières.</p>
<p tabindex="0">Face à ces constats, Latitude Jeunes et Solidaris demandent la mise en place d’aides financières pour l’accès au logement des jeunes, pour que le fait d’avoir un toit devienne un bouclier contre la précarité, plutôt qu’une forme supplémentaire d’exclusion sociale. L’association et la Mutualité recommandent aussi de supprimer le statut de cohabitant·e, de faciliter la vie en colocation et d’individualiser les droits sociaux. Elles demandent également d’augmenter l’offre de logement social et public pour proposer davantage de logements avec un loyer accessible. Enfin, elle plaide pour un encadrement plus strict du marché immobilier privé pour garantir des logements décents à un juste loyer.</p>
<p tabindex="0">Les craintes évoquées ci-dessus rendent également difficile la projection des jeunes dans un avenir serein et cela se ressent sur leur santé mentale. Ainsi, Latitude Jeunes soutient Solidaris dans sa volonté de créer un « Plan Marshall » pour la santé mentale des jeunes.</p>
<p tabindex="0">Autre inquiétude rencontrée chez plus de 7 jeunes sur 10 : les dérèglements climatiques. S’ils et elles sont nombreux·ses à avoir changé leur façon de consommer et de se déplacer, les jeunes sont maintenant en attente d’une prise en compte très concrète de l’urgence par la classe politique et veulent des actions significatives. Cependant, un grand nombre des jeunes interrogé·e·s ne se sentent pas entendu·e·s/écouté·e·s par les politiques. Moins d’un quart des jeunes interrogé·e·s (23%) estiment d’ailleurs que des partis défendent vraiment leurs idées et/ou prennent en considération des problèmes réels que les gens vivent au quotidien. Malgré ce mécontentement, seuls 29% des jeunes disent qu’ils et elles n’iraient pas voter si le vote n’était pas obligatoire. Ce n’est donc pas un désengagement citoyen dont il s’agit mais bien une grande défiance par rapport aux partis politiques actuels. Cet intérêt pour les questions de société se montre aussi dans différentes formes d’engagement des jeunes qui veulent faire évoluer la société vers un monde meilleur et faire bouger les choses.</p>
<p tabindex="0">En tant qu’organisation de jeunesse partenaire de Solidaris, Latitude Jeunes veut faciliter cet engagement et, avec celles et ceux qui le souhaitent, développer son aspect politique pour essayer de renforcer le pouvoir d’agir (collectif) des jeunes. Cette enquête est une première étape dans ce travail, que nous poursuivrons dans la période pré-électorale et bien au-delà.</p>
<p><strong>Retrouvez tous les résultats de l’enquête ici :</strong></p>
<ul>
<li><a href="https://www.institut-solidaris.be/wp-content/uploads/2023/09/Presentation-resultats-sondage-jeunes-2023.pdf" target="_blank" rel="noopener">Présentation résultats sondage jeunes &#8211; 2023</a></li>
<li><a href="https://www.institut-solidaris.be/wp-content/uploads/2023/09/Sondage-jeunes-Affiches-2023.pdf" target="_blank" rel="noopener">Sondage jeunes &#8211; Affiches 2023</a></li>
</ul>
</div><div class="fusion-clearfix"></div></div></div><div class="fusion-layout-column fusion_builder_column fusion-builder-column-1 fusion_builder_column_1_2 1_2 fusion-one-half fusion-column-last" style="--awb-bg-size:cover;width:48%;"><div class="fusion-column-wrapper fusion-flex-column-wrapper-legacy"><div class="fusion-slider-sc fusion-flexslider-loading flexslider flexslider-hover-type-none" data-slideshow_autoplay="1" data-slideshow_smooth_height="0" data-slideshow_speed="7000" style="max-width:100%;height:100%;"><ul class="slides"><li class="image"><span class="fusion-image-hover-element hover-type-none"><img decoding="async" src="https://www.institut-solidaris.be/wp-content/uploads/2023/09/Institut_EnqueteJeunes-SanteClimatPolitique_600x350.jpg" width="600" height="350" class="wp-image-3049" srcset="https://www.institut-solidaris.be/wp-content/uploads/2023/09/Institut_EnqueteJeunes-SanteClimatPolitique_600x350-200x117.jpg 200w, https://www.institut-solidaris.be/wp-content/uploads/2023/09/Institut_EnqueteJeunes-SanteClimatPolitique_600x350-400x233.jpg 400w, https://www.institut-solidaris.be/wp-content/uploads/2023/09/Institut_EnqueteJeunes-SanteClimatPolitique_600x350.jpg 600w" sizes="(max-width: 800px) 100vw, 600px" /></span></li></ul></div><div class="fusion-video fusion-selfhosted-video" style="max-width:100%;"><div class="video-wrapper"><video playsinline="true" width="100%" style="object-fit: cover;" autoplay="true" muted="true" loop="true" preload="auto" controls="1"><source src="https://www.institut-solidaris.be/wp-content/uploads/2023/12/coralie-solheid-v2_vrHEROmF.mp4" type="video/mp4">Sorry, your browser doesn&#039;t support embedded videos.</video></div></div><div class="fusion-clearfix"></div></div></div></div></div>
