{"id":2949,"date":"2023-01-26T12:59:38","date_gmt":"2023-01-26T11:59:38","guid":{"rendered":"https:\/\/www.institut-solidaris.be\/?page_id=2949"},"modified":"2023-02-28T14:44:41","modified_gmt":"2023-02-28T13:44:41","slug":"juste-prix-des-medicaments","status":"publish","type":"page","link":"https:\/\/www.institut-solidaris.be\/index.php\/etudes\/medicaments\/juste-prix-des-medicaments\/","title":{"rendered":"Solidaris en campagne contre les (sur)profits de l\u2019industrie pharmaceutique"},"content":{"rendered":"<div class=\"fusion-fullwidth fullwidth-box fusion-builder-row-1 nonhundred-percent-fullwidth non-hundred-percent-height-scrolling\" style=\"--awb-background-position:left top;--awb-border-sizes-top:0px;--awb-border-sizes-bottom:0px;--awb-border-sizes-left:0px;--awb-border-sizes-right:0px;--awb-border-radius-top-left:0px;--awb-border-radius-top-right:0px;--awb-border-radius-bottom-right:0px;--awb-border-radius-bottom-left:0px;--awb-padding-top:20px;--awb-padding-bottom:20px;--awb-flex-wrap:wrap;\" ><div class=\"fusion-builder-row fusion-row\"><div class=\"fusion-layout-column fusion_builder_column fusion-builder-column-0 fusion_builder_column_1_2 1_2 fusion-one-half fusion-column-first\" style=\"--awb-bg-size:cover;width:48%; margin-right: 4%;\"><div class=\"fusion-column-wrapper fusion-flex-column-wrapper-legacy\"><div class=\"fusion-text fusion-text-1\"><p>Ce jeudi 26 janvier, Solidaris lance une grande campagne sur le juste prix des m\u00e9dicaments. Une \u00e9tude d\u00e9montre en effet qu\u2019un milliard d\u2019\u20ac pourrait \u00eatre r\u00e9investi dans la s\u00e9curit\u00e9 sociale chaque ann\u00e9e en luttant contre le surprofit de l\u2019industrie pharmaceutique. Au b\u00e9n\u00e9fice de la S\u00e9curit\u00e9 sociale et donc de la sant\u00e9 de tou.te.s\u2026<\/p>\n<p>L\u2019assurance maladie d\u00e9pense plus de 5,4 milliards d\u2019euros par an pour les m\u00e9dicaments en Belgique. Ce sont, en particulier, les nouveaux m\u00e9dicaments qui sont chers, avec des traitements contre le cancer \u00e0 plusieurs dizaines de milliers d\u2019euros et des traitements pour les maladies rares \u00e0 plusieurs centaines de milliers d\u2019euros par an. Et ces prix ne font qu\u2019augmenter\u202f! Non pas parce que les co\u00fbts augmentent, mais parce que les firmes pharmaceutiques en demandent toujours plus et que l\u2019Etat n\u2019est pas en mesure de bien n\u00e9gocier.<\/p>\n<p>En r\u00e9action \u00e0 cette opacit\u00e9 sur les prix r\u00e9ellement pay\u00e9s et \u00e0 cette inflation non justifi\u00e9e, Solidaris a calcul\u00e9, \u00e0 travers la r\u00e9alisation d\u2019une \u00e9tude, l\u2019\u00e9conomie qui pourrait \u00eatre r\u00e9alis\u00e9e si <strong>des prix justes et transparents pour les m\u00e9dicaments<\/strong> \u00e9taient appliqu\u00e9s.\u202fCes calculs ont \u00e9t\u00e9 faits gr\u00e2ce \u00e0 un <strong>calculateur de prix<\/strong> juste d\u00e9velopp\u00e9 en collaboration avec l\u2019Association Internationale de la Mutualit\u00e9 (AIM), sur base d\u2019un mod\u00e8le objectif int\u00e9grant les co\u00fbts des fabricants ainsi que des marges raisonnables, et soutenant l\u2019innovation.<\/p>\n<p>Ce mod\u00e8le a \u00e9t\u00e9 appliqu\u00e9 \u00e0 7 m\u00e9dicaments r\u00e9cents qui concernent les domaines en forte croissance. Et le r\u00e9sultat est sans appel\u202f:<strong> nous payons entre 5 et 18 fois le prix juste pour les m\u00e9dicaments contre le cancer et les m\u00e9dicaments orphelins<\/strong> et jusqu\u2019\u00e0 3 fois le prix pour les traitements plus r\u00e9pandus.\u202f <strong>Avec un prix juste, la Belgique paierait 4 fois moins pour tous <\/strong><strong>les m\u00e9dicaments innovants. 1 milliard d\u2019euros, soit 20% des d\u00e9penses pour les m\u00e9dicaments, pourrait \u00eatre \u00e9conomis\u00e9 chaque ann\u00e9e\u202f!<\/strong><\/p>\n<p>La Belgique ne peut pas appliquer seule des prix transparents et aussi bas, c\u2019est pourquoi Solidaris demande \u00e0 ce que notre pays profite de la <strong>pr\u00e9sidence de l\u2019Union Europ\u00e9enne pour lancer le <\/strong><strong>d\u00e9bat sur l\u2019impl\u00e9mentation d\u2019un mod\u00e8le de prix europ\u00e9en juste (\u00ab\u202ffair price\u202f\u00bb). En attendant, la Mutualit\u00e9 recommande d\u2019utiliser le \u00ab\u202fprix juste\u202f\u00bb comme un \u00e9l\u00e9ment de n\u00e9gociation pour le prix des nouveaux m\u00e9dicaments en Belgique<\/strong>, en compl\u00e9ment \u00e0 celui demand\u00e9 par la firme pour apporter une transparence indispensable \u00e0 la fixation de prix corrects.<\/p>\n<p>Pour int\u00e9grer ce mod\u00e8le dans la loi, Solidaris lance une grande p\u00e9tition citoyenne qui sera d\u00e9pos\u00e9e au Parlement f\u00e9d\u00e9ral dans l\u2019objectif d\u2019ouvrir le d\u00e9bat sur le \u00ab\u202fprix juste des m\u00e9dicaments\u202f\u00bb et le surprofit qu\u2019engrange les firmes pharmaceutiques. Par ailleurs, un film documentaire, r\u00e9alis\u00e9 en collaboration avec Tout Va Bien, web m\u00e9dia ind\u00e9pendant, explique et d\u00e9code les enjeux li\u00e9s au juste prix des m\u00e9dicaments.<\/p>\n<p>Pour le Secr\u00e9taire g\u00e9n\u00e9ral de Solidaris, Jean-Pascal Labille : \u00ab Cette campagne m\u00e9dicament est une n\u00e9cessit\u00e9. Le surprofit des firmes pharmaceutiques atteint des records. Au vu du contexte social et \u00e9conomique, il est indispensable d\u2019aller chercher les moyens l\u00e0 o\u00f9 ils sont. Si l\u2019on en arrive \u00e0 bloquer des salaires, je ne vois pas pourquoi nous ne pourrions pas commencer par bloquer des surprofits ! \u00bb.<\/p>\n<p>Pour d\u00e9couvrir cette nouvelle campagne rendez-vous sur le site <a href=\"http:\/\/www.lejusteprixdesmedicaments.be\" target=\"_blank\" rel=\"noopener\">www.lejusteprixdesmedicaments.be<\/a><\/p>\n<p>Lien vers l\u2019\u00e9tude : <a href=\"https:\/\/www.institut-solidaris.be\/wp-content\/uploads\/2023\/01\/Etude-Solidaris_Fair-price_2022.pdf\" target=\"_blank\" rel=\"noopener\">Quel serait l\u2019impact d\u2019un prix juste pour les m\u00e9dicaments en Belgique ?<\/a><\/p>\n<\/div><div class=\"fusion-clearfix\"><\/div><\/div><\/div><div class=\"fusion-layout-column fusion_builder_column fusion-builder-column-1 fusion_builder_column_1_2 1_2 fusion-one-half fusion-column-last\" style=\"--awb-bg-image:url(&#039;https:\/\/www.institut-solidaris.be\/wp-content\/uploads\/2023\/01\/Institut_Medicaments_600x350.jpg&#039;);--awb-bg-size:cover;width:48%;\"><div class=\"fusion-column-wrapper fusion-column-has-shadow fusion-flex-column-wrapper-legacy fusion-empty-column-bg-image fusion-column-has-bg-image\" data-bg-url=\"https:\/\/www.institut-solidaris.be\/wp-content\/uploads\/2023\/01\/Institut_Medicaments_600x350.jpg\"><img decoding=\"async\" class=\"fusion-empty-dims-img-placeholder\" aria-label=\"Institut_Medicaments_600x350\" src=\"data:image\/svg+xml,%3Csvg%20xmlns%3D%27http%3A%2F%2Fwww.w3.org%2F2000%2Fsvg%27%20width%3D%27600%27%20height%3D%27350%27%20viewBox%3D%270%200%20600%20350%27%3E%3Crect%20width%3D%27600%27%20height%3D%27350%27%20fill-opacity%3D%220%22%2F%3E%3C%2Fsvg%3E\"><div class=\"fusion-clearfix\"><\/div><\/div><\/div><\/div><\/div>\n","protected":false},"excerpt":{"rendered":"","protected":false},"author":8,"featured_media":0,"parent":2247,"menu_order":0,"comment_status":"closed","ping_status":"closed","template":"","meta":{"footnotes":""},"class_list":["post-2949","page","type-page","status-publish","hentry"],"_links":{"self":[{"href":"https:\/\/www.institut-solidaris.be\/index.php\/wp-json\/wp\/v2\/pages\/2949","targetHints":{"allow":["GET"]}}],"collection":[{"href":"https:\/\/www.institut-solidaris.be\/index.php\/wp-json\/wp\/v2\/pages"}],"about":[{"href":"https:\/\/www.institut-solidaris.be\/index.php\/wp-json\/wp\/v2\/types\/page"}],"author":[{"embeddable":true,"href":"https:\/\/www.institut-solidaris.be\/index.php\/wp-json\/wp\/v2\/users\/8"}],"replies":[{"embeddable":true,"href":"https:\/\/www.institut-solidaris.be\/index.php\/wp-json\/wp\/v2\/comments?post=2949"}],"version-history":[{"count":7,"href":"https:\/\/www.institut-solidaris.be\/index.php\/wp-json\/wp\/v2\/pages\/2949\/revisions"}],"predecessor-version":[{"id":3000,"href":"https:\/\/www.institut-solidaris.be\/index.php\/wp-json\/wp\/v2\/pages\/2949\/revisions\/3000"}],"up":[{"embeddable":true,"href":"https:\/\/www.institut-solidaris.be\/index.php\/wp-json\/wp\/v2\/pages\/2247"}],"wp:attachment":[{"href":"https:\/\/www.institut-solidaris.be\/index.php\/wp-json\/wp\/v2\/media?parent=2949"}],"curies":[{"name":"wp","href":"https:\/\/api.w.org\/{rel}","templated":true}]}}

<div class="fusion-fullwidth fullwidth-box fusion-builder-row-1 nonhundred-percent-fullwidth non-hundred-percent-height-scrolling" style="--awb-background-position:left top;--awb-border-sizes-top:0px;--awb-border-sizes-bottom:0px;--awb-border-sizes-left:0px;--awb-border-sizes-right:0px;--awb-border-radius-top-left:0px;--awb-border-radius-top-right:0px;--awb-border-radius-bottom-right:0px;--awb-border-radius-bottom-left:0px;--awb-padding-top:20px;--awb-padding-bottom:20px;--awb-flex-wrap:wrap;" ><div class="fusion-builder-row fusion-row"><div class="fusion-layout-column fusion_builder_column fusion-builder-column-0 fusion_builder_column_1_2 1_2 fusion-one-half fusion-column-first" style="--awb-bg-size:cover;width:48%; margin-right: 4%;"><div class="fusion-column-wrapper fusion-flex-column-wrapper-legacy"><div class="fusion-text fusion-text-1"><p>Ce jeudi 26 janvier, Solidaris lance une grande campagne sur le juste prix des médicaments. Une étude démontre en effet qu’un milliard d’€ pourrait être réinvesti dans la sécurité sociale chaque année en luttant contre le surprofit de l’industrie pharmaceutique. Au bénéfice de la Sécurité sociale et donc de la santé de tou.te.s…</p>
<p>L’assurance maladie dépense plus de 5,4 milliards d’euros par an pour les médicaments en Belgique. Ce sont, en particulier, les nouveaux médicaments qui sont chers, avec des traitements contre le cancer à plusieurs dizaines de milliers d’euros et des traitements pour les maladies rares à plusieurs centaines de milliers d’euros par an. Et ces prix ne font qu’augmenter ! Non pas parce que les coûts augmentent, mais parce que les firmes pharmaceutiques en demandent toujours plus et que l’Etat n’est pas en mesure de bien négocier.</p>
<p>En réaction à cette opacité sur les prix réellement payés et à cette inflation non justifiée, Solidaris a calculé, à travers la réalisation d’une étude, l’économie qui pourrait être réalisée si <strong>des prix justes et transparents pour les médicaments</strong> étaient appliqués. Ces calculs ont été faits grâce à un <strong>calculateur de prix</strong> juste développé en collaboration avec l’Association Internationale de la Mutualité (AIM), sur base d’un modèle objectif intégrant les coûts des fabricants ainsi que des marges raisonnables, et soutenant l’innovation.</p>
<p>Ce modèle a été appliqué à 7 médicaments récents qui concernent les domaines en forte croissance. Et le résultat est sans appel :<strong> nous payons entre 5 et 18 fois le prix juste pour les médicaments contre le cancer et les médicaments orphelins</strong> et jusqu’à 3 fois le prix pour les traitements plus répandus.  <strong>Avec un prix juste, la Belgique paierait 4 fois moins pour tous </strong><strong>les médicaments innovants. 1 milliard d’euros, soit 20% des dépenses pour les médicaments, pourrait être économisé chaque année !</strong></p>
<p>La Belgique ne peut pas appliquer seule des prix transparents et aussi bas, c’est pourquoi Solidaris demande à ce que notre pays profite de la <strong>présidence de l’Union Européenne pour lancer le </strong><strong>débat sur l’implémentation d’un modèle de prix européen juste (« fair price »). En attendant, la Mutualité recommande d’utiliser le « prix juste » comme un élément de négociation pour le prix des nouveaux médicaments en Belgique</strong>, en complément à celui demandé par la firme pour apporter une transparence indispensable à la fixation de prix corrects.</p>
<p>Pour intégrer ce modèle dans la loi, Solidaris lance une grande pétition citoyenne qui sera déposée au Parlement fédéral dans l’objectif d’ouvrir le débat sur le « prix juste des médicaments » et le surprofit qu’engrange les firmes pharmaceutiques. Par ailleurs, un film documentaire, réalisé en collaboration avec Tout Va Bien, web média indépendant, explique et décode les enjeux liés au juste prix des médicaments.</p>
<p>Pour le Secrétaire général de Solidaris, Jean-Pascal Labille : « Cette campagne médicament est une nécessité. Le surprofit des firmes pharmaceutiques atteint des records. Au vu du contexte social et économique, il est indispensable d’aller chercher les moyens là où ils sont. Si l’on en arrive à bloquer des salaires, je ne vois pas pourquoi nous ne pourrions pas commencer par bloquer des surprofits ! ».</p>
<p>Pour découvrir cette nouvelle campagne rendez-vous sur le site <a href="http://www.lejusteprixdesmedicaments.be" target="_blank" rel="noopener">www.lejusteprixdesmedicaments.be</a></p>
<p>Lien vers l’étude : <a href="https://www.institut-solidaris.be/wp-content/uploads/2023/01/Etude-Solidaris_Fair-price_2022.pdf" target="_blank" rel="noopener">Quel serait l’impact d’un prix juste pour les médicaments en Belgique ?</a></p>
</div><div class="fusion-clearfix"></div></div></div><div class="fusion-layout-column fusion_builder_column fusion-builder-column-1 fusion_builder_column_1_2 1_2 fusion-one-half fusion-column-last" style="--awb-bg-image:url(&#039;https://www.institut-solidaris.be/wp-content/uploads/2023/01/Institut_Medicaments_600x350.jpg&#039;);--awb-bg-size:cover;width:48%;"><div class="fusion-column-wrapper fusion-column-has-shadow fusion-flex-column-wrapper-legacy fusion-empty-column-bg-image fusion-column-has-bg-image" data-bg-url="https://www.institut-solidaris.be/wp-content/uploads/2023/01/Institut_Medicaments_600x350.jpg"><img decoding="async" class="fusion-empty-dims-img-placeholder" aria-label="Institut_Medicaments_600x350" src="data:image/svg+xml,%3Csvg%20xmlns%3D%27http%3A%2F%2Fwww.w3.org%2F2000%2Fsvg%27%20width%3D%27600%27%20height%3D%27350%27%20viewBox%3D%270%200%20600%20350%27%3E%3Crect%20width%3D%27600%27%20height%3D%27350%27%20fill-opacity%3D%220%22%2F%3E%3C%2Fsvg%3E"><div class="fusion-clearfix"></div></div></div></div></div>
