{"id":2511,"date":"2022-05-04T08:43:51","date_gmt":"2022-05-04T07:43:51","guid":{"rendered":"https:\/\/www.institut-solidaris.be\/?page_id=2511"},"modified":"2022-05-05T09:35:04","modified_gmt":"2022-05-05T08:35:04","slug":"barometre-couts-hospitaliers-2016","status":"publish","type":"page","link":"https:\/\/www.institut-solidaris.be\/index.php\/etudes\/hopitaux\/barometre-couts-hospitaliers-2016\/","title":{"rendered":"Barom\u00e8tre co\u00fbts hospitaliers 2016"},"content":{"rendered":"<div class=\"fusion-fullwidth fullwidth-box fusion-builder-row-1 nonhundred-percent-fullwidth non-hundred-percent-height-scrolling\" style=\"--awb-background-position:left top;--awb-border-radius-top-left:0px;--awb-border-radius-top-right:0px;--awb-border-radius-bottom-right:0px;--awb-border-radius-bottom-left:0px;--awb-padding-top:20px;--awb-padding-bottom:20px;--awb-border-sizes-top:0px;--awb-border-sizes-bottom:0px;--awb-flex-wrap:wrap;\" ><div class=\"fusion-builder-row fusion-row\"><div class=\"fusion-layout-column fusion_builder_column fusion-builder-column-0 fusion_builder_column_1_2 1_2 fusion-one-half fusion-column-first\" style=\"--awb-bg-size:cover;width:48%; margin-right: 4%;\"><div class=\"fusion-column-wrapper fusion-flex-column-wrapper-legacy\"><div class=\"fusion-text fusion-text-1\"><\/div><div class=\"fusion-text fusion-text-2\"><p>Solidaris a actualis\u00e9 son barom\u00e8tre des co\u00fbts hospitaliers. Il en ressort que les suppl\u00e9ments d\u2019honoraires factur\u00e9s au patient restent le principal moteur de l\u2019augmentation du co\u00fbt du s\u00e9jour \u00e0 l\u2019h\u00f4pital. Les affili\u00e9s de Solidaris hospitalis\u00e9s en 2016 dans une chambre particuli\u00e8re ont pay\u00e9 100 millions \u20ac en suppl\u00e9ments d\u2019honoraires, soit 20 millions \u20ac de plus qu\u2019en 2012. Le pourcentage moyen de suppl\u00e9ments d\u2019honoraires factur\u00e9s lors d\u2019un s\u00e9jour en chambre particuli\u00e8re a progress\u00e9 de 132% en 2012 \u00e0 147% en 2016.<\/p>\n<p><a href=\"https:\/\/www.institut-solidaris.be\/wp-content\/uploads\/2022\/05\/Solidaris_Barometre_hospitalier_2016.pdf\">Lien vers Barom\u00e8tre co\u00fbts hospitaliers 2016<\/a><\/p>\n<\/div><div class=\"fusion-clearfix\"><\/div><\/div><\/div><div class=\"fusion-layout-column fusion_builder_column fusion-builder-column-1 fusion_builder_column_1_2 1_2 fusion-one-half fusion-column-last\" style=\"--awb-bg-size:cover;width:48%;\"><div class=\"fusion-column-wrapper fusion-flex-column-wrapper-legacy\"><div class=\"fusion-clearfix\"><\/div><\/div><\/div><\/div><\/div>\n","protected":false},"excerpt":{"rendered":"","protected":false},"author":9,"featured_media":0,"parent":2239,"menu_order":3,"comment_status":"closed","ping_status":"closed","template":"","meta":{"footnotes":""},"class_list":["post-2511","page","type-page","status-publish","hentry"],"_links":{"self":[{"href":"https:\/\/www.institut-solidaris.be\/index.php\/wp-json\/wp\/v2\/pages\/2511","targetHints":{"allow":["GET"]}}],"collection":[{"href":"https:\/\/www.institut-solidaris.be\/index.php\/wp-json\/wp\/v2\/pages"}],"about":[{"href":"https:\/\/www.institut-solidaris.be\/index.php\/wp-json\/wp\/v2\/types\/page"}],"author":[{"embeddable":true,"href":"https:\/\/www.institut-solidaris.be\/index.php\/wp-json\/wp\/v2\/users\/9"}],"replies":[{"embeddable":true,"href":"https:\/\/www.institut-solidaris.be\/index.php\/wp-json\/wp\/v2\/comments?post=2511"}],"version-history":[{"count":1,"href":"https:\/\/www.institut-solidaris.be\/index.php\/wp-json\/wp\/v2\/pages\/2511\/revisions"}],"predecessor-version":[{"id":2513,"href":"https:\/\/www.institut-solidaris.be\/index.php\/wp-json\/wp\/v2\/pages\/2511\/revisions\/2513"}],"up":[{"embeddable":true,"href":"https:\/\/www.institut-solidaris.be\/index.php\/wp-json\/wp\/v2\/pages\/2239"}],"wp:attachment":[{"href":"https:\/\/www.institut-solidaris.be\/index.php\/wp-json\/wp\/v2\/media?parent=2511"}],"curies":[{"name":"wp","href":"https:\/\/api.w.org\/{rel}","templated":true}]}}