{"id":2479,"date":"2022-05-02T13:07:00","date_gmt":"2022-05-02T12:07:00","guid":{"rendered":"https:\/\/www.institut-solidaris.be\/?page_id=2479"},"modified":"2022-05-05T10:38:53","modified_gmt":"2022-05-05T09:38:53","slug":"des-campagnes-dinformation-sur-les-antibiotiques-quels-effets-sur-la-prescription","status":"publish","type":"page","link":"https:\/\/www.institut-solidaris.be\/index.php\/etudes\/medicaments\/des-campagnes-dinformation-sur-les-antibiotiques-quels-effets-sur-la-prescription\/","title":{"rendered":"Des campagnes d&rsquo;information sur les antibiotiques"},"content":{"rendered":"<div class=\"fusion-fullwidth fullwidth-box fusion-builder-row-1 nonhundred-percent-fullwidth non-hundred-percent-height-scrolling\" style=\"--awb-background-position:left top;--awb-border-radius-top-left:0px;--awb-border-radius-top-right:0px;--awb-border-radius-bottom-right:0px;--awb-border-radius-bottom-left:0px;--awb-padding-top:20px;--awb-padding-bottom:20px;--awb-border-sizes-top:0px;--awb-border-sizes-bottom:0px;--awb-flex-wrap:wrap;\" ><div class=\"fusion-builder-row fusion-row\"><div class=\"fusion-layout-column fusion_builder_column fusion-builder-column-0 fusion_builder_column_1_2 1_2 fusion-one-half fusion-column-first\" style=\"--awb-bg-size:cover;width:48%; margin-right: 4%;\"><div class=\"fusion-column-wrapper fusion-flex-column-wrapper-legacy\"><div class=\"fusion-text fusion-text-1\"><\/div><div class=\"fusion-text fusion-text-2\"><p>Avec une consommation ambulatoire de 29,0 DDD\/1000 affili\u00e9s\/jour, la Belgique occupe, en 2014, apr\u00e8s la Gr\u00e8ce, la Roumanie et la France une place au pied du podium des pays europ\u00e9ens consommant le plus d\u2019antibiotiques loin au-dessus de la moyenne europ\u00e9enne de 21,6 DDD\/1000 affili\u00e9s\/jour. Si le pourcentage de personnes se voyant prescrire un antibiotique entre 2004 et 2014 est rest\u00e9 stable \u2013 aux alentours de 41% &#8211; le nombre de DDD\/1000 affili\u00e9s\/jour a augment\u00e9 de 25,1 % \u00e0 29%, soit une progression de 15% qui s\u2019explique principalement par l\u2019augmentation de la taille des conditionnements et de doses plus \u00e9lev\u00e9es en substance active. Mais l\u2019analyse d\u00e9taill\u00e9e de l\u2019\u00e9volution de la prescription montre des signes positifs. Ainsi, \u00be des classes d\u2019antibiotiques de seconde ligne enregistrent une diminution. De m\u00eame, le ratio amoxicilline \/ amoxicilline + acide clavulanique passe de 0,36 en 2004 \u00e0 0,46 en 2014. Cette \u00e9volution refl\u00e8te une am\u00e9lioration de la qualit\u00e9 de la prescription m\u00eame si ce ratio reste encore tr\u00e8s \u00e9loign\u00e9 de l\u2019objectif de 0,8 fix\u00e9 par la BAPCOC<br \/>\npour l\u2019horizon 2018.<\/p>\n<p>Par ailleurs, le suivi de la pratique de prescription d\u2019une cohorte de 2.069 m\u00e9decins montre aussi que de la proportion de la patient\u00e8le sous antibiotiques a diminu\u00e9 pour plus de \u00be des m\u00e9decins g\u00e9n\u00e9ralistes de la cohorte entre 2004 et 2014, en particulier chez les m\u00e9decins qui pr\u00e9sentaient un pourcentage \u00e9lev\u00e9 de patients sous antibiotiques en 2004. Ces \u00e9volutions restent n\u00e9anmoins timides : nous utilisons les antibiotiques encore trop fr\u00e9quemment et incorrectement en Belgique. Diminuer le remboursement des antibiotiques comme vient de le d\u00e9cider le Gouvernement va doubler la facture des patients b\u00e9n\u00e9ficiaires ordinaires et tripler celles des b\u00e9n\u00e9ficiaires de l\u2019intervention major\u00e9e, et cela sans rien changer \u00e0 la prescription. Or, nous avons calcul\u00e9 que si les recommandations de la BAPCOC \u00e9taient suivies par les m\u00e9decins prescripteurs, soit une limitation \u00e0 400 prescriptions\/1000 affili\u00e9s\/an, l\u2019\u00e9conomie pour l\u2019INAMI serait de 54,7 millions \u20ac et<br \/>\nde 13,3 millions \u20ac pour les patients.<\/p>\n<p><strong><span style=\"color: #ff0000;\"><a style=\"color: #ff0000;\" href=\"https:\/\/www.institut-solidaris.be\/wp-content\/uploads\/2022\/05\/StatInfo6-Solidaris_Antibiotiques.pdf\">Lien vers StatInfo6-Solidaris_Antibiotiques<\/a><\/span><\/strong><\/p>\n<\/div><div class=\"fusion-clearfix\"><\/div><\/div><\/div><div class=\"fusion-layout-column fusion_builder_column fusion-builder-column-1 fusion_builder_column_1_2 1_2 fusion-one-half fusion-column-last\" style=\"--awb-bg-size:cover;width:48%;\"><div class=\"fusion-column-wrapper fusion-flex-column-wrapper-legacy\"><div class=\"fusion-clearfix\"><\/div><\/div><\/div><\/div><\/div>\n","protected":false},"excerpt":{"rendered":"","protected":false},"author":9,"featured_media":2632,"parent":2247,"menu_order":1,"comment_status":"closed","ping_status":"closed","template":"","meta":{"footnotes":""},"class_list":["post-2479","page","type-page","status-publish","has-post-thumbnail","hentry"],"_links":{"self":[{"href":"https:\/\/www.institut-solidaris.be\/index.php\/wp-json\/wp\/v2\/pages\/2479","targetHints":{"allow":["GET"]}}],"collection":[{"href":"https:\/\/www.institut-solidaris.be\/index.php\/wp-json\/wp\/v2\/pages"}],"about":[{"href":"https:\/\/www.institut-solidaris.be\/index.php\/wp-json\/wp\/v2\/types\/page"}],"author":[{"embeddable":true,"href":"https:\/\/www.institut-solidaris.be\/index.php\/wp-json\/wp\/v2\/users\/9"}],"replies":[{"embeddable":true,"href":"https:\/\/www.institut-solidaris.be\/index.php\/wp-json\/wp\/v2\/comments?post=2479"}],"version-history":[{"count":2,"href":"https:\/\/www.institut-solidaris.be\/index.php\/wp-json\/wp\/v2\/pages\/2479\/revisions"}],"predecessor-version":[{"id":2633,"href":"https:\/\/www.institut-solidaris.be\/index.php\/wp-json\/wp\/v2\/pages\/2479\/revisions\/2633"}],"up":[{"embeddable":true,"href":"https:\/\/www.institut-solidaris.be\/index.php\/wp-json\/wp\/v2\/pages\/2247"}],"wp:featuredmedia":[{"embeddable":true,"href":"https:\/\/www.institut-solidaris.be\/index.php\/wp-json\/wp\/v2\/media\/2632"}],"wp:attachment":[{"href":"https:\/\/www.institut-solidaris.be\/index.php\/wp-json\/wp\/v2\/media?parent=2479"}],"curies":[{"name":"wp","href":"https:\/\/api.w.org\/{rel}","templated":true}]}}

<div class="fusion-fullwidth fullwidth-box fusion-builder-row-1 nonhundred-percent-fullwidth non-hundred-percent-height-scrolling" style="--awb-background-position:left top;--awb-border-radius-top-left:0px;--awb-border-radius-top-right:0px;--awb-border-radius-bottom-right:0px;--awb-border-radius-bottom-left:0px;--awb-padding-top:20px;--awb-padding-bottom:20px;--awb-border-sizes-top:0px;--awb-border-sizes-bottom:0px;--awb-flex-wrap:wrap;" ><div class="fusion-builder-row fusion-row"><div class="fusion-layout-column fusion_builder_column fusion-builder-column-0 fusion_builder_column_1_2 1_2 fusion-one-half fusion-column-first" style="--awb-bg-size:cover;width:48%; margin-right: 4%;"><div class="fusion-column-wrapper fusion-flex-column-wrapper-legacy"><div class="fusion-text fusion-text-1"></div><div class="fusion-text fusion-text-2"><p>Avec une consommation ambulatoire de 29,0 DDD/1000 affiliés/jour, la Belgique occupe, en 2014, après la Grèce, la Roumanie et la France une place au pied du podium des pays européens consommant le plus d’antibiotiques loin au-dessus de la moyenne européenne de 21,6 DDD/1000 affiliés/jour. Si le pourcentage de personnes se voyant prescrire un antibiotique entre 2004 et 2014 est resté stable – aux alentours de 41% &#8211; le nombre de DDD/1000 affiliés/jour a augmenté de 25,1 % à 29%, soit une progression de 15% qui s’explique principalement par l’augmentation de la taille des conditionnements et de doses plus élevées en substance active. Mais l’analyse détaillée de l’évolution de la prescription montre des signes positifs. Ainsi, ¾ des classes d’antibiotiques de seconde ligne enregistrent une diminution. De même, le ratio amoxicilline / amoxicilline + acide clavulanique passe de 0,36 en 2004 à 0,46 en 2014. Cette évolution reflète une amélioration de la qualité de la prescription même si ce ratio reste encore très éloigné de l’objectif de 0,8 fixé par la BAPCOC<br />
pour l’horizon 2018.</p>
<p>Par ailleurs, le suivi de la pratique de prescription d’une cohorte de 2.069 médecins montre aussi que de la proportion de la patientèle sous antibiotiques a diminué pour plus de ¾ des médecins généralistes de la cohorte entre 2004 et 2014, en particulier chez les médecins qui présentaient un pourcentage élevé de patients sous antibiotiques en 2004. Ces évolutions restent néanmoins timides : nous utilisons les antibiotiques encore trop fréquemment et incorrectement en Belgique. Diminuer le remboursement des antibiotiques comme vient de le décider le Gouvernement va doubler la facture des patients bénéficiaires ordinaires et tripler celles des bénéficiaires de l’intervention majorée, et cela sans rien changer à la prescription. Or, nous avons calculé que si les recommandations de la BAPCOC étaient suivies par les médecins prescripteurs, soit une limitation à 400 prescriptions/1000 affiliés/an, l’économie pour l’INAMI serait de 54,7 millions € et<br />
de 13,3 millions € pour les patients.</p>
<p><strong><span style="color: #ff0000;"><a style="color: #ff0000;" href="https://www.institut-solidaris.be/wp-content/uploads/2022/05/StatInfo6-Solidaris_Antibiotiques.pdf">Lien vers StatInfo6-Solidaris_Antibiotiques</a></span></strong></p>
</div><div class="fusion-clearfix"></div></div></div><div class="fusion-layout-column fusion_builder_column fusion-builder-column-1 fusion_builder_column_1_2 1_2 fusion-one-half fusion-column-last" style="--awb-bg-size:cover;width:48%;"><div class="fusion-column-wrapper fusion-flex-column-wrapper-legacy"><div class="fusion-clearfix"></div></div></div></div></div>
