{"id":2363,"date":"2022-04-25T10:13:23","date_gmt":"2022-04-25T09:13:23","guid":{"rendered":"https:\/\/www.institut-solidaris.be\/?page_id=2363"},"modified":"2022-05-02T13:20:55","modified_gmt":"2022-05-02T12:20:55","slug":"trajet-de-soin-buccaux-dentaires-quel-impact-sur-le-recours-aux-soins-preventifs","status":"publish","type":"page","link":"https:\/\/www.institut-solidaris.be\/index.php\/etudes\/politique-publique\/trajet-de-soin-buccaux-dentaires-quel-impact-sur-le-recours-aux-soins-preventifs\/","title":{"rendered":"La responsabilisation financi\u00e8re du patient : solution ou punition ?"},"content":{"rendered":"<div class=\"fusion-fullwidth fullwidth-box fusion-builder-row-1 nonhundred-percent-fullwidth non-hundred-percent-height-scrolling\" style=\"--awb-background-position:left top;--awb-border-radius-top-left:0px;--awb-border-radius-top-right:0px;--awb-border-radius-bottom-right:0px;--awb-border-radius-bottom-left:0px;--awb-padding-top:20px;--awb-padding-bottom:20px;--awb-border-sizes-top:0px;--awb-border-sizes-bottom:0px;--awb-flex-wrap:wrap;\" ><div class=\"fusion-builder-row fusion-row\"><div class=\"fusion-layout-column fusion_builder_column fusion-builder-column-0 fusion_builder_column_1_2 1_2 fusion-one-half fusion-column-first\" style=\"--awb-bg-size:cover;width:48%; margin-right: 4%;\"><div class=\"fusion-column-wrapper fusion-flex-column-wrapper-legacy\"><div class=\"fusion-text fusion-text-1\"><\/div><div class=\"fusion-text fusion-text-2\"><p>Depuis l\u2019entr\u00e9e en vigueur du \u201ctrajet de soins buccaux\u201d (TSB) en 2016, les personnes \u00e2g\u00e9es de 18 ans au moins qui ne<br \/>\nvont pas r\u00e9guli\u00e8rement chez le dentiste sont responsabilis\u00e9es financi\u00e8rement : elles doivent payer plus pour certains soins<br \/>\ndentaires (dans la plupart des cas, le ticket mod\u00e9rateur est doubl\u00e9).<\/p>\n<p>Une premi\u00e8re analyse mesurant l\u2019impact du TSB sur le recours aux soins pr\u00e9ventifs, sur base de nos donn\u00e9es entre 2013 et<br \/>\n2016, dressait un bilan mitig\u00e9 : si une partie plus importante de la population consultait pr\u00e9ventivement le dentiste, l\u2019impact sur<br \/>\nles populations y recourant moins restait limit\u00e9. Ce Stat Info Solidaris vise \u00e0 approfondir l\u2019analyse sur base des<br \/>\ndonn\u00e9es de 2017 et \u00e9valuer l\u2019impact de la responsabilisation financi\u00e8re du patient en mati\u00e8re de pr\u00e9vention. Nous analysons<br \/>\nainsi le suivi du TSB et l\u2019impact financier pour les b\u00e9n\u00e9ficiaires ordinaires (BO) qui n\u2019ont pas suivi de TSB.<\/p>\n<p>En 2017, sur un total de 2.787.893 prestations concern\u00e9es par le TSB, 29% sont hors trajet de soins (hors TSB). Autrement<br \/>\ndit, dans 3 cas sur 10, le patient n\u2019a pas consult\u00e9 le dentiste l\u2019ann\u00e9e pr\u00e9c\u00e9dente. La majorit\u00e9 du temps (dans 72% des cas),<br \/>\nil va chez le dentiste pour effectuer des soins conservateurs. L\u2019impact financier du non suivi du TSB peut \u00eatre important. Un<br \/>\npatient BO paie, en moyenne, un surco\u00fbt de 27\u20ac quand il n\u2019a pas \u00e9t\u00e9 chez le dentiste l\u2019ann\u00e9e pr\u00e9c\u00e9dente. Ce surco\u00fbt monte<br \/>\n\u00e0 plus de 35\u20ac pour un patient sur 4 et peut m\u00eame aller jusqu\u2019\u00e0 plus de 83\u20ac pour 5% d\u2019entre eux. Au total, si on extrapole nos<br \/>\nchiffres au niveau national, l\u2019impact financier du trajet de soins buccaux s\u2019\u00e9l\u00e8ve \u00e0 18 millions d\u2019euros pour les patients en 2017.<br \/>\nLes personnes hors TSB pr\u00e9sentent un profil particulier : il s\u2019agit davantage de jeunes de moins de 30 ans et de personnes \u00e2g\u00e9es de 90 ans et plus, de r\u00e9sidents bruxellois et wallons ou encore de patients ne disposant pas de dossier m\u00e9dical global (DMG).<\/p>\n<p>Notre analyse par quartier montre \u00e9galement un clivage social important en mati\u00e8re de recours aux soins dentaires. Le non suivi du TSB touche plus les personnes situ\u00e9es en bas de l\u2019\u00e9chelle sociale : 39% d\u2019entre elles n\u2019ont pas \u00e9t\u00e9 chez le dentiste l\u2019ann\u00e9e pr\u00e9c\u00e9dente contre 25% parmi les personnes en haut de l\u2019\u00e9chelle sociale. Par cons\u00e9quent, la mesure consistant \u00e0 responsabiliser le patient au niveau de son comportement pr\u00e9ventif p\u00e9nalise d\u2019autant plus les personnes d\u00e9j\u00e0 affaiblies sur le plan socio-\u00e9conomique.<\/p>\n<p><strong><a href=\"https:\/\/www.institut-solidaris.be\/wp-content\/uploads\/2022\/04\/StatInfoSolidaris_Trajet-soins-buccaux_Novembre-2018.pdf\">Lien vers l&rsquo;\u00e9tude : Trajet de soins buccaux dentaires<\/a><\/strong><\/p>\n<\/div><div class=\"fusion-clearfix\"><\/div><\/div><\/div><div class=\"fusion-layout-column fusion_builder_column fusion-builder-column-1 fusion_builder_column_1_2 1_2 fusion-one-half fusion-column-last\" style=\"--awb-bg-size:cover;width:48%;\"><div class=\"fusion-column-wrapper fusion-flex-column-wrapper-legacy\"><div class=\"fusion-clearfix\"><\/div><\/div><\/div><\/div><\/div>\n","protected":false},"excerpt":{"rendered":"","protected":false},"author":9,"featured_media":0,"parent":2249,"menu_order":1,"comment_status":"closed","ping_status":"closed","template":"","meta":{"footnotes":""},"class_list":["post-2363","page","type-page","status-publish","hentry"],"_links":{"self":[{"href":"https:\/\/www.institut-solidaris.be\/index.php\/wp-json\/wp\/v2\/pages\/2363","targetHints":{"allow":["GET"]}}],"collection":[{"href":"https:\/\/www.institut-solidaris.be\/index.php\/wp-json\/wp\/v2\/pages"}],"about":[{"href":"https:\/\/www.institut-solidaris.be\/index.php\/wp-json\/wp\/v2\/types\/page"}],"author":[{"embeddable":true,"href":"https:\/\/www.institut-solidaris.be\/index.php\/wp-json\/wp\/v2\/users\/9"}],"replies":[{"embeddable":true,"href":"https:\/\/www.institut-solidaris.be\/index.php\/wp-json\/wp\/v2\/comments?post=2363"}],"version-history":[{"count":5,"href":"https:\/\/www.institut-solidaris.be\/index.php\/wp-json\/wp\/v2\/pages\/2363\/revisions"}],"predecessor-version":[{"id":2492,"href":"https:\/\/www.institut-solidaris.be\/index.php\/wp-json\/wp\/v2\/pages\/2363\/revisions\/2492"}],"up":[{"embeddable":true,"href":"https:\/\/www.institut-solidaris.be\/index.php\/wp-json\/wp\/v2\/pages\/2249"}],"wp:attachment":[{"href":"https:\/\/www.institut-solidaris.be\/index.php\/wp-json\/wp\/v2\/media?parent=2363"}],"curies":[{"name":"wp","href":"https:\/\/api.w.org\/{rel}","templated":true}]}}