{"id":2241,"date":"2022-03-21T13:25:59","date_gmt":"2022-03-21T12:25:59","guid":{"rendered":"https:\/\/www.institut-solidaris.be\/?page_id=2241"},"modified":"2022-10-26T14:05:41","modified_gmt":"2022-10-26T13:05:41","slug":"inegalites-sociales","status":"publish","type":"page","link":"https:\/\/www.institut-solidaris.be\/index.php\/etudes\/inegalites-sociales\/","title":{"rendered":"In\u00e9galit\u00e9s sociales"},"content":{"rendered":"<div class=\"fusion-fullwidth fullwidth-box fusion-builder-row-1 nonhundred-percent-fullwidth non-hundred-percent-height-scrolling\" style=\"--awb-border-radius-top-left:0px;--awb-border-radius-top-right:0px;--awb-border-radius-bottom-right:0px;--awb-border-radius-bottom-left:0px;--awb-flex-wrap:wrap;\" ><div class=\"fusion-builder-row fusion-row\"><div class=\"fusion-layout-column fusion_builder_column fusion-builder-column-0 fusion_builder_column_1_1 1_1 fusion-one-full fusion-column-first fusion-column-last\" style=\"--awb-bg-size:cover;--awb-margin-top:50px;--awb-margin-bottom:50px;\"><div class=\"fusion-column-wrapper fusion-column-has-shadow fusion-flex-column-wrapper-legacy\"><div class=\"fusion-text fusion-text-1\"><p><code>\n<!-- Page-list plugin v.5.9 wordpress.org\/plugins\/page-list\/ -->\n<ul class=\"page-list liste-etudes\">\n<li class=\"page_item page-item-2992\"><a href=\"https:\/\/www.institut-solidaris.be\/index.php\/etudes\/inegalites-sociales\/relevement-age-pension\/\">In\u00e9galit\u00e9s sociales de sant\u00e9 et rel\u00e8vement de l\u2019\u00e2ge de la pension<\/a><\/li>\n<li class=\"page_item page-item-2722\"><a href=\"https:\/\/www.institut-solidaris.be\/index.php\/etudes\/inegalites-sociales\/les-inegalites-sociales-aggravees\/\">Accessibilit\u00e9s aux soins dentaires et in\u00e9galit\u00e9s sociales<\/a><\/li>\n<li class=\"page_item page-item-2405\"><a href=\"https:\/\/www.institut-solidaris.be\/index.php\/etudes\/inegalites-sociales\/les-inegalites-sociales-nuisent-gravement-a-la-sante\/\">Les in\u00e9galit\u00e9s sociales nuisent gravement \u00e0 la sant\u00e9<\/a><\/li>\n<li class=\"page_item page-item-2502\"><a href=\"https:\/\/www.institut-solidaris.be\/index.php\/etudes\/inegalites-sociales\/les-inegalites-sociales-dans-le-domaine-de-la-sante\/\">Les in\u00e9galit\u00e9s sociales dans le domaine de la sant\u00e9<\/a><\/li>\n\n<\/ul><\/code><\/p>\n<\/div><div class=\"fusion-clearfix\"><\/div><\/div><\/div><\/div><\/div>\n\n","protected":false},"excerpt":{"rendered":"","protected":false},"author":1,"featured_media":0,"parent":2228,"menu_order":0,"comment_status":"closed","ping_status":"closed","template":"","meta":{"footnotes":""},"class_list":["post-2241","page","type-page","status-publish","hentry"],"_links":{"self":[{"href":"https:\/\/www.institut-solidaris.be\/index.php\/wp-json\/wp\/v2\/pages\/2241","targetHints":{"allow":["GET"]}}],"collection":[{"href":"https:\/\/www.institut-solidaris.be\/index.php\/wp-json\/wp\/v2\/pages"}],"about":[{"href":"https:\/\/www.institut-solidaris.be\/index.php\/wp-json\/wp\/v2\/types\/page"}],"author":[{"embeddable":true,"href":"https:\/\/www.institut-solidaris.be\/index.php\/wp-json\/wp\/v2\/users\/1"}],"replies":[{"embeddable":true,"href":"https:\/\/www.institut-solidaris.be\/index.php\/wp-json\/wp\/v2\/comments?post=2241"}],"version-history":[{"count":2,"href":"https:\/\/www.institut-solidaris.be\/index.php\/wp-json\/wp\/v2\/pages\/2241\/revisions"}],"predecessor-version":[{"id":2325,"href":"https:\/\/www.institut-solidaris.be\/index.php\/wp-json\/wp\/v2\/pages\/2241\/revisions\/2325"}],"up":[{"embeddable":true,"href":"https:\/\/www.institut-solidaris.be\/index.php\/wp-json\/wp\/v2\/pages\/2228"}],"wp:attachment":[{"href":"https:\/\/www.institut-solidaris.be\/index.php\/wp-json\/wp\/v2\/media?parent=2241"}],"curies":[{"name":"wp","href":"https:\/\/api.w.org\/{rel}","templated":true}]}}