{"id":1994,"date":"2020-11-15T11:35:41","date_gmt":"2020-11-15T10:35:41","guid":{"rendered":"https:\/\/www.institut-solidaris.be\/?page_id=1994"},"modified":"2020-11-16T16:42:14","modified_gmt":"2020-11-16T15:42:14","slug":"reportdesoinsdesante-2020","status":"publish","type":"page","link":"https:\/\/www.institut-solidaris.be\/index.php\/reportdesoinsdesante-2020\/","title":{"rendered":"Enqu\u00eate Solidaris sur le report des soins de sant\u00e9 &#8211; Edition 2020"},"content":{"rendered":"<div class=\"fusion-fullwidth fullwidth-box fusion-builder-row-1 nonhundred-percent-fullwidth non-hundred-percent-height-scrolling\" style=\"--awb-background-position:left top;--awb-border-radius-top-left:0px;--awb-border-radius-top-right:0px;--awb-border-radius-bottom-right:0px;--awb-border-radius-bottom-left:0px;--awb-padding-top:20px;--awb-padding-bottom:20px;--awb-border-sizes-top:0px;--awb-border-sizes-bottom:0px;--awb-flex-wrap:wrap;\" ><div class=\"fusion-builder-row fusion-row\"><div class=\"fusion-layout-column fusion_builder_column fusion-builder-column-0 fusion_builder_column_1_2 1_2 fusion-one-half fusion-column-first\" style=\"--awb-bg-size:cover;width:48%; margin-right: 4%;\"><div class=\"fusion-column-wrapper fusion-flex-column-wrapper-legacy\"><div class=\"fusion-text fusion-text-1\"><h2><strong>Les in\u00e9galit\u00e9s progressent quand l\u2019accessibilit\u00e9 financi\u00e8re recule !<\/strong><\/h2>\n<p><strong>Chaque ann\u00e9e depuis 2015, Solidaris interroge en septembre plus de 1000 belges francophones\u00a0 sur le report de soins (dentaires, ophtalmo, de sant\u00e9 mentale, consultations g\u00e9n\u00e9ralistes et sp\u00e9cialistes, m\u00e9dicaments prescrits) pour raisons financi\u00e8res. Sa derni\u00e8re mesure datant de septembre 2020 est implacable. Les in\u00e9galit\u00e9s dans l\u2019acc\u00e8s aux soins augmentent pour la simple et bonne raison que la sant\u00e9 a un co\u00fbt qui est de plus en plus difficile \u00e0 supporter pour une proportion grandissante de la population belge francophone.<\/strong><\/p>\n<p>L\u2019enqu\u00eate montre en effet les r\u00e9sultats suivants\u00a0:<\/p>\n<ul>\n<li>En Wallonie et \u00e0 Bruxelles, presque <strong>1 personne sur deux<\/strong> qui en avait besoin (46,9%), <strong>a renonc\u00e9 au moins \u00e0 un soin pour des raisons financi\u00e8res<\/strong>;<\/li>\n<li>Si <strong>tous les types de soins sont de plus en plus report\u00e9s<\/strong>, ce sont les reports de consultations en sant\u00e9 mentale et en m\u00e9decine sp\u00e9cialis\u00e9e qui ont le plus augment\u00e9 en 6 ans. Ils passent respectivement de 15,4% \u00e0 26,7% et de 17,7% \u00e0 27,7%\u00a0;<\/li>\n<li><strong>L\u2019in\u00e9galit\u00e9 entre hommes et femmes persiste<\/strong> quant \u00e0 l\u2019acc\u00e8s aux soins de sant\u00e9\u00a0: on d\u00e9passe la moiti\u00e9 des femmes qui renonce \u00e0 au moins un soin (52,6% contre 40,8% pour les hommes concern\u00e9s)\u00a0;<\/li>\n<li><strong>Les familles monoparentales<\/strong>, plus souvent des femmes, sont tr\u00e8s durement touch\u00e9es par le report de soins (60,5% concern\u00e9es par au moins un report)\u00a0;<\/li>\n<li><strong>Les 40-59ans<\/strong> sont les plus nombreux (56,6%) \u00e0 devoir renoncer \u00e0 certains soins. Se soigner ou se priver de soins devient une variable d\u2019ajustement dans le budget des m\u00e9nages\u00a0;<\/li>\n<li>Les in\u00e9galit\u00e9s sociales en mati\u00e8re de report de soins perdurent. Ce sont 6 personnes sur 10 qui en auraient besoin parmi <strong>les groupes sociaux pr\u00e9caires<\/strong> qui sont concern\u00e9es par au moins un report contre 1 une 4 parmi les groupes sociaux ais\u00e9s. A noter aussi que la classe moyenne ne r\u00e9siste plus au manque de moyens pour se soigner\u00a0;<\/li>\n<li>Les situations des gens en <strong>incapacit\u00e9 de travail<\/strong> sont de plus en plus probl\u00e9matiques, dont les \u00be ont renonc\u00e9 \u00e0 au moins un soin pour des raisons financi\u00e8res.<\/li>\n<\/ul>\n<p>Pour Solidaris, et la crise actuelle le rappelle violemment, il est donc <strong>urgent de r\u00e9investir des moyens dans l\u2019assurance maladie obligatoire <\/strong>afin de lever tout obstacle financier aux soins de base pour l\u2019ensemble de la population. Mais il faut aussi renforcer les m\u00e9canismes de protection des populations plus fragiles sur le plan socio-\u00e9conomique et de la sant\u00e9 et lever les freins \u00e0 l\u2019acc\u00e8s aux droits. Enfin, c\u2019est toute la s\u00e9curit\u00e9 sociale qui doit \u00eatre renforc\u00e9e. L\u2019arr\u00eat forc\u00e9 d\u2019une activit\u00e9 suite \u00e0 la maladie ne peut en aucun cas exposer au risque de pauvret\u00e9. Les malades de longue dur\u00e9e doivent ainsi b\u00e9n\u00e9ficier d\u2019un niveau d\u2019indemnisation suffisant pour que la maladie ne d\u00e9bouche pas sur encore plus de pr\u00e9carit\u00e9.<\/p>\n<p>Devant r\u00e9parer les d\u00e9g\u00e2ts caus\u00e9s par son pr\u00e9d\u00e9cesseur, le nouveau gouvernement a choisi heureusement de r\u00e9investir dans la sant\u00e9.\u00a0 Solidaris y voit une source d\u2019espoir, mais entend continuer \u00e0 se montrer vigilant, \u00e0 travers notamment la <strong>p\u00e9tition \u00ab\u00a0Restons solidaires\u00a0\u00bb.<\/strong> Celle-ci porte six revendications\u00a0: le remboursement int\u00e9gral de la visite chez le m\u00e9decin g\u00e9n\u00e9raliste, des m\u00e9dicaments moins chers, une meilleure prise en compte de la sant\u00e9 mentale, une vie plus digne plus nos a\u00een\u00e9s, des indemnit\u00e9s de maladie qui prot\u00e8gent de la pauvret\u00e9 et une revalorisation du personnel soignant.\u00a0\u00a0 Autant de priorit\u00e9s qui contribuent \u00e0 lutter contre les in\u00e9galit\u00e9s sociales de sant\u00e9 et le report de soins. <strong><u><a href=\"https:\/\/restonssolidaires.be\/\">https:\/\/restonssolidaires.be\/<\/a><\/u><\/strong><\/p>\n<p><em>\u00ab Les enjeux en mati\u00e8re de sant\u00e9 et, plus largement, de protection sociale sont aujourd\u2019hui d\u2019une taille telle qu\u2019ils m\u00e9ritent d\u2019\u00eatre centraux tant au niveau belge que sur le plan europ\u00e9en<\/em>\u00a0\u00bb insiste Jean-Pascal Labille, secr\u00e9taire g\u00e9n\u00e9ral de Solidaris. <em>\u00ab\u00a0Il y va de la coh\u00e9sion de notre soci\u00e9t\u00e9\u00a0\u00bb.<\/em><\/p>\n<p><img decoding=\"async\" class=\"size-full wp-image-112 alignleft\" src=\"https:\/\/www.institut-solidaris.be\/wp-content\/uploads\/2015\/12\/icone-pdf.gif\" alt=\"Consulter notre enqu\u00eate\" width=\"32\" height=\"32\" \/><strong><a href=\"https:\/\/www.institut-solidaris.be\/wp-content\/uploads\/2020\/11\/reportsdessoins2020VF.pdf\">T\u00e9l\u00e9charger notre enqu\u00eate<\/a><\/strong><\/p>\n<\/div><div class=\"fusion-clearfix\"><\/div><\/div><\/div><div class=\"fusion-layout-column fusion_builder_column fusion-builder-column-1 fusion_builder_column_1_2 1_2 fusion-one-half fusion-column-last\" style=\"--awb-bg-size:cover;width:48%;\"><div class=\"fusion-column-wrapper fusion-flex-column-wrapper-legacy\"><div class=\"fusion-slider-sc fusion-flexslider-loading flexslider flexslider-hover-type-none\" data-slideshow_autoplay=\"1\" data-slideshow_smooth_height=\"0\" data-slideshow_speed=\"7000\" style=\"max-width:100%;height:100%;\"><ul class=\"slides\"><li class=\"image\"><span class=\"fusion-image-hover-element hover-type-none\"><img decoding=\"async\" src=\"https:\/\/www.institut-solidaris.be\/wp-content\/uploads\/2020\/11\/EnqueteMKTG_ReportSoins_500x200.jpg\" width=\"500\" height=\"200\" class=\"wp-image-1992\" srcset=\"https:\/\/www.institut-solidaris.be\/wp-content\/uploads\/2020\/11\/EnqueteMKTG_ReportSoins_500x200-200x80.jpg 200w, https:\/\/www.institut-solidaris.be\/wp-content\/uploads\/2020\/11\/EnqueteMKTG_ReportSoins_500x200-400x160.jpg 400w, https:\/\/www.institut-solidaris.be\/wp-content\/uploads\/2020\/11\/EnqueteMKTG_ReportSoins_500x200.jpg 500w\" sizes=\"(max-width: 800px) 100vw, 500px\" \/><\/span><\/li><\/ul><\/div><div class=\"fusion-clearfix\"><\/div><\/div><\/div><\/div><\/div>\n","protected":false},"excerpt":{"rendered":"","protected":false},"author":7,"featured_media":0,"parent":0,"menu_order":0,"comment_status":"closed","ping_status":"closed","template":"","meta":{"footnotes":""},"class_list":["post-1994","page","type-page","status-publish","hentry"],"_links":{"self":[{"href":"https:\/\/www.institut-solidaris.be\/index.php\/wp-json\/wp\/v2\/pages\/1994","targetHints":{"allow":["GET"]}}],"collection":[{"href":"https:\/\/www.institut-solidaris.be\/index.php\/wp-json\/wp\/v2\/pages"}],"about":[{"href":"https:\/\/www.institut-solidaris.be\/index.php\/wp-json\/wp\/v2\/types\/page"}],"author":[{"embeddable":true,"href":"https:\/\/www.institut-solidaris.be\/index.php\/wp-json\/wp\/v2\/users\/7"}],"replies":[{"embeddable":true,"href":"https:\/\/www.institut-solidaris.be\/index.php\/wp-json\/wp\/v2\/comments?post=1994"}],"version-history":[{"count":7,"href":"https:\/\/www.institut-solidaris.be\/index.php\/wp-json\/wp\/v2\/pages\/1994\/revisions"}],"predecessor-version":[{"id":2002,"href":"https:\/\/www.institut-solidaris.be\/index.php\/wp-json\/wp\/v2\/pages\/1994\/revisions\/2002"}],"wp:attachment":[{"href":"https:\/\/www.institut-solidaris.be\/index.php\/wp-json\/wp\/v2\/media?parent=1994"}],"curies":[{"name":"wp","href":"https:\/\/api.w.org\/{rel}","templated":true}]}}

Enquête Solidaris sur le report des soins de santé &#8211; Edition 2020

<div class="fusion-fullwidth fullwidth-box fusion-builder-row-1 nonhundred-percent-fullwidth non-hundred-percent-height-scrolling" style="--awb-background-position:left top;--awb-border-radius-top-left:0px;--awb-border-radius-top-right:0px;--awb-border-radius-bottom-right:0px;--awb-border-radius-bottom-left:0px;--awb-padding-top:20px;--awb-padding-bottom:20px;--awb-border-sizes-top:0px;--awb-border-sizes-bottom:0px;--awb-flex-wrap:wrap;" ><div class="fusion-builder-row fusion-row"><div class="fusion-layout-column fusion_builder_column fusion-builder-column-0 fusion_builder_column_1_2 1_2 fusion-one-half fusion-column-first" style="--awb-bg-size:cover;width:48%; margin-right: 4%;"><div class="fusion-column-wrapper fusion-flex-column-wrapper-legacy"><div class="fusion-text fusion-text-1"><h2><strong>Les inégalités progressent quand l’accessibilité financière recule !</strong></h2>
<p><strong>Chaque année depuis 2015, Solidaris interroge en septembre plus de 1000 belges francophones  sur le report de soins (dentaires, ophtalmo, de santé mentale, consultations généralistes et spécialistes, médicaments prescrits) pour raisons financières. Sa dernière mesure datant de septembre 2020 est implacable. Les inégalités dans l’accès aux soins augmentent pour la simple et bonne raison que la santé a un coût qui est de plus en plus difficile à supporter pour une proportion grandissante de la population belge francophone.</strong></p>
<p>L’enquête montre en effet les résultats suivants :</p>
<ul>
<li>En Wallonie et à Bruxelles, presque <strong>1 personne sur deux</strong> qui en avait besoin (46,9%), <strong>a renoncé au moins à un soin pour des raisons financières</strong>;</li>
<li>Si <strong>tous les types de soins sont de plus en plus reportés</strong>, ce sont les reports de consultations en santé mentale et en médecine spécialisée qui ont le plus augmenté en 6 ans. Ils passent respectivement de 15,4% à 26,7% et de 17,7% à 27,7% ;</li>
<li><strong>L’inégalité entre hommes et femmes persiste</strong> quant à l’accès aux soins de santé : on dépasse la moitié des femmes qui renonce à au moins un soin (52,6% contre 40,8% pour les hommes concernés) ;</li>
<li><strong>Les familles monoparentales</strong>, plus souvent des femmes, sont très durement touchées par le report de soins (60,5% concernées par au moins un report) ;</li>
<li><strong>Les 40-59ans</strong> sont les plus nombreux (56,6%) à devoir renoncer à certains soins. Se soigner ou se priver de soins devient une variable d’ajustement dans le budget des ménages ;</li>
<li>Les inégalités sociales en matière de report de soins perdurent. Ce sont 6 personnes sur 10 qui en auraient besoin parmi <strong>les groupes sociaux précaires</strong> qui sont concernées par au moins un report contre 1 une 4 parmi les groupes sociaux aisés. A noter aussi que la classe moyenne ne résiste plus au manque de moyens pour se soigner ;</li>
<li>Les situations des gens en <strong>incapacité de travail</strong> sont de plus en plus problématiques, dont les ¾ ont renoncé à au moins un soin pour des raisons financières.</li>
</ul>
<p>Pour Solidaris, et la crise actuelle le rappelle violemment, il est donc <strong>urgent de réinvestir des moyens dans l’assurance maladie obligatoire </strong>afin de lever tout obstacle financier aux soins de base pour l’ensemble de la population. Mais il faut aussi renforcer les mécanismes de protection des populations plus fragiles sur le plan socio-économique et de la santé et lever les freins à l’accès aux droits. Enfin, c’est toute la sécurité sociale qui doit être renforcée. L’arrêt forcé d’une activité suite à la maladie ne peut en aucun cas exposer au risque de pauvreté. Les malades de longue durée doivent ainsi bénéficier d’un niveau d’indemnisation suffisant pour que la maladie ne débouche pas sur encore plus de précarité.</p>
<p>Devant réparer les dégâts causés par son prédécesseur, le nouveau gouvernement a choisi heureusement de réinvestir dans la santé.  Solidaris y voit une source d’espoir, mais entend continuer à se montrer vigilant, à travers notamment la <strong>pétition « Restons solidaires ».</strong> Celle-ci porte six revendications : le remboursement intégral de la visite chez le médecin généraliste, des médicaments moins chers, une meilleure prise en compte de la santé mentale, une vie plus digne plus nos aînés, des indemnités de maladie qui protègent de la pauvreté et une revalorisation du personnel soignant.   Autant de priorités qui contribuent à lutter contre les inégalités sociales de santé et le report de soins. <strong><u><a href="https://restonssolidaires.be/">https://restonssolidaires.be/</a></u></strong></p>
<p><em>« Les enjeux en matière de santé et, plus largement, de protection sociale sont aujourd’hui d’une taille telle qu’ils méritent d’être centraux tant au niveau belge que sur le plan européen</em> » insiste Jean-Pascal Labille, secrétaire général de Solidaris. <em>« Il y va de la cohésion de notre société ».</em></p>
<p><img decoding="async" class="size-full wp-image-112 alignleft" src="https://www.institut-solidaris.be/wp-content/uploads/2015/12/icone-pdf.gif" alt="Consulter notre enquête" width="32" height="32" /><strong><a href="https://www.institut-solidaris.be/wp-content/uploads/2020/11/reportsdessoins2020VF.pdf">Télécharger notre enquête</a></strong></p>
</div><div class="fusion-clearfix"></div></div></div><div class="fusion-layout-column fusion_builder_column fusion-builder-column-1 fusion_builder_column_1_2 1_2 fusion-one-half fusion-column-last" style="--awb-bg-size:cover;width:48%;"><div class="fusion-column-wrapper fusion-flex-column-wrapper-legacy"><div class="fusion-slider-sc fusion-flexslider-loading flexslider flexslider-hover-type-none" data-slideshow_autoplay="1" data-slideshow_smooth_height="0" data-slideshow_speed="7000" style="max-width:100%;height:100%;"><ul class="slides"><li class="image"><span class="fusion-image-hover-element hover-type-none"><img decoding="async" src="https://www.institut-solidaris.be/wp-content/uploads/2020/11/EnqueteMKTG_ReportSoins_500x200.jpg" width="500" height="200" class="wp-image-1992" srcset="https://www.institut-solidaris.be/wp-content/uploads/2020/11/EnqueteMKTG_ReportSoins_500x200-200x80.jpg 200w, https://www.institut-solidaris.be/wp-content/uploads/2020/11/EnqueteMKTG_ReportSoins_500x200-400x160.jpg 400w, https://www.institut-solidaris.be/wp-content/uploads/2020/11/EnqueteMKTG_ReportSoins_500x200.jpg 500w" sizes="(max-width: 800px) 100vw, 500px" /></span></li></ul></div><div class="fusion-clearfix"></div></div></div></div></div>
