{"id":1765,"date":"2019-11-21T15:06:30","date_gmt":"2019-11-21T14:06:30","guid":{"rendered":"https:\/\/www.institut-solidaris.be\/?page_id=1765"},"modified":"2019-12-16T11:04:25","modified_gmt":"2019-12-16T10:04:25","slug":"barometre-wallonie-bruxelles","status":"publish","type":"page","link":"https:\/\/www.institut-solidaris.be\/index.php\/barometre-wallonie-bruxelles\/","title":{"rendered":"Wallonie-Bruxelles"},"content":{"rendered":"<div class=\"fusion-fullwidth fullwidth-box fusion-builder-row-1 nonhundred-percent-fullwidth non-hundred-percent-height-scrolling\" style=\"--awb-background-position:left top;--awb-border-radius-top-left:0px;--awb-border-radius-top-right:0px;--awb-border-radius-bottom-right:0px;--awb-border-radius-bottom-left:0px;--awb-padding-top:20px;--awb-padding-bottom:20px;--awb-border-sizes-top:0px;--awb-border-sizes-bottom:0px;--awb-flex-wrap:wrap;\" ><div class=\"fusion-builder-row fusion-row\"><div class=\"fusion-layout-column fusion_builder_column fusion-builder-column-0 fusion_builder_column_1_2 1_2 fusion-one-half fusion-column-first\" style=\"--awb-bg-size:cover;width:48%; margin-right: 4%;\"><div class=\"fusion-column-wrapper fusion-flex-column-wrapper-legacy\"><div class=\"fusion-slider-sc fusion-flexslider-loading flexslider flexslider-hover-type-none\" data-slideshow_autoplay=\"1\" data-slideshow_smooth_height=\"0\" data-slideshow_speed=\"7000\" style=\"max-width:100%;height:100%;\"><ul class=\"slides\"><li class=\"image\"><span class=\"fusion-image-hover-element hover-type-none\"><img decoding=\"async\" src=\"https:\/\/www.institut-solidaris.be\/wp-content\/uploads\/2019\/11\/Baro2020_WallonieBXL_600x350.jpg\" width=\"601\" height=\"350\" \/><\/span><\/li><\/ul><\/div><div class=\"fusion-clearfix\"><\/div><\/div><\/div><div class=\"fusion-layout-column fusion_builder_column fusion-builder-column-1 fusion_builder_column_1_2 1_2 fusion-one-half fusion-column-last\" style=\"--awb-bg-size:cover;width:48%;\"><div class=\"fusion-column-wrapper fusion-flex-column-wrapper-legacy\"><div class=\"fusion-text fusion-text-1\"><h2><strong>Le bien-\u00eatre des Belges en recul constant depuis 5 ans\u00a0! <\/strong><\/h2>\n<p><strong>Comment les Belges francophones se sentent-ils aujourd\u2019hui\u00a0? Quel est leur \u00e9tat d\u2019esprit\u00a0? Comment sont leurs conditions de vie\u00a0? Quel est leur rapport \u00e0 la soci\u00e9t\u00e9\u00a0?\u00a0 Comment per\u00e7oivent-ils l\u2019avenir\u00a0?<\/strong><\/p>\n<p>Pour sa cinqui\u00e8me \u00e9dition de cette vaste enqu\u00eate, l&rsquo;Institut Solidaris a pris le pouls de la soci\u00e9t\u00e9 en r\u00e9gion Wallonie-Bruxelles afin de mesurer de mani\u00e8re globale son \u00e9tat de bien-\u00eatre et de confiance.<\/p>\n<p>Ce sont plus de 1.000 personnes qui ont particip\u00e9 \u00e0 cette enqu\u00eate, via t\u00e9l\u00e9phone ou par Internet au cours du mois de septembre\u00a02019. Ils ont r\u00e9pondu \u00e0 un questionnaire de pr\u00e8s de 200 items sur leurs perceptions, leur vision, leurs espoirs, leurs crainte&#8230;<\/p>\n<p><strong>Le constat principal est alarmant et confirme une lente mais inexorable d\u00e9gradation des conditions de vie ainsi qu\u2019une nette baisse de confiance des Belges quant \u00e0 leur avenir. <\/strong><\/p>\n<p><strong>Voici les cinq enseignements principaux :\u00a0<\/strong><\/p>\n<ul>\n<li><strong>1er enseignement<\/strong>\u00a0: Avec 53,6 points, l\u2019indice global de bien-\u00eatre est en recul constant sur cinq ans. <strong>Au total, l\u2019indice a perdu 3,1 points en 5 ann\u00e9es\u00a0<\/strong><\/li>\n<li><strong>2\u00e8me enseignement<\/strong>\u00a0: <strong>les indices de \u00ab\u00a0confiance\u00a0\u00bb<\/strong> dans la capacit\u00e9 qu\u2019ont les institutions de notre pays \u00e0 r\u00e9agir pour am\u00e9liorer les choses, <strong>sont au plus bas<\/strong>.<\/li>\n<li><strong>3\u00e8me enseignement<\/strong>\u00a0: ce barom\u00e8tre met \u00e0 nouveau en lumi\u00e8re <strong>des in\u00e9galit\u00e9s aussi cruelles que persistantes<\/strong>. Ces in\u00e9galit\u00e9s deviennent d\u2019ailleurs de plus en plus accept\u00e9es et int\u00e9gr\u00e9es.<\/li>\n<li><strong>4\u00e8me enseignement<\/strong>\u00a0: Sur ces cinq derni\u00e8res ann\u00e9es, on constate <strong>une forte d\u00e9gradation des ressources financi\u00e8res<\/strong> traduite par la diminution constante de la capacit\u00e9 des Belges francophones d\u2019\u00e9pargner.<\/li>\n<li><strong>5\u00e8me enseignement<\/strong> : un auto-diagnostic de <strong>la sant\u00e9 physique qui chute consid\u00e9rablement<\/strong>. En cinq ans, on constate une baisse de -8 points d\u2019individus qui se d\u00e9clarent en bonne ou tr\u00e8s bonne sant\u00e9 (passant de 64,4% en 2015 \u00e0 56,1% en 2019).<\/li>\n<\/ul>\n<p>Pour Solidaris, les in\u00e9galit\u00e9s sont une profonde atteinte au bien-\u00eatre des gens. Pour ceux qui les vivent mais aussi pour ceux qui les craignent. Symptomatiques d\u2019une soci\u00e9t\u00e9 qui va mal, les \u00e9carts entre les hommes et les femmes semblent toujours plus grands d\u2019ann\u00e9e en ann\u00e9e.<\/p>\n<p style=\"text-align: justify;\"><span style=\"color: #333333;\"><strong>\u00a0<a href=\"https:\/\/www.institut-solidaris.be\/wp-content\/uploads\/2017\/02\/BaroBELV1.pdf\" target=\"_blank\" rel=\"noopener noreferrer\"><img decoding=\"async\" class=\"alignnone wp-image-112 size-full\" src=\"https:\/\/www.institut-solidaris.be\/wp-content\/uploads\/2015\/12\/icone-pdf.gif\" alt=\"Consulter notre enqu\u00eate\" width=\"32\" height=\"32\" \/><\/a><a href=\"https:\/\/www.institut-solidaris.be\/wp-content\/uploads\/2019\/11\/BCBE_BELGIQUE-2019VF_OK-diapospdf_compressed.pdf\" target=\"_blank\" rel=\"noopener noreferrer\">Consulter l&rsquo;int\u00e9gralit\u00e9 de l&rsquo;enqu\u00eate<\/a><\/strong><\/span><\/p>\n<p><span style=\"color: #333333;\"><strong><a href=\"https:\/\/www.institut-solidaris.be\/wp-content\/uploads\/2017\/02\/BaroBELV1.pdf\" target=\"_blank\" rel=\"noopener noreferrer\"><img decoding=\"async\" class=\"alignnone wp-image-112 size-full\" src=\"https:\/\/www.institut-solidaris.be\/wp-content\/uploads\/2015\/12\/icone-pdf.gif\" alt=\"Consulter notre enqu\u00eate\" width=\"32\" height=\"32\" \/><\/a><a href=\"https:\/\/www.institut-solidaris.be\/wp-content\/uploads\/2019\/11\/COMMUNIQUE-DE-PRESSE-Barom\u00e8tre-Confiance-Bien-\u00eatre-2019.pdf\" target=\"_blank\" rel=\"noopener noreferrer\">Consulter le communiqu\u00e9 de presse<\/a><\/strong><\/span><\/p>\n<\/div><div class=\"fusion-clearfix\"><\/div><\/div><\/div><div class=\"fusion-layout-column fusion_builder_column fusion-builder-column-2 fusion_builder_column_1_1 1_1 fusion-one-full fusion-column-first fusion-column-last fusion-column-no-min-height\" style=\"--awb-bg-size:cover;--awb-margin-bottom:0px;\"><div class=\"fusion-column-wrapper fusion-flex-column-wrapper-legacy\"><div class=\"fusion-title title fusion-title-1 fusion-title-text fusion-title-size-one\" style=\"--awb-margin-top-small:0px;--awb-margin-right-small:0px;--awb-margin-bottom-small:20px;--awb-margin-left-small:0px;\"><h1 class=\"fusion-title-heading title-heading-left\" style=\"margin:0;\"><h1 style=\"text-align: center;\"><strong>En chiffres<\/strong><\/h1><\/h1><span class=\"awb-title-spacer\"><\/span><div class=\"title-sep-container\"><div class=\"title-sep sep-double sep-solid\" style=\"border-color:#e0dede;\"><\/div><\/div><\/div><div class=\"fusion-clearfix\"><\/div><\/div><\/div><div class=\"fusion-layout-column fusion_builder_column fusion-builder-column-3 fusion_builder_column_1_2 1_2 fusion-one-half fusion-column-first\" style=\"--awb-bg-size:cover;width:48%; margin-right: 4%;\"><div class=\"fusion-column-wrapper fusion-flex-column-wrapper-legacy\"><div class=\"fusion-text fusion-text-2\"><h4><strong>Evolution de l&rsquo;indice moyen entre 2015 et 2018 : &#8211; 3 points<\/strong><\/h4>\n<\/div><div class=\"fusion-progressbar\" style=\"--awb-textcolor:#000000;--awb-filledcolor:#b7b7b7;--awb-filledbordercolor:#b7b7b7;--awb-maximum-value-wrapper-width:43%;\"><div class=\"fusion-progressbar-bar progress-bar\"><div class=\"progress progress-bar-content not-animated\" role=\"progressbar\" aria-labelledby=\"awb-progressbar-label-1\" aria-valuemin=\"0\" aria-valuemax=\"100\" aria-valuenow=\"57\" data-filling-speed=\"600\"><span class=\"progress-title awb-on-bar\"><span class=\"fusion-progressbar-text\" id=\"awb-progressbar-label-1\">Indice moyen en 2015 :<\/span> <span class=\"fusion-progressbar-value\">57%<\/span><\/span><\/div><span class=\"awb-pb-max-value-wrap awb-on-bar\"><span class=\"awb-pb-max-value-text\"><\/span><\/span><\/div><\/div><div class=\"fusion-progressbar\" style=\"--awb-textcolor:#000000;--awb-filledcolor:#b7b7b7;--awb-filledbordercolor:#b7b7b7;--awb-maximum-value-wrapper-width:46%;\"><div class=\"fusion-progressbar-bar progress-bar\"><div class=\"progress progress-bar-content not-animated\" role=\"progressbar\" aria-labelledby=\"awb-progressbar-label-2\" aria-valuemin=\"0\" aria-valuemax=\"100\" aria-valuenow=\"54\" data-filling-speed=\"600\"><span class=\"progress-title awb-on-bar\"><span class=\"fusion-progressbar-text\" id=\"awb-progressbar-label-2\">Indice moyen en 2019 :<\/span> <span class=\"fusion-progressbar-value\">54%<\/span><\/span><\/div><span class=\"awb-pb-max-value-wrap awb-on-bar\"><span class=\"awb-pb-max-value-text\"><\/span><\/span><\/div><\/div><div class=\"fusion-text fusion-text-3\"><h4><strong>Indice de bien-\u00eatre des familles monoparentales 2015 vs 2019 : &#8211; 5 points<\/strong><\/h4>\n<\/div><div class=\"fusion-progressbar\" style=\"--awb-textcolor:#000000;--awb-filledcolor:#b7b7b7;--awb-filledbordercolor:#b7b7b7;--awb-maximum-value-wrapper-width:44%;\"><div class=\"fusion-progressbar-bar progress-bar\"><div class=\"progress progress-bar-content not-animated\" role=\"progressbar\" aria-labelledby=\"awb-progressbar-label-3\" aria-valuemin=\"0\" aria-valuemax=\"100\" aria-valuenow=\"56\" data-filling-speed=\"600\"><span class=\"progress-title awb-on-bar\"><span class=\"fusion-progressbar-text\" id=\"awb-progressbar-label-3\">indice 2015 : <\/span> <span class=\"fusion-progressbar-value\">56%<\/span><\/span><\/div><span class=\"awb-pb-max-value-wrap awb-on-bar\"><span class=\"awb-pb-max-value-text\"><\/span><\/span><\/div><\/div><div class=\"fusion-progressbar\" style=\"--awb-textcolor:#000000;--awb-filledcolor:#b7b7b7;--awb-filledbordercolor:#b7b7b7;--awb-maximum-value-wrapper-width:49%;\"><div class=\"fusion-progressbar-bar progress-bar\"><div class=\"progress progress-bar-content not-animated\" role=\"progressbar\" aria-labelledby=\"awb-progressbar-label-4\" aria-valuemin=\"0\" aria-valuemax=\"100\" aria-valuenow=\"51\" data-filling-speed=\"600\"><span class=\"progress-title awb-on-bar\"><span class=\"fusion-progressbar-text\" id=\"awb-progressbar-label-4\">indice 2019 :<\/span> <span class=\"fusion-progressbar-value\">51%<\/span><\/span><\/div><span class=\"awb-pb-max-value-wrap awb-on-bar\"><span class=\"awb-pb-max-value-text\"><\/span><\/span><\/div><\/div><div class=\"fusion-text fusion-text-4\"><h4><strong>Indice moyen 25% qui vont le mieux VS 25% qui vont le moins bien : 60 points d&rsquo;\u00e9cart<\/strong><\/h4>\n<\/div><div class=\"fusion-progressbar\" style=\"--awb-textcolor:#000000;--awb-filledcolor:#b7b7b7;--awb-unfilledcolor:#ffffff;--awb-filledbordercolor:#b7b7b7;--awb-maximum-value-wrapper-width:77%;\"><div class=\"fusion-progressbar-bar progress-bar\"><div class=\"progress progress-bar-content not-animated\" role=\"progressbar\" aria-labelledby=\"awb-progressbar-label-5\" aria-valuemin=\"0\" aria-valuemax=\"100\" aria-valuenow=\"23\" data-filling-speed=\"600\"><span class=\"progress-title awb-on-bar\"><span class=\"fusion-progressbar-text\" id=\"awb-progressbar-label-5\">indice des 25% qui vont le moins bien :<\/span> <span class=\"fusion-progressbar-value\">23%<\/span><\/span><\/div><span class=\"awb-pb-max-value-wrap awb-on-bar\"><span class=\"awb-pb-max-value-text\"><\/span><\/span><\/div><\/div><div class=\"fusion-progressbar\" style=\"--awb-textcolor:#000000;--awb-filledcolor:#b7b7b7;--awb-unfilledcolor:#ffffff;--awb-filledbordercolor:#b7b7b7;--awb-maximum-value-wrapper-width:17%;\"><div class=\"fusion-progressbar-bar progress-bar\"><div class=\"progress progress-bar-content not-animated\" role=\"progressbar\" aria-labelledby=\"awb-progressbar-label-6\" aria-valuemin=\"0\" aria-valuemax=\"100\" aria-valuenow=\"83\" data-filling-speed=\"600\"><span class=\"progress-title awb-on-bar\"><span class=\"fusion-progressbar-text\" id=\"awb-progressbar-label-6\">indice des 25% qui vont le mieux :<\/span> <span class=\"fusion-progressbar-value\">83%<\/span><\/span><\/div><span class=\"awb-pb-max-value-wrap awb-on-bar\"><span class=\"awb-pb-max-value-text\"><\/span><\/span><\/div><\/div><div class=\"fusion-text fusion-text-5\"><h4><strong>Nombre de personnes qui vivent des fins de mois difficiles 2015 vs 2019 : + 6 points\u00a0<\/strong><\/h4>\n<\/div><div class=\"fusion-progressbar\" style=\"--awb-textcolor:#000000;--awb-filledcolor:#b7b7b7;--awb-unfilledcolor:#ffffff;--awb-filledbordercolor:#b7b7b7;--awb-maximum-value-wrapper-width:81%;\"><div class=\"fusion-progressbar-bar progress-bar\"><div class=\"progress progress-bar-content not-animated\" role=\"progressbar\" aria-labelledby=\"awb-progressbar-label-7\" aria-valuemin=\"0\" aria-valuemax=\"100\" aria-valuenow=\"19\" data-filling-speed=\"600\"><span class=\"progress-title awb-on-bar\"><span class=\"fusion-progressbar-text\" id=\"awb-progressbar-label-7\">indice 2015 : <\/span> <span class=\"fusion-progressbar-value\">19%<\/span><\/span><\/div><span class=\"awb-pb-max-value-wrap awb-on-bar\"><span class=\"awb-pb-max-value-text\"><\/span><\/span><\/div><\/div><div class=\"fusion-progressbar\" style=\"--awb-textcolor:#000000;--awb-filledcolor:#b7b7b7;--awb-unfilledcolor:#ffffff;--awb-filledbordercolor:#b7b7b7;--awb-maximum-value-wrapper-width:75%;\"><div class=\"fusion-progressbar-bar progress-bar\"><div class=\"progress progress-bar-content not-animated\" role=\"progressbar\" aria-labelledby=\"awb-progressbar-label-8\" aria-valuemin=\"0\" aria-valuemax=\"100\" aria-valuenow=\"25\" data-filling-speed=\"600\"><span class=\"progress-title awb-on-bar\"><span class=\"fusion-progressbar-text\" id=\"awb-progressbar-label-8\">indice 2019 : <\/span> <span class=\"fusion-progressbar-value\">25%<\/span><\/span><\/div><span class=\"awb-pb-max-value-wrap awb-on-bar\"><span class=\"awb-pb-max-value-text\"><\/span><\/span><\/div><\/div><div class=\"fusion-clearfix\"><\/div><\/div><\/div><div class=\"fusion-layout-column fusion_builder_column fusion-builder-column-4 fusion_builder_column_1_2 1_2 fusion-one-half fusion-column-last\" style=\"--awb-bg-size:cover;width:48%;\"><div class=\"fusion-column-wrapper fusion-flex-column-wrapper-legacy\"><div class=\"fusion-text fusion-text-6\"><h4><strong>Indice de bien-\u00eatre des 40-59 ans 2015 vs 2019 : &#8211; 6 points<\/strong><\/h4>\n<\/div><div class=\"fusion-progressbar\" style=\"--awb-textcolor:#000000;--awb-filledcolor:#b7b7b7;--awb-unfilledcolor:#ffffff;--awb-filledbordercolor:#b7b7b7;--awb-maximum-value-wrapper-width:46%;\"><div class=\"fusion-progressbar-bar progress-bar\"><div class=\"progress progress-bar-content not-animated\" role=\"progressbar\" aria-labelledby=\"awb-progressbar-label-9\" aria-valuemin=\"0\" aria-valuemax=\"100\" aria-valuenow=\"54\" data-filling-speed=\"600\"><span class=\"progress-title awb-on-bar\"><span class=\"fusion-progressbar-text\" id=\"awb-progressbar-label-9\">indice 2015 :<\/span> <span class=\"fusion-progressbar-value\">54%<\/span><\/span><\/div><span class=\"awb-pb-max-value-wrap awb-on-bar\"><span class=\"awb-pb-max-value-text\"><\/span><\/span><\/div><\/div><div class=\"fusion-progressbar\" style=\"--awb-textcolor:#000000;--awb-filledcolor:#b7b7b7;--awb-unfilledcolor:#ffffff;--awb-filledbordercolor:#b7b7b7;--awb-maximum-value-wrapper-width:52%;\"><div class=\"fusion-progressbar-bar progress-bar\"><div class=\"progress progress-bar-content not-animated\" role=\"progressbar\" aria-labelledby=\"awb-progressbar-label-10\" aria-valuemin=\"0\" aria-valuemax=\"100\" aria-valuenow=\"48\" data-filling-speed=\"600\"><span class=\"progress-title awb-on-bar\"><span class=\"fusion-progressbar-text\" id=\"awb-progressbar-label-10\">indice 2019 :<\/span> <span class=\"fusion-progressbar-value\">48%<\/span><\/span><\/div><span class=\"awb-pb-max-value-wrap awb-on-bar\"><span class=\"awb-pb-max-value-text\"><\/span><\/span><\/div><\/div><div class=\"fusion-text fusion-text-7\"><h4><strong>Indice de bien-\u00eatre des personnes en incapacit\u00e9 de travail 2015 vs 2019 : &#8211; 3 points<\/strong><\/h4>\n<\/div><div class=\"fusion-progressbar\" style=\"--awb-textcolor:#000000;--awb-filledcolor:#b7b7b7;--awb-unfilledcolor:#ffffff;--awb-filledbordercolor:#b7b7b7;--awb-maximum-value-wrapper-width:63%;\"><div class=\"fusion-progressbar-bar progress-bar\"><div class=\"progress progress-bar-content not-animated\" role=\"progressbar\" aria-labelledby=\"awb-progressbar-label-11\" aria-valuemin=\"0\" aria-valuemax=\"100\" aria-valuenow=\"37\" data-filling-speed=\"600\"><span class=\"progress-title awb-on-bar\"><span class=\"fusion-progressbar-text\" id=\"awb-progressbar-label-11\">indice 2015 :<\/span> <span class=\"fusion-progressbar-value\">37%<\/span><\/span><\/div><span class=\"awb-pb-max-value-wrap awb-on-bar\"><span class=\"awb-pb-max-value-text\"><\/span><\/span><\/div><\/div><div class=\"fusion-progressbar\" style=\"--awb-textcolor:#000000;--awb-filledcolor:#b7b7b7;--awb-unfilledcolor:#ffffff;--awb-filledbordercolor:#b7b7b7;--awb-maximum-value-wrapper-width:66%;\"><div class=\"fusion-progressbar-bar progress-bar\"><div class=\"progress progress-bar-content not-animated\" role=\"progressbar\" aria-labelledby=\"awb-progressbar-label-12\" aria-valuemin=\"0\" aria-valuemax=\"100\" aria-valuenow=\"34\" data-filling-speed=\"600\"><span class=\"progress-title awb-on-bar\"><span class=\"fusion-progressbar-text\" id=\"awb-progressbar-label-12\">indice 2019 :<\/span> <span class=\"fusion-progressbar-value\">34%<\/span><\/span><\/div><span class=\"awb-pb-max-value-wrap awb-on-bar\"><span class=\"awb-pb-max-value-text\"><\/span><\/span><\/div><\/div><div class=\"fusion-text fusion-text-8\"><h4><strong>Nombre d&rsquo;individus pr\u00e9sentant des signes de d\u00e9pression 2015 vs 2019 : + 5 points<\/strong><\/h4>\n<\/div><div class=\"fusion-progressbar\" style=\"--awb-textcolor:#000000;--awb-filledcolor:#b7b7b7;--awb-unfilledcolor:#ffffff;--awb-filledbordercolor:#b7b7b7;--awb-maximum-value-wrapper-width:93%;\"><div class=\"fusion-progressbar-bar progress-bar\"><div class=\"progress progress-bar-content not-animated\" role=\"progressbar\" aria-labelledby=\"awb-progressbar-label-13\" aria-valuemin=\"0\" aria-valuemax=\"100\" aria-valuenow=\"7\" data-filling-speed=\"600\"><span class=\"progress-title awb-on-bar\"><span class=\"fusion-progressbar-text\" id=\"awb-progressbar-label-13\">indice 2015 :<\/span> <span class=\"fusion-progressbar-value\">7%<\/span><\/span><\/div><span class=\"awb-pb-max-value-wrap awb-on-bar\"><span class=\"awb-pb-max-value-text\"><\/span><\/span><\/div><\/div><div class=\"fusion-progressbar\" style=\"--awb-textcolor:#000000;--awb-filledcolor:#b7b7b7;--awb-unfilledcolor:#ffffff;--awb-filledbordercolor:#b7b7b7;--awb-maximum-value-wrapper-width:88%;\"><div class=\"fusion-progressbar-bar progress-bar\"><div class=\"progress progress-bar-content not-animated\" role=\"progressbar\" aria-labelledby=\"awb-progressbar-label-14\" aria-valuemin=\"0\" aria-valuemax=\"100\" aria-valuenow=\"12\" data-filling-speed=\"600\"><span class=\"progress-title awb-on-bar\"><span class=\"fusion-progressbar-text\" id=\"awb-progressbar-label-14\">indice 2019 :<\/span> <span class=\"fusion-progressbar-value\">12%<\/span><\/span><\/div><span class=\"awb-pb-max-value-wrap awb-on-bar\"><span class=\"awb-pb-max-value-text\"><\/span><\/span><\/div><\/div><div class=\"fusion-text fusion-text-9\"><h4><strong>Nombre d&rsquo;individus souffrant de solitude 2015 vs 2019 : + 4 points<\/strong><\/h4>\n<\/div><div class=\"fusion-progressbar\" style=\"--awb-textcolor:#000000;--awb-filledcolor:#b7b7b7;--awb-unfilledcolor:#ffffff;--awb-filledbordercolor:#b7b7b7;--awb-maximum-value-wrapper-width:81%;\"><div class=\"fusion-progressbar-bar progress-bar\"><div class=\"progress progress-bar-content not-animated\" role=\"progressbar\" aria-labelledby=\"awb-progressbar-label-15\" aria-valuemin=\"0\" aria-valuemax=\"100\" aria-valuenow=\"19\" data-filling-speed=\"600\"><span class=\"progress-title awb-on-bar\"><span class=\"fusion-progressbar-text\" id=\"awb-progressbar-label-15\">indice 2015 :<\/span> <span class=\"fusion-progressbar-value\">19%<\/span><\/span><\/div><span class=\"awb-pb-max-value-wrap awb-on-bar\"><span class=\"awb-pb-max-value-text\"><\/span><\/span><\/div><\/div><div class=\"fusion-progressbar\" style=\"--awb-textcolor:#000000;--awb-filledcolor:#b7b7b7;--awb-unfilledcolor:#ffffff;--awb-filledbordercolor:#b7b7b7;--awb-maximum-value-wrapper-width:77%;\"><div class=\"fusion-progressbar-bar progress-bar\"><div class=\"progress progress-bar-content not-animated\" role=\"progressbar\" aria-labelledby=\"awb-progressbar-label-16\" aria-valuemin=\"0\" aria-valuemax=\"100\" aria-valuenow=\"23\" data-filling-speed=\"600\"><span class=\"progress-title awb-on-bar\"><span class=\"fusion-progressbar-text\" id=\"awb-progressbar-label-16\">indice 2019 :<\/span> <span class=\"fusion-progressbar-value\">23%<\/span><\/span><\/div><span class=\"awb-pb-max-value-wrap awb-on-bar\"><span class=\"awb-pb-max-value-text\"><\/span><\/span><\/div><\/div><div class=\"fusion-clearfix\"><\/div><\/div><\/div><\/div><\/div>\n","protected":false},"excerpt":{"rendered":"","protected":false},"author":7,"featured_media":0,"parent":0,"menu_order":0,"comment_status":"closed","ping_status":"closed","template":"","meta":{"footnotes":""},"class_list":["post-1765","page","type-page","status-publish","hentry"],"_links":{"self":[{"href":"https:\/\/www.institut-solidaris.be\/index.php\/wp-json\/wp\/v2\/pages\/1765","targetHints":{"allow":["GET"]}}],"collection":[{"href":"https:\/\/www.institut-solidaris.be\/index.php\/wp-json\/wp\/v2\/pages"}],"about":[{"href":"https:\/\/www.institut-solidaris.be\/index.php\/wp-json\/wp\/v2\/types\/page"}],"author":[{"embeddable":true,"href":"https:\/\/www.institut-solidaris.be\/index.php\/wp-json\/wp\/v2\/users\/7"}],"replies":[{"embeddable":true,"href":"https:\/\/www.institut-solidaris.be\/index.php\/wp-json\/wp\/v2\/comments?post=1765"}],"version-history":[{"count":6,"href":"https:\/\/www.institut-solidaris.be\/index.php\/wp-json\/wp\/v2\/pages\/1765\/revisions"}],"predecessor-version":[{"id":1876,"href":"https:\/\/www.institut-solidaris.be\/index.php\/wp-json\/wp\/v2\/pages\/1765\/revisions\/1876"}],"wp:attachment":[{"href":"https:\/\/www.institut-solidaris.be\/index.php\/wp-json\/wp\/v2\/media?parent=1765"}],"curies":[{"name":"wp","href":"https:\/\/api.w.org\/{rel}","templated":true}]}}