{"id":1751,"date":"2019-11-21T15:06:37","date_gmt":"2019-11-21T14:06:37","guid":{"rendered":"https:\/\/www.institut-solidaris.be\/?page_id=1751"},"modified":"2020-12-02T10:02:34","modified_gmt":"2020-12-02T09:02:34","slug":"barometre-confiance-bien-etre","status":"publish","type":"page","link":"https:\/\/www.institut-solidaris.be\/index.php\/barometre-confiance-bien-etre\/","title":{"rendered":"Barom\u00e8tre Confiance &#038; Bien-\u00eatre 2019"},"content":{"rendered":"<div class=\"fusion-fullwidth fullwidth-box fusion-builder-row-1 nonhundred-percent-fullwidth non-hundred-percent-height-scrolling\" style=\"--awb-background-position:left top;--awb-border-radius-top-left:0px;--awb-border-radius-top-right:0px;--awb-border-radius-bottom-right:0px;--awb-border-radius-bottom-left:0px;--awb-padding-top:20px;--awb-padding-bottom:20px;--awb-border-sizes-top:0px;--awb-border-sizes-bottom:0px;--awb-flex-wrap:wrap;\" ><div class=\"fusion-builder-row fusion-row\"><div class=\"fusion-layout-column fusion_builder_column fusion-builder-column-0 fusion_builder_column_1_2 1_2 fusion-one-half fusion-column-first\" style=\"--awb-bg-size:cover;width:48%; margin-right: 4%;\"><div class=\"fusion-column-wrapper fusion-flex-column-wrapper-legacy\"><div class=\"fusion-slider-sc fusion-flexslider-loading flexslider flexslider-hover-type-none\" data-slideshow_autoplay=\"1\" data-slideshow_smooth_height=\"0\" data-slideshow_speed=\"7000\" style=\"max-width:100%;height:100%;\"><ul class=\"slides\"><li class=\"image\"><span class=\"fusion-image-hover-element hover-type-none\"><img decoding=\"async\" src=\"https:\/\/www.institut-solidaris.be\/wp-content\/uploads\/2019\/11\/Baro2020_600x350.jpg\" width=\"2496\" height=\"1459\" \/><\/span><\/li><\/ul><\/div><div class=\"fusion-clearfix\"><\/div><\/div><\/div><div class=\"fusion-layout-column fusion_builder_column fusion-builder-column-1 fusion_builder_column_1_2 1_2 fusion-one-half fusion-column-last\" style=\"--awb-bg-size:cover;width:48%;\"><div class=\"fusion-column-wrapper fusion-flex-column-wrapper-legacy\"><div class=\"fusion-text fusion-text-1\"><h2>Depuis 5 ans, l\u2019Institut Solidaris, en collaboration avec la MGEN, prend le pouls de la soci\u00e9t\u00e9 belge francophone et fran\u00e7aise afin de mesurer de mani\u00e8re globale l\u2019\u00e9tat de bien-\u00eatre et de confiance de la population.<\/h2>\n<p><strong>La nouvelle \u00e9dition de cette vaste enqu\u00eate fut r\u00e9alis\u00e9e en septembre 2019 aupr\u00e8s de plus de 2000 personnes amen\u00e9es \u00e0 livrer leur ressenti, leurs espoirs ou encore leurs craintes quant \u00e0 la soci\u00e9t\u00e9 actuelle.<\/strong><\/p>\n<p><strong>Lors du lancement<\/strong> du Barom\u00e8tre Confiance et Bien-\u00eatre en France, un an apr\u00e8s la premi\u00e8re mesure belge, les r\u00e9sultats montraient <strong>de nombreuses similitudes<\/strong> entre les deux pays. L&rsquo;indice de bien-\u00eatre fran\u00e7ais s&rsquo;\u00e9levant \u00e0 56,5 contre 56,3 en Wallonie et \u00e0 Bruxelles.<\/p>\n<p>Les <strong>ann\u00e9es suivantes<\/strong> furent marqu\u00e9es par une ind\u00e9niable <strong>embellie fran\u00e7aise<\/strong> notamment li\u00e9e \u00e0 l\u2019\u00e9lection pr\u00e9sidentielle. En 2017, l\u2019\u00e9cart entre la France et la r\u00e9gion Wallonie-Bruxelles \u00e9tait de 5,7 et 5,1 en 2018.<\/p>\n<p><strong>En 2019<\/strong>\u00a0, l\u2019indice de confiance et bien-\u00eatre s\u2019\u00e9tablit d\u00e9sormais \u00e0 <strong>57,5 du c\u00f4t\u00e9 fran\u00e7ais<\/strong> et <strong>53,5 en Wallonie et \u00e0 Bruxelles<\/strong>. Les premiers semblent sur papier plus \u00e9panouis que les seconds m\u00eame si ces r\u00e9sultats confirment <strong>un rapprochement progressif vers une diminution ind\u00e9niable de l\u2019\u00e9panouissement des deux populations<\/strong>.<\/p>\n<p>Pour retrouver les conclusions d\u00e9taill\u00e9es de la nouvelle \u00e9dition du Barom\u00e8tre Confiance &amp; Bien-\u00eatre\u00a0:<\/p>\n<ul>\n<li>\n<h3><a href=\"https:\/\/www.institut-solidaris.be\/index.php\/barometre-wallonie-bruxelles\/\"><strong>Les r\u00e9sultats<\/strong> <b>Wallonie-Bruxelles<\/b><\/a><\/h3>\n<\/li>\n<li>\n<h3><a href=\"https:\/\/www.institut-solidaris.be\/index.php\/barometre-comparatif-walloniebruxelles-france\/\">Le comparatif <strong>Wallonie-Bruxelles\/France<\/strong><\/a><\/h3>\n<\/li>\n<\/ul>\n<p style=\"text-align: justify;\"><span style=\"color: #333333;\"><strong>\u00a0<\/strong><\/span><\/p>\n<\/div><div class=\"fusion-clearfix\"><\/div><\/div><\/div><div class=\"fusion-layout-column fusion_builder_column fusion-builder-column-2 fusion_builder_column_1_2 1_2 fusion-one-half fusion-column-first\" style=\"--awb-bg-size:cover;width:48%; margin-right: 4%;\"><div class=\"fusion-column-wrapper fusion-flex-column-wrapper-legacy\"><div class=\"fusion-clearfix\"><\/div><\/div><\/div><div class=\"fusion-layout-column fusion_builder_column fusion-builder-column-3 fusion_builder_column_1_2 1_2 fusion-one-half fusion-column-last\" style=\"--awb-bg-size:cover;width:48%;\"><div class=\"fusion-column-wrapper fusion-flex-column-wrapper-legacy\"><div class=\"fusion-clearfix\"><\/div><\/div><\/div><\/div><\/div>\n","protected":false},"excerpt":{"rendered":"","protected":false},"author":7,"featured_media":0,"parent":0,"menu_order":0,"comment_status":"closed","ping_status":"closed","template":"","meta":{"footnotes":""},"class_list":["post-1751","page","type-page","status-publish","hentry"],"_links":{"self":[{"href":"https:\/\/www.institut-solidaris.be\/index.php\/wp-json\/wp\/v2\/pages\/1751","targetHints":{"allow":["GET"]}}],"collection":[{"href":"https:\/\/www.institut-solidaris.be\/index.php\/wp-json\/wp\/v2\/pages"}],"about":[{"href":"https:\/\/www.institut-solidaris.be\/index.php\/wp-json\/wp\/v2\/types\/page"}],"author":[{"embeddable":true,"href":"https:\/\/www.institut-solidaris.be\/index.php\/wp-json\/wp\/v2\/users\/7"}],"replies":[{"embeddable":true,"href":"https:\/\/www.institut-solidaris.be\/index.php\/wp-json\/wp\/v2\/comments?post=1751"}],"version-history":[{"count":11,"href":"https:\/\/www.institut-solidaris.be\/index.php\/wp-json\/wp\/v2\/pages\/1751\/revisions"}],"predecessor-version":[{"id":2011,"href":"https:\/\/www.institut-solidaris.be\/index.php\/wp-json\/wp\/v2\/pages\/1751\/revisions\/2011"}],"wp:attachment":[{"href":"https:\/\/www.institut-solidaris.be\/index.php\/wp-json\/wp\/v2\/media?parent=1751"}],"curies":[{"name":"wp","href":"https:\/\/api.w.org\/{rel}","templated":true}]}}