{"id":1720,"date":"2019-10-25T12:32:45","date_gmt":"2019-10-25T11:32:45","guid":{"rendered":"https:\/\/www.institut-solidaris.be\/?page_id=1720"},"modified":"2019-12-16T11:04:25","modified_gmt":"2019-12-16T10:04:25","slug":"solidarisxsudpressejeunesretraites","status":"publish","type":"page","link":"https:\/\/www.institut-solidaris.be\/index.php\/solidarisxsudpressejeunesretraites\/","title":{"rendered":"Grandes enqu\u00eates Solidaris x Sudpresse : les jeunes retrait\u00e9s"},"content":{"rendered":"<div class=\"fusion-fullwidth fullwidth-box fusion-builder-row-1 nonhundred-percent-fullwidth non-hundred-percent-height-scrolling\" style=\"--awb-background-position:left top;--awb-border-radius-top-left:0px;--awb-border-radius-top-right:0px;--awb-border-radius-bottom-right:0px;--awb-border-radius-bottom-left:0px;--awb-padding-top:20px;--awb-padding-bottom:20px;--awb-border-sizes-top:0px;--awb-border-sizes-bottom:0px;--awb-flex-wrap:wrap;\" ><div class=\"fusion-builder-row fusion-row\"><div class=\"fusion-layout-column fusion_builder_column fusion-builder-column-0 fusion_builder_column_1_2 1_2 fusion-one-half fusion-column-first\" style=\"--awb-bg-size:cover;width:48%; margin-right: 4%;\"><div class=\"fusion-column-wrapper fusion-flex-column-wrapper-legacy\"><div class=\"fusion-slider-sc fusion-flexslider-loading flexslider flexslider-hover-type-none\" data-slideshow_autoplay=\"1\" data-slideshow_smooth_height=\"0\" data-slideshow_speed=\"7000\" style=\"max-width:100%;height:100%;\"><ul class=\"slides\"><li class=\"image\"><span class=\"fusion-image-hover-element hover-type-none\"><img decoding=\"async\" src=\"https:\/\/www.institut-solidaris.be\/wp-content\/uploads\/2019\/10\/ImageCarousel_JeunesRetraites_600x350.jpg\" width=\"600\" height=\"350\" \/><\/span><\/li><\/ul><\/div><div class=\"fusion-clearfix\"><\/div><\/div><\/div><div class=\"fusion-layout-column fusion_builder_column fusion-builder-column-1 fusion_builder_column_1_2 1_2 fusion-one-half fusion-column-last\" style=\"--awb-bg-size:cover;width:48%;\"><div class=\"fusion-column-wrapper fusion-flex-column-wrapper-legacy\"><div class=\"fusion-text fusion-text-1\"><h2>Le mal-\u00eatre en nette augmentation chez les jeunes retrait\u00e9s !<\/h2>\n<p><strong>En partenariat avec les journaux du groupe Sudpresse, la Mutuelle Solidaris s\u2019est replong\u00e9e dans la vie des jeunes retrait\u00e9s. Retour sur l&rsquo;\u00e9volution des r\u00e9alit\u00e9s de cette partie de la population belge francophone depuis 2015.\u00a0<\/strong><\/p>\n<p><b>Quelques grands enseignements :\u00a0<\/b><\/p>\n<ul>\n<li>M\u00eame si seulement 4 ans se sont \u00e9coul\u00e9s, moralement et physiquement, les \u00ab\u00a0jeunes retrait\u00e9s\u00a0\u00bb de 2019 vont moins bien que ceux de 2015.<\/li>\n<li>Parmi ceux qui sont partis plus t\u00f4t que l\u2019\u00e2ge officiel, ils sont plus nombreux \u00e0 dire que c\u2019\u00e9tait parce qu\u2019ils ne tenaient plus (stress, pbs de sant\u00e9).<\/li>\n<li>Les jeunes retrait\u00e9s sont aussi\u00a0plus nombreux \u00e0 se sentir d\u00e9munis lors du changement de situation (m\u00eame si ce n\u2019est pas du tout la majorit\u00e9). La part \u00e0 regretter leurs coll\u00e8gues et, pire, \u00e0 se sentir inutile \u00e0 la soci\u00e9t\u00e9, est en augmentation \u00e9galement. Ils sont plus d\u2019un quart \u00e0 \u00eatre confront\u00e9s \u00e0 ce sentiment.<\/li>\n<li>Le monde des entreprises\u00a0reste toujours peu adapt\u00e9 aux s\u00e9niors et n\u2019accompagne pas mieux ces travailleurs, dans leur changement de statut.<\/li>\n<\/ul>\n<h2>Pour retrouver tous les r\u00e9sulats :<\/h2>\n<p><img decoding=\"async\" class=\"size-full wp-image-112 alignleft\" src=\"https:\/\/www.institut-solidaris.be\/wp-content\/uploads\/2015\/12\/icone-pdf.gif\" alt=\"Consulter notre enqu\u00eate\" width=\"32\" height=\"32\" \/><strong><a href=\"https:\/\/www.institut-solidaris.be\/wp-content\/uploads\/2019\/10\/jeunesretrait\u00e9s.pdf\">T\u00e9l\u00e9charger notre enqu\u00eate<\/a><\/strong><\/p>\n<p><img decoding=\"async\" class=\"size-full wp-image-112 alignleft\" src=\"https:\/\/www.institut-solidaris.be\/wp-content\/uploads\/2015\/12\/icone-pdf.gif\" alt=\"Consulter notre enqu\u00eate\" width=\"32\" height=\"32\" \/><strong><a href=\"https:\/\/www.institut-solidaris.be\/wp-content\/uploads\/2019\/11\/Communiqu\u00e9-Solidaris-Jeunes-retrait\u00e9s_041119.pdf\">T\u00e9l\u00e9charger notre communiqu\u00e9 de presse<\/a><\/strong><\/p>\n<\/div><div class=\"fusion-clearfix\"><\/div><\/div><\/div><\/div><\/div>\n","protected":false},"excerpt":{"rendered":"","protected":false},"author":7,"featured_media":0,"parent":0,"menu_order":0,"comment_status":"closed","ping_status":"closed","template":"","meta":{"footnotes":""},"class_list":["post-1720","page","type-page","status-publish","hentry"],"_links":{"self":[{"href":"https:\/\/www.institut-solidaris.be\/index.php\/wp-json\/wp\/v2\/pages\/1720","targetHints":{"allow":["GET"]}}],"collection":[{"href":"https:\/\/www.institut-solidaris.be\/index.php\/wp-json\/wp\/v2\/pages"}],"about":[{"href":"https:\/\/www.institut-solidaris.be\/index.php\/wp-json\/wp\/v2\/types\/page"}],"author":[{"embeddable":true,"href":"https:\/\/www.institut-solidaris.be\/index.php\/wp-json\/wp\/v2\/users\/7"}],"replies":[{"embeddable":true,"href":"https:\/\/www.institut-solidaris.be\/index.php\/wp-json\/wp\/v2\/comments?post=1720"}],"version-history":[{"count":6,"href":"https:\/\/www.institut-solidaris.be\/index.php\/wp-json\/wp\/v2\/pages\/1720\/revisions"}],"predecessor-version":[{"id":1879,"href":"https:\/\/www.institut-solidaris.be\/index.php\/wp-json\/wp\/v2\/pages\/1720\/revisions\/1879"}],"wp:attachment":[{"href":"https:\/\/www.institut-solidaris.be\/index.php\/wp-json\/wp\/v2\/media?parent=1720"}],"curies":[{"name":"wp","href":"https:\/\/api.w.org\/{rel}","templated":true}]}}

Grandes enquêtes Solidaris x Sudpresse : les jeunes retraités

<div class="fusion-fullwidth fullwidth-box fusion-builder-row-1 nonhundred-percent-fullwidth non-hundred-percent-height-scrolling" style="--awb-background-position:left top;--awb-border-radius-top-left:0px;--awb-border-radius-top-right:0px;--awb-border-radius-bottom-right:0px;--awb-border-radius-bottom-left:0px;--awb-padding-top:20px;--awb-padding-bottom:20px;--awb-border-sizes-top:0px;--awb-border-sizes-bottom:0px;--awb-flex-wrap:wrap;" ><div class="fusion-builder-row fusion-row"><div class="fusion-layout-column fusion_builder_column fusion-builder-column-0 fusion_builder_column_1_2 1_2 fusion-one-half fusion-column-first" style="--awb-bg-size:cover;width:48%; margin-right: 4%;"><div class="fusion-column-wrapper fusion-flex-column-wrapper-legacy"><div class="fusion-slider-sc fusion-flexslider-loading flexslider flexslider-hover-type-none" data-slideshow_autoplay="1" data-slideshow_smooth_height="0" data-slideshow_speed="7000" style="max-width:100%;height:100%;"><ul class="slides"><li class="image"><span class="fusion-image-hover-element hover-type-none"><img decoding="async" src="https://www.institut-solidaris.be/wp-content/uploads/2019/10/ImageCarousel_JeunesRetraites_600x350.jpg" width="600" height="350" /></span></li></ul></div><div class="fusion-clearfix"></div></div></div><div class="fusion-layout-column fusion_builder_column fusion-builder-column-1 fusion_builder_column_1_2 1_2 fusion-one-half fusion-column-last" style="--awb-bg-size:cover;width:48%;"><div class="fusion-column-wrapper fusion-flex-column-wrapper-legacy"><div class="fusion-text fusion-text-1"><h2>Le mal-être en nette augmentation chez les jeunes retraités !</h2>
<p><strong>En partenariat avec les journaux du groupe Sudpresse, la Mutuelle Solidaris s’est replongée dans la vie des jeunes retraités. Retour sur l&rsquo;évolution des réalités de cette partie de la population belge francophone depuis 2015. </strong></p>
<p><b>Quelques grands enseignements : </b></p>
<ul>
<li>Même si seulement 4 ans se sont écoulés, moralement et physiquement, les « jeunes retraités » de 2019 vont moins bien que ceux de 2015.</li>
<li>Parmi ceux qui sont partis plus tôt que l’âge officiel, ils sont plus nombreux à dire que c’était parce qu’ils ne tenaient plus (stress, pbs de santé).</li>
<li>Les jeunes retraités sont aussi plus nombreux à se sentir démunis lors du changement de situation (même si ce n’est pas du tout la majorité). La part à regretter leurs collègues et, pire, à se sentir inutile à la société, est en augmentation également. Ils sont plus d’un quart à être confrontés à ce sentiment.</li>
<li>Le monde des entreprises reste toujours peu adapté aux séniors et n’accompagne pas mieux ces travailleurs, dans leur changement de statut.</li>
</ul>
<h2>Pour retrouver tous les résulats :</h2>
<p><img decoding="async" class="size-full wp-image-112 alignleft" src="https://www.institut-solidaris.be/wp-content/uploads/2015/12/icone-pdf.gif" alt="Consulter notre enquête" width="32" height="32" /><strong><a href="https://www.institut-solidaris.be/wp-content/uploads/2019/10/jeunesretraités.pdf">Télécharger notre enquête</a></strong></p>
<p><img decoding="async" class="size-full wp-image-112 alignleft" src="https://www.institut-solidaris.be/wp-content/uploads/2015/12/icone-pdf.gif" alt="Consulter notre enquête" width="32" height="32" /><strong><a href="https://www.institut-solidaris.be/wp-content/uploads/2019/11/Communiqué-Solidaris-Jeunes-retraités_041119.pdf">Télécharger notre communiqué de presse</a></strong></p>
</div><div class="fusion-clearfix"></div></div></div></div></div>
