{"id":1700,"date":"2019-10-19T07:30:20","date_gmt":"2019-10-19T06:30:20","guid":{"rendered":"https:\/\/www.institut-solidaris.be\/?page_id=1700"},"modified":"2019-12-16T11:04:25","modified_gmt":"2019-12-16T10:04:25","slug":"solidarisxsudpresselalimentation","status":"publish","type":"page","link":"https:\/\/www.institut-solidaris.be\/index.php\/solidarisxsudpresselalimentation\/","title":{"rendered":"Grandes enqu\u00eates Solidaris x Sudpresse : l&rsquo;alimentation"},"content":{"rendered":"<div class=\"fusion-fullwidth fullwidth-box fusion-builder-row-1 nonhundred-percent-fullwidth non-hundred-percent-height-scrolling\" style=\"--awb-background-position:left top;--awb-border-radius-top-left:0px;--awb-border-radius-top-right:0px;--awb-border-radius-bottom-right:0px;--awb-border-radius-bottom-left:0px;--awb-padding-top:20px;--awb-padding-bottom:20px;--awb-border-sizes-top:0px;--awb-border-sizes-bottom:0px;--awb-flex-wrap:wrap;\" ><div class=\"fusion-builder-row fusion-row\"><div class=\"fusion-layout-column fusion_builder_column fusion-builder-column-0 fusion_builder_column_1_2 1_2 fusion-one-half fusion-column-first\" style=\"--awb-bg-size:cover;width:48%; margin-right: 4%;\"><div class=\"fusion-column-wrapper fusion-flex-column-wrapper-legacy\"><div class=\"fusion-slider-sc fusion-flexslider-loading flexslider flexslider-hover-type-none\" data-slideshow_autoplay=\"1\" data-slideshow_smooth_height=\"0\" data-slideshow_speed=\"7000\" style=\"max-width:100%;height:100%;\"><ul class=\"slides\"><li class=\"image\"><span class=\"fusion-image-hover-element hover-type-none\"><img decoding=\"async\" src=\"https:\/\/www.institut-solidaris.be\/wp-content\/uploads\/2019\/10\/ImageCarousel_Contraception_600x350.jpg\" width=\"600\" height=\"350\" \/><\/span><\/li><\/ul><\/div><div class=\"fusion-clearfix\"><\/div><\/div><\/div><div class=\"fusion-layout-column fusion_builder_column fusion-builder-column-1 fusion_builder_column_1_2 1_2 fusion-one-half fusion-column-last\" style=\"--awb-bg-size:cover;width:48%;\"><div class=\"fusion-column-wrapper fusion-flex-column-wrapper-legacy\"><div class=\"fusion-text fusion-text-1\"><h2>6 Belges sur 10 ont peur de ce qu&rsquo;ils mangent !<\/h2>\n<p><strong>Six ans apr\u00e8s avoir interrog\u00e9 les Belges sur leur alimentation, Solidaris est reparti \u00e0 leur rencontre. En partenariat avec les journaux du groupe SudPresse, la Mutuelle s\u2019est donc replong\u00e9 dans l\u2019assiette des Bruxellois et Wallons. Au menu, pas mal de changement par rapport \u00e0 2013, mais \u00e9galement le sentiment que l\u2019histoire ne repasse pas les plats pour tous de la m\u00eame mani\u00e8re.<\/strong><\/p>\n<p><b>Quelques grands enseignements :\u00a0<\/b><\/p>\n<ul>\n<li>Les moins de 30 ans r\u00e9clament une alimentation bonne pour la sant\u00e9 et l&rsquo;environnement.<\/li>\n<li>Plus de 6 Belges sur 10 consid\u00e8rent que la majorit\u00e9 des produits alimentaires qui leur sont propos\u00e9s pr\u00e9sente un risque pour la sant\u00e9.<\/li>\n<li>Cette opinion est largement privil\u00e9gi\u00e9e, quel que soit le profil des personnes interrog\u00e9es. On note toutefois une prise de conscience accrue chez les plus jeunes (18-30 ans)<\/li>\n<li>Les comportements d\u2019achats alimentaires \u00e9voluent \u00e9galement. La grande distribution est en perte de vitesse au profit des petits commerces, des march\u00e9s et des hard-discounter.<\/li>\n<li>Les pesticides pr\u00e9sents dans les fruits, les l\u00e9gumes et c\u00e9r\u00e9ales inqui\u00e8tent plus fortement les Belges en 2019 qu\u2019en 2013.<\/li>\n<li>Par contre, ils sont toujours 1 sur 2 \u00e0 penser que leurs choix alimentaires peuvent agir sur leur sant\u00e9, avec, une fois encore, une prise de conscience plus grande chez les 18-30 ans.<\/li>\n<\/ul>\n<h2>Pour retrouver tous les r\u00e9sulats :<\/h2>\n<p><img decoding=\"async\" class=\"size-full wp-image-112 alignleft\" src=\"https:\/\/www.institut-solidaris.be\/wp-content\/uploads\/2015\/12\/icone-pdf.gif\" alt=\"Consulter notre enqu\u00eate\" width=\"32\" height=\"32\" \/><strong><a href=\"https:\/\/www.institut-solidaris.be\/wp-content\/uploads\/2019\/10\/AlimentationVF.pdf\">T\u00e9l\u00e9charger notre enqu\u00eate<\/a><\/strong><\/p>\n<p><img decoding=\"async\" class=\"size-full wp-image-112 alignleft\" src=\"https:\/\/www.institut-solidaris.be\/wp-content\/uploads\/2015\/12\/icone-pdf.gif\" alt=\"Consulter notre enqu\u00eate\" width=\"32\" height=\"32\" \/><strong><a href=\"https:\/\/www.institut-solidaris.be\/wp-content\/uploads\/2019\/10\/Communiqu\u00e9-Solidaris-Alimentation_1910-33.pdf\">T\u00e9l\u00e9charger notre communiqu\u00e9 de presse<\/a><\/strong><\/p>\n<\/div><div class=\"fusion-clearfix\"><\/div><\/div><\/div><\/div><\/div>\n","protected":false},"excerpt":{"rendered":"","protected":false},"author":7,"featured_media":0,"parent":0,"menu_order":0,"comment_status":"closed","ping_status":"closed","template":"","meta":{"footnotes":""},"class_list":["post-1700","page","type-page","status-publish","hentry"],"_links":{"self":[{"href":"https:\/\/www.institut-solidaris.be\/index.php\/wp-json\/wp\/v2\/pages\/1700","targetHints":{"allow":["GET"]}}],"collection":[{"href":"https:\/\/www.institut-solidaris.be\/index.php\/wp-json\/wp\/v2\/pages"}],"about":[{"href":"https:\/\/www.institut-solidaris.be\/index.php\/wp-json\/wp\/v2\/types\/page"}],"author":[{"embeddable":true,"href":"https:\/\/www.institut-solidaris.be\/index.php\/wp-json\/wp\/v2\/users\/7"}],"replies":[{"embeddable":true,"href":"https:\/\/www.institut-solidaris.be\/index.php\/wp-json\/wp\/v2\/comments?post=1700"}],"version-history":[{"count":6,"href":"https:\/\/www.institut-solidaris.be\/index.php\/wp-json\/wp\/v2\/pages\/1700\/revisions"}],"predecessor-version":[{"id":1880,"href":"https:\/\/www.institut-solidaris.be\/index.php\/wp-json\/wp\/v2\/pages\/1700\/revisions\/1880"}],"wp:attachment":[{"href":"https:\/\/www.institut-solidaris.be\/index.php\/wp-json\/wp\/v2\/media?parent=1700"}],"curies":[{"name":"wp","href":"https:\/\/api.w.org\/{rel}","templated":true}]}}