{"id":1617,"date":"2019-02-27T15:20:52","date_gmt":"2019-02-27T14:20:52","guid":{"rendered":"https:\/\/www.institut-solidaris.be\/?page_id=1617"},"modified":"2019-12-16T11:04:25","modified_gmt":"2019-12-16T10:04:25","slug":"europe2019","status":"publish","type":"page","link":"https:\/\/www.institut-solidaris.be\/index.php\/europe2019\/","title":{"rendered":"Europe 2019"},"content":{"rendered":"<div class=\"fusion-fullwidth fullwidth-box fusion-builder-row-1 nonhundred-percent-fullwidth non-hundred-percent-height-scrolling\" style=\"--awb-background-position:left top;--awb-border-radius-top-left:0px;--awb-border-radius-top-right:0px;--awb-border-radius-bottom-right:0px;--awb-border-radius-bottom-left:0px;--awb-padding-top:20px;--awb-padding-bottom:20px;--awb-border-sizes-top:0px;--awb-border-sizes-bottom:0px;--awb-flex-wrap:wrap;\" ><div class=\"fusion-builder-row fusion-row\"><div class=\"fusion-layout-column fusion_builder_column fusion-builder-column-0 fusion_builder_column_1_2 1_2 fusion-one-half fusion-column-first\" style=\"--awb-bg-size:cover;width:48%; margin-right: 4%;\"><div class=\"fusion-column-wrapper fusion-flex-column-wrapper-legacy\"><div class=\"fusion-slider-sc fusion-flexslider-loading flexslider flexslider-hover-type-none\" data-slideshow_autoplay=\"1\" data-slideshow_smooth_height=\"0\" data-slideshow_speed=\"7000\" style=\"max-width:100%;height:100%;\"><ul class=\"slides\"><li class=\"image\"><span class=\"fusion-image-hover-element hover-type-none\"><img decoding=\"async\" src=\"https:\/\/www.institut-solidaris.be\/wp-content\/uploads\/2019\/02\/Baro19_600x350_OkFinal.png\" width=\"5005\" height=\"1464\" \/><\/span><\/li><\/ul><\/div><div class=\"fusion-clearfix\"><\/div><\/div><\/div><div class=\"fusion-layout-column fusion_builder_column fusion-builder-column-1 fusion_builder_column_1_2 1_2 fusion-one-half fusion-column-last\" style=\"--awb-bg-size:cover;width:48%;\"><div class=\"fusion-column-wrapper fusion-flex-column-wrapper-legacy\"><div class=\"fusion-text fusion-text-1\"><h2><strong>Telle qu\u2019elle est aujourd\u2019hui, l\u2019Europe <\/strong><strong>ne convainc ni les Belges ni les Fran\u00e7ais !<\/strong><\/h2>\n<h4><strong>Plus de 1.000 Belges francophones et 1.000 Fran\u00e7ais ont particip\u00e9 au cours des mois de septembre et octobre\u00a02018 \u00e0 une enqu\u00eate interrogeant leur rapport \u00e0 l\u2019Europe. Les enseignements sont \u00e9loquents\u00a0: 75% des r\u00e9pondants ne se sentent pas du tout repr\u00e9sent\u00e9s au Parlement europ\u00e9en tandis que la moiti\u00e9 consid\u00e8re que l\u2019Europe fait reculer les droits sociaux\u00a0! <\/strong><\/h4>\n<h3><b>Quels sont les grands enseignements de cette enqu\u00eate ?\u00a0<\/b><\/h3>\n<ul>\n<li>Seul 1 Francais ou Belge sur 8 se sent repr\u00e9sent\u00e9 au Parlement europ\u00e9en (75% ne le pensent pas du tout\u00a0!)\u00a0;<\/li>\n<li>7 sur 10 pensent que les Institutions europ\u00e9ennes ne servent que les int\u00e9r\u00eats de la finance\u00a0;<\/li>\n<li>La moiti\u00e9 consid\u00e8re que l\u2019Union Europ\u00e9enne fait reculer les droits sociaux\u00a0;<\/li>\n<li>Une majorit\u00e9 voudrait que l\u2019Europe soit dirig\u00e9e par un seul Pr\u00e9sident \u00e9lu par les citoyens\u00a0;<\/li>\n<li>Dans les deux pays, en termes d\u2019\u00e9volution, on constate une progression des gens qui souhaitent sortir de la zone euro\u00a0;<\/li>\n<li>Globalement, les Fran\u00e7ais et les Belges francophones ont des r\u00e9sultats tr\u00e8s semblables. Le seul \u00e9cart vraiment marqu\u00e9 concerne le sentiment que l\u2019Europe prot\u00e8ge contre la mondialisation\u00a0: 18% des Belges le pensent contre 29% des Fran\u00e7ais.<\/li>\n<\/ul>\n<h3><strong>Qu&rsquo;observe-t-on quand on quand on s&rsquo;int\u00e9resse aux profils ? <\/strong><\/h3>\n<ul>\n<li>Les 60 ans et + semblent davantage \u00ab\u00a0pour\u00a0\u00bb l\u2019Europe. Ils sont majoritairement pour une pr\u00e9sidence unique.<\/li>\n<li>Les familles monoparentales se retrouvent peu dans l\u2019Europe actuelle. Une pr\u00e9sidence unique est le seul \u00e9l\u00e9ment qui nous laisse penser qu\u2019elles ne sont pas contre une id\u00e9e d\u2019Europe.<\/li>\n<li>Certains \u00e9l\u00e9ments sont li\u00e9s aux dipl\u00f4mes. Sur la question de recul des droits sociaux, notamment, le fait de \u00ab\u00a0devoir\u00a0\u00bb sortir de la zone euro ou plus largement penser qu\u2019on vivrait mieux sans ces institutions montrent que moins le niveau d\u2019instruction est \u00e9lev\u00e9, plus on est d\u00e9favorable \u00e0 l\u2019Europe.<\/li>\n<\/ul>\n<h3><strong>Quel lien entre bien-\u00eatre et image de l\u2019Europe\u00a0<\/strong>?<\/h3>\n<p>Globalement, le bien-\u00eatre des gens et l\u2019image de l\u2019Europe sont intiment li\u00e9s sous l\u2019angle \u00ab plus une personne va bien, plus son rapport \u00e0 l\u2019Europe est positif \u00bb. Notamment, le sentiment d\u2019\u00eatre bien repr\u00e9sent\u00e9 est tr\u00e8s li\u00e9 \u00e0 ce niveau de bien-\u00eatre. Par ailleurs, on notera que le sentiment que l\u2019on vivrait mieux sans les institutions europ\u00e9ennes et que l\u2019Europe contribue \u00e0 faire reculer les droits sociaux sont surtout li\u00e9s aux conditions de vie des gens.<\/p>\n<p style=\"text-align: justify;\"><span style=\"color: #333333;\"><strong>\u00a0<a href=\"https:\/\/www.institut-solidaris.be\/wp-content\/uploads\/2017\/02\/BaroBELV1.pdf\" target=\"_blank\" rel=\"noopener noreferrer\"><img decoding=\"async\" class=\"alignnone wp-image-112 size-full\" src=\"https:\/\/www.institut-solidaris.be\/wp-content\/uploads\/2015\/12\/icone-pdf.gif\" alt=\"Consulter notre enqu\u00eate\" width=\"32\" height=\"32\" \/><\/a><a href=\"https:\/\/www.institut-solidaris.be\/wp-content\/uploads\/2019\/02\/BCBE2019_Europe_VF_DEF_260219_lowdef.pdf\" target=\"_blank\" rel=\"noopener noreferrer\">Consulter l&rsquo;int\u00e9gralit\u00e9 de l&rsquo;enqu\u00eate<\/a><\/strong><\/span><\/p>\n<\/div><div class=\"fusion-clearfix\"><\/div><\/div><\/div><\/div><\/div>\n","protected":false},"excerpt":{"rendered":"","protected":false},"author":7,"featured_media":0,"parent":0,"menu_order":0,"comment_status":"closed","ping_status":"closed","template":"","meta":{"footnotes":""},"class_list":["post-1617","page","type-page","status-publish","hentry"],"_links":{"self":[{"href":"https:\/\/www.institut-solidaris.be\/index.php\/wp-json\/wp\/v2\/pages\/1617","targetHints":{"allow":["GET"]}}],"collection":[{"href":"https:\/\/www.institut-solidaris.be\/index.php\/wp-json\/wp\/v2\/pages"}],"about":[{"href":"https:\/\/www.institut-solidaris.be\/index.php\/wp-json\/wp\/v2\/types\/page"}],"author":[{"embeddable":true,"href":"https:\/\/www.institut-solidaris.be\/index.php\/wp-json\/wp\/v2\/users\/7"}],"replies":[{"embeddable":true,"href":"https:\/\/www.institut-solidaris.be\/index.php\/wp-json\/wp\/v2\/comments?post=1617"}],"version-history":[{"count":7,"href":"https:\/\/www.institut-solidaris.be\/index.php\/wp-json\/wp\/v2\/pages\/1617\/revisions"}],"predecessor-version":[{"id":1884,"href":"https:\/\/www.institut-solidaris.be\/index.php\/wp-json\/wp\/v2\/pages\/1617\/revisions\/1884"}],"wp:attachment":[{"href":"https:\/\/www.institut-solidaris.be\/index.php\/wp-json\/wp\/v2\/media?parent=1617"}],"curies":[{"name":"wp","href":"https:\/\/api.w.org\/{rel}","templated":true}]}}