{"id":1580,"date":"2019-02-20T11:39:12","date_gmt":"2019-02-20T10:39:12","guid":{"rendered":"https:\/\/www.institut-solidaris.be\/?page_id=1580"},"modified":"2020-12-02T10:02:12","modified_gmt":"2020-12-02T09:02:12","slug":"barometre-confiance-bien-etre-2019","status":"publish","type":"page","link":"https:\/\/www.institut-solidaris.be\/index.php\/barometre-confiance-bien-etre-2019\/","title":{"rendered":"Barom\u00e8tre Confiance &#038; Bien-\u00eatre 2018"},"content":{"rendered":"<div class=\"fusion-fullwidth fullwidth-box fusion-builder-row-1 nonhundred-percent-fullwidth non-hundred-percent-height-scrolling\" style=\"--awb-background-position:left top;--awb-border-radius-top-left:0px;--awb-border-radius-top-right:0px;--awb-border-radius-bottom-right:0px;--awb-border-radius-bottom-left:0px;--awb-padding-top:20px;--awb-padding-bottom:20px;--awb-border-sizes-top:0px;--awb-border-sizes-bottom:0px;--awb-flex-wrap:wrap;\" ><div class=\"fusion-builder-row fusion-row\"><div class=\"fusion-layout-column fusion_builder_column fusion-builder-column-0 fusion_builder_column_1_2 1_2 fusion-one-half fusion-column-first\" style=\"--awb-bg-size:cover;width:48%; margin-right: 4%;\"><div class=\"fusion-column-wrapper fusion-flex-column-wrapper-legacy\"><div class=\"fusion-slider-sc fusion-flexslider-loading flexslider flexslider-hover-type-none\" data-slideshow_autoplay=\"1\" data-slideshow_smooth_height=\"0\" data-slideshow_speed=\"7000\" style=\"max-width:100%;height:100%;\"><ul class=\"slides\"><li class=\"image\"><span class=\"fusion-image-hover-element hover-type-none\"><img decoding=\"async\" src=\"https:\/\/www.institut-solidaris.be\/wp-content\/uploads\/2019\/02\/Baro2019_600x350.jpg\" width=\"600\" height=\"350\" \/><\/span><\/li><\/ul><\/div><div class=\"fusion-clearfix\"><\/div><\/div><\/div><div class=\"fusion-layout-column fusion_builder_column fusion-builder-column-1 fusion_builder_column_1_2 1_2 fusion-one-half fusion-column-last\" style=\"--awb-bg-size:cover;width:48%;\"><div class=\"fusion-column-wrapper fusion-flex-column-wrapper-legacy\"><div class=\"fusion-text fusion-text-1\"><h2>Pour la quatri\u00e8me ann\u00e9e cons\u00e9cutive, Solidaris, en collaboration avec la MGEN, a pris le pouls de la soci\u00e9t\u00e9 belge francophone et fran\u00e7aise afin de mesurer de mani\u00e8re globale l\u2019\u00e9tat de bien-\u00eatre et de confiance de la population.<\/h2>\n<p>L\u2019enqu\u00eate fut r\u00e9alis\u00e9e entre septembre et octobre 2018, par t\u00e9l\u00e9phone et par internet. <strong>1076 personnes<\/strong> ont \u00e9t\u00e9 <strong>interrog\u00e9es<\/strong> par l\u2019Institut Solidaris.<\/p>\n<p>Le premier barom\u00e8tre commun en 2016 mettait en avant de <strong>nombreuses similitudes<\/strong> entre la France et la Belgique.<\/p>\n<p>Puis, l&rsquo;\u00e9lection pr\u00e9sidentielle a rebattu les cartes et depuis, les<strong> r\u00e9sultats fran\u00e7ais<\/strong> sont <strong>globalement plus hauts<\/strong> sur (presque) tous les points, m\u00eame si des <strong>tendances<\/strong> lourdes <strong>restent communes<\/strong>.<\/p>\n<p>Encore un an apr\u00e8s, et ce avant le d\u00e9but des gilets jaunes, <strong>Belgique et France font face \u00e0 une m\u00eame tendance n\u00e9gative<\/strong>.<\/p>\n<p>Retrouvez l&rsquo;ensemble des conclusions du Barom\u00e8tre 2019 :<\/p>\n<ul>\n<li style=\"text-align: justify;\">Les r\u00e9sultats <strong>belges<\/strong> \u00e0 consulter\u00a0<span style=\"color: #ff0000;\"><strong><a style=\"color: #ff0000;\" href=\"https:\/\/www.institut-solidaris.be\/index.php\/belgique2019\/\" target=\"_blank\" rel=\"noopener noreferrer\">ici<\/a><\/strong><\/span><\/li>\n<li style=\"text-align: justify;\">Les r\u00e9sultats <strong>fran\u00e7ais<\/strong> \u00e0 consulter\u00a0<span style=\"color: #ff0000;\"><strong><a style=\"color: #ff0000;\" href=\"https:\/\/www.institut-solidaris.be\/index.php\/france2019\/\" target=\"_blank\" rel=\"noopener noreferrer\">ici<\/a><\/strong><\/span><\/li>\n<li style=\"text-align: justify;\">Le comparatif <strong>Belgique\/France<\/strong> \u00e0 consulter<span style=\"color: #ff0000;\"><strong>\u00a0<a style=\"color: #ff0000;\" href=\"https:\/\/www.institut-solidaris.be\/index.php\/belgiquefrance2019\/\" target=\"_blank\" rel=\"noopener noreferrer\">ici<\/a><\/strong><\/span><\/li>\n<\/ul>\n<p style=\"text-align: justify;\"><span style=\"color: #333333;\"><strong>\u00a0<\/strong><\/span><\/p>\n<\/div><div class=\"fusion-clearfix\"><\/div><\/div><\/div><div class=\"fusion-layout-column fusion_builder_column fusion-builder-column-2 fusion_builder_column_1_2 1_2 fusion-one-half fusion-column-first\" style=\"--awb-bg-size:cover;width:48%; margin-right: 4%;\"><div class=\"fusion-column-wrapper fusion-flex-column-wrapper-legacy\"><div class=\"fusion-clearfix\"><\/div><\/div><\/div><div class=\"fusion-layout-column fusion_builder_column fusion-builder-column-3 fusion_builder_column_1_2 1_2 fusion-one-half fusion-column-last\" style=\"--awb-bg-size:cover;width:48%;\"><div class=\"fusion-column-wrapper fusion-flex-column-wrapper-legacy\"><div class=\"fusion-clearfix\"><\/div><\/div><\/div><\/div><\/div>\n","protected":false},"excerpt":{"rendered":"","protected":false},"author":7,"featured_media":0,"parent":0,"menu_order":0,"comment_status":"closed","ping_status":"closed","template":"","meta":{"footnotes":""},"class_list":["post-1580","page","type-page","status-publish","hentry"],"_links":{"self":[{"href":"https:\/\/www.institut-solidaris.be\/index.php\/wp-json\/wp\/v2\/pages\/1580","targetHints":{"allow":["GET"]}}],"collection":[{"href":"https:\/\/www.institut-solidaris.be\/index.php\/wp-json\/wp\/v2\/pages"}],"about":[{"href":"https:\/\/www.institut-solidaris.be\/index.php\/wp-json\/wp\/v2\/types\/page"}],"author":[{"embeddable":true,"href":"https:\/\/www.institut-solidaris.be\/index.php\/wp-json\/wp\/v2\/users\/7"}],"replies":[{"embeddable":true,"href":"https:\/\/www.institut-solidaris.be\/index.php\/wp-json\/wp\/v2\/comments?post=1580"}],"version-history":[{"count":5,"href":"https:\/\/www.institut-solidaris.be\/index.php\/wp-json\/wp\/v2\/pages\/1580\/revisions"}],"predecessor-version":[{"id":2010,"href":"https:\/\/www.institut-solidaris.be\/index.php\/wp-json\/wp\/v2\/pages\/1580\/revisions\/2010"}],"wp:attachment":[{"href":"https:\/\/www.institut-solidaris.be\/index.php\/wp-json\/wp\/v2\/media?parent=1580"}],"curies":[{"name":"wp","href":"https:\/\/api.w.org\/{rel}","templated":true}]}}