{"id":1494,"date":"2018-12-10T15:50:38","date_gmt":"2018-12-10T14:50:38","guid":{"rendered":"https:\/\/www.institut-solidaris.be\/?page_id=1494"},"modified":"2019-12-16T11:04:26","modified_gmt":"2019-12-16T10:04:26","slug":"enquete-medicaments-multipharma","status":"publish","type":"page","link":"https:\/\/www.institut-solidaris.be\/index.php\/enquete-medicaments-multipharma\/","title":{"rendered":"Enqu\u00eate M\u00e9dicaments Solidaris\/Multipharma"},"content":{"rendered":"<div class=\"fusion-fullwidth fullwidth-box fusion-builder-row-1 nonhundred-percent-fullwidth non-hundred-percent-height-scrolling\" style=\"--awb-background-position:left top;--awb-border-radius-top-left:0px;--awb-border-radius-top-right:0px;--awb-border-radius-bottom-right:0px;--awb-border-radius-bottom-left:0px;--awb-padding-top:20px;--awb-padding-bottom:20px;--awb-border-sizes-top:0px;--awb-border-sizes-bottom:0px;--awb-flex-wrap:wrap;\" ><div class=\"fusion-builder-row fusion-row\"><div class=\"fusion-layout-column fusion_builder_column fusion-builder-column-0 fusion_builder_column_1_2 1_2 fusion-one-half fusion-column-first\" style=\"--awb-bg-size:cover;width:48%; margin-right: 4%;\"><div class=\"fusion-column-wrapper fusion-flex-column-wrapper-legacy\"><div class=\"fusion-text fusion-text-1\"><h2 style=\"text-align: justify;\"><strong><em>Vous, vos m\u00e9dicaments et votre pharmacien<\/em><\/strong><\/h2>\n<p><strong>Ce n\u2019est pas une nouveaut\u00e9, les Belges consomment trop de m\u00e9dicaments\u2013 tant en prescrits qu\u2019en vente libre. Cela a des impacts en termes de sant\u00e9 publique et de co\u00fbt pour le patient et la collectivit\u00e9. Solidaris et Multipharma se sont pench\u00e9s sur ces probl\u00e9matiques et vous d\u00e9voilent les r\u00e9sultats de cette grande enqu\u00eate.<\/strong><\/p>\n<p>2000 belges francophones coop\u00e9rateurs de Multipharma (&gt;18 ans) et une centaine de m\u00e9decins ont \u00e9t\u00e9 interrog\u00e9s sur les connaissances concernant <strong>les m\u00e9dicaments en vente libre<\/strong> et sur la mani\u00e8re d\u2019y recourir confirme <strong>une tendance \u00e0 trop mais \u00e9galement \u00e0 mal utiliser ce type de m\u00e9dicaments<\/strong>.<\/p>\n<p>L\u2019\u00e9tat de sant\u00e9, l\u2019\u00e2ge, le statut \u00e9conomique, la structure familiale\u2026 bref <strong>les conditions de vie des Belges exercent une influence importante<\/strong>. Contrairement \u00e0 ce qui est couramment avanc\u00e9, et bien que l\u2019autom\u00e9dication ne soit pas n\u00e9cessairement n\u00e9gative, l\u2019\u00e9tude confirme que ce ne sont pas les cat\u00e9gories les plus favoris\u00e9es qui recourent le plus aux m\u00e9dicaments en vente libre. Le report de soins et la n\u00e9cessit\u00e9 de \u00ab\u00a0tenir le coup\u00a0\u00bb (notamment pour ne pas \u00eatre en arr\u00eat de travail) sont probablement des explications \u00e0 ce ph\u00e9nom\u00e8ne.<\/p>\n<p>Par ailleurs, sur base de situations et de sympt\u00f4mes pr\u00e9cis, l\u2019enqu\u00eate montre que <strong>les connaissances<\/strong> qu\u2019ont les r\u00e9pondants des m\u00e9dicaments souffrent de nombreuses <strong>lacunes mettant potentiellement leur sant\u00e9 en danger<\/strong>, ces connaissances \u00e9tant par ailleurs largement marqu\u00e9es du sceau des <strong>in\u00e9galit\u00e9s sociales<\/strong>. Autre enseignement de l\u2019enqu\u00eate\u00a0: m\u00eame quand une connaissance est acquise, elle n\u2019est souvent <strong>pas suffisamment int\u00e9gr\u00e9e dans les pratiques<\/strong> de consommation.<\/p>\n<p>Le Belge francophone a par ailleurs <strong>une grande confiance \u00e0 l\u2019\u00e9gard du pharmacien et des m\u00e9decins<\/strong> pour leur donner des informations fiables sur les m\u00e9dicaments. Notons aussi que\u00a0les r\u00e9pondants sont 34 % \u00e0 \u00e9prouver des difficult\u00e9s pour trouver une information fiable et accessible et qu\u2019ils sont tr\u00e8s critiques \u00e0 l\u2019\u00e9gard de la publicit\u00e9 et des firmes pharmaceutiques.<\/p>\n<p>Les m\u00e9decins g\u00e9n\u00e9ralistes sont nombreux \u00e0 penser que les patients n\u2019en savent pas assez sur les diff\u00e9rents types de m\u00e9dicaments en vente libre \u00a0et qu\u2019ils ont tendance \u00e0 surestimer leurs connaissances \u00e0 ce sujet.<\/p>\n<p>Le dernier volet de l\u2019enqu\u00eate abordait la question des r\u00f4les du pharmacien, d\u2019une part, ceux qu\u2019il exerce d\u00e9j\u00e0 effectivement selon les patients, d\u2019autre part, ceux qu\u2019il devrait ou pourrait exercer \u00e0 l\u2019avenir selon les patients mais \u00e9galement selon les m\u00e9decins g\u00e9n\u00e9ralistes. Les r\u00e9ponses tant du grand public que des m\u00e9decins attestent que les r\u00f4les du pharmacien seront appel\u00e9s \u00e0 \u00e9voluer, notamment vers davantage de conseils aux patients.<\/p>\n<p><strong>Solidaris et Multipharma<\/strong> estiment donc que toutes les forces disponibles sont n\u00e9cessaires et doivent s\u2019unir pour transmettre aux patients les connaissances n\u00e9cessaires et suffisantes pour un recours optimal aux m\u00e9dicaments.<\/p>\n<p><a href=\"https:\/\/www.institut-solidaris.be\/wp-content\/uploads\/2018\/12\/Communiqu\u00e9-Solidaris_Vous-vos-m\u00e9dicaments-et-votre-pharmacien.pdf\"><img decoding=\"async\" class=\"alignleft wp-image-112 size-full\" src=\"https:\/\/www.institut-solidaris.be\/wp-content\/uploads\/2015\/12\/icone-pdf.gif\" alt=\"Consulter notre enqu\u00eate\" width=\"32\" height=\"32\" \/><\/a><a href=\"https:\/\/www.institut-solidaris.be\/wp-content\/uploads\/2018\/12\/Communiqu\u00e9-Solidaris_Vous-vos-m\u00e9dicaments-et-votre-pharmacien.pdf\">T\u00e9l\u00e9charger notre communiqu\u00e9 de presse<\/a><\/p>\n<p><a href=\"https:\/\/www.institut-solidaris.be\/wp-content\/uploads\/2018\/12\/Enquete_Medicaments_final-web.pdf\"><img decoding=\"async\" class=\"alignleft wp-image-112 size-full\" src=\"https:\/\/www.institut-solidaris.be\/wp-content\/uploads\/2015\/12\/icone-pdf.gif\" alt=\"Consulter notre enqu\u00eate\" width=\"32\" height=\"32\" \/><\/a><a href=\"https:\/\/www.institut-solidaris.be\/wp-content\/uploads\/2018\/12\/Enquete_Medicaments_final-web.pdf\">T\u00e9l\u00e9charger notre enqu\u00eate<\/a><\/p>\n<\/div><div class=\"fusion-clearfix\"><\/div><\/div><\/div><div class=\"fusion-layout-column fusion_builder_column fusion-builder-column-1 fusion_builder_column_1_2 1_2 fusion-one-half fusion-column-last\" style=\"--awb-bg-size:cover;width:48%;\"><div class=\"fusion-column-wrapper fusion-flex-column-wrapper-legacy\"><div class=\"fusion-slider-sc fusion-flexslider-loading flexslider flexslider-hover-type-none\" data-slideshow_autoplay=\"1\" data-slideshow_smooth_height=\"0\" data-slideshow_speed=\"7000\" style=\"max-width:100%;height:100%;\"><ul class=\"slides\"><li class=\"image\"><span class=\"fusion-image-hover-element hover-type-none\"><img decoding=\"async\" src=\"https:\/\/www.institut-solidaris.be\/wp-content\/uploads\/2018\/12\/CP_MedicamentsEtVous_1200x627.jpg\" width=\"1200\" height=\"627\" \/><\/span><\/li><\/ul><\/div><div class=\"fusion-clearfix\"><\/div><\/div><\/div><div class=\"fusion-layout-column fusion_builder_column fusion-builder-column-2 fusion_builder_column_1_1 1_1 fusion-one-full fusion-column-first fusion-column-last\" style=\"--awb-bg-size:cover;\"><div class=\"fusion-column-wrapper fusion-flex-column-wrapper-legacy\"><div class=\"fusion-title title fusion-title-1 fusion-title-text fusion-title-size-two\" style=\"--awb-margin-top-small:0px;--awb-margin-right-small:0px;--awb-margin-bottom-small:20px;--awb-margin-left-small:0px;\"><h2 class=\"fusion-title-heading title-heading-left\" style=\"margin:0;\">En chiffres<\/h2><span class=\"awb-title-spacer\"><\/span><div class=\"title-sep-container\"><div class=\"title-sep sep-double sep-solid\" style=\"border-color:#e0dede;\"><\/div><\/div><\/div><div class=\"fusion-progressbar\" style=\"--awb-textcolor:#000000;--awb-filledcolor:#e41618;--awb-filledbordercolor:#e41618;--awb-maximum-value-wrapper-width:43%;\"><div class=\"fusion-progressbar-bar progress-bar\"><div class=\"progress progress-bar-content not-animated\" role=\"progressbar\" aria-labelledby=\"awb-progressbar-label-1\" aria-valuemin=\"0\" aria-valuemax=\"100\" aria-valuenow=\"57\" data-filling-speed=\"600\"><span class=\"progress-title awb-on-bar\"><span class=\"fusion-progressbar-text\" id=\"awb-progressbar-label-1\">prennent des m\u00e9dicaments (vitamines et hom\u00e9opathie inclus) tous les jours : <\/span> <span class=\"fusion-progressbar-value\">57%<\/span><\/span><\/div><span class=\"awb-pb-max-value-wrap awb-on-bar\"><span class=\"awb-pb-max-value-text\"><\/span><\/span><\/div><\/div><div class=\"fusion-progressbar\" style=\"--awb-textcolor:#000000;--awb-filledcolor:#e41618;--awb-filledbordercolor:#e41618;--awb-maximum-value-wrapper-width:79%;\"><div class=\"fusion-progressbar-bar progress-bar\"><div class=\"progress progress-bar-content not-animated\" role=\"progressbar\" aria-labelledby=\"awb-progressbar-label-2\" aria-valuemin=\"0\" aria-valuemax=\"100\" aria-valuenow=\"21\" data-filling-speed=\"600\"><span class=\"progress-title awb-on-bar\"><span class=\"fusion-progressbar-text\" id=\"awb-progressbar-label-2\">prennent tous les jours ou souvent des m\u00e9dicaments accessibles sans prescription : <\/span> <span class=\"fusion-progressbar-value\">21%<\/span><\/span><\/div><span class=\"awb-pb-max-value-wrap awb-on-bar\"><span class=\"awb-pb-max-value-text\"><\/span><\/span><\/div><\/div><div class=\"fusion-progressbar\" style=\"--awb-textcolor:#000000;--awb-filledcolor:#e41618;--awb-filledbordercolor:#e41618;--awb-maximum-value-wrapper-width:70%;\"><div class=\"fusion-progressbar-bar progress-bar\"><div class=\"progress progress-bar-content not-animated\" role=\"progressbar\" aria-labelledby=\"awb-progressbar-label-3\" aria-valuemin=\"0\" aria-valuemax=\"100\" aria-valuenow=\"30\" data-filling-speed=\"600\"><span class=\"progress-title awb-on-bar\"><span class=\"fusion-progressbar-text\" id=\"awb-progressbar-label-3\">ne font pas toujours attention au surdosage d\u2019anti-inflammatoires : <\/span> <span class=\"fusion-progressbar-value\">30%<\/span><\/span><\/div><span class=\"awb-pb-max-value-wrap awb-on-bar\"><span class=\"awb-pb-max-value-text\"><\/span><\/span><\/div><\/div><div class=\"fusion-progressbar\" style=\"--awb-textcolor:#000000;--awb-filledcolor:#e41618;--awb-filledbordercolor:#e41618;--awb-maximum-value-wrapper-width:28%;\"><div class=\"fusion-progressbar-bar progress-bar\"><div class=\"progress progress-bar-content not-animated\" role=\"progressbar\" aria-labelledby=\"awb-progressbar-label-4\" aria-valuemin=\"0\" aria-valuemax=\"100\" aria-valuenow=\"72\" data-filling-speed=\"600\"><span class=\"progress-title awb-on-bar\"><span class=\"fusion-progressbar-text\" id=\"awb-progressbar-label-4\">les patients pensent que la publicit\u00e9 pousse vraiment \u00e0 consommer beaucoup de m\u00e9dicaments : <\/span> <span class=\"fusion-progressbar-value\">72%<\/span><\/span><\/div><span class=\"awb-pb-max-value-wrap awb-on-bar\"><span class=\"awb-pb-max-value-text\"><\/span><\/span><\/div><\/div><div class=\"fusion-progressbar\" style=\"--awb-textcolor:#000000;--awb-filledcolor:#e41618;--awb-filledbordercolor:#e41618;--awb-maximum-value-wrapper-width:43%;\"><div class=\"fusion-progressbar-bar progress-bar\"><div class=\"progress progress-bar-content not-animated\" role=\"progressbar\" aria-labelledby=\"awb-progressbar-label-5\" aria-valuemin=\"0\" aria-valuemax=\"100\" aria-valuenow=\"57\" data-filling-speed=\"600\"><span class=\"progress-title awb-on-bar\"><span class=\"fusion-progressbar-text\" id=\"awb-progressbar-label-5\">les m\u00e9decins pensent qu&rsquo;il n&rsquo;est pas facile pour les patients de trouver une information fiable sur les m\u00e9dicaments : <\/span> <span class=\"fusion-progressbar-value\">57%<\/span><\/span><\/div><span class=\"awb-pb-max-value-wrap awb-on-bar\"><span class=\"awb-pb-max-value-text\"><\/span><\/span><\/div><\/div><div class=\"fusion-progressbar\" style=\"--awb-textcolor:#000000;--awb-filledcolor:#e41618;--awb-filledbordercolor:#e41618;--awb-maximum-value-wrapper-width:8%;\"><div class=\"fusion-progressbar-bar progress-bar\"><div class=\"progress progress-bar-content not-animated\" role=\"progressbar\" aria-labelledby=\"awb-progressbar-label-6\" aria-valuemin=\"0\" aria-valuemax=\"100\" aria-valuenow=\"92\" data-filling-speed=\"600\"><span class=\"progress-title awb-on-bar\"><span class=\"fusion-progressbar-text\" id=\"awb-progressbar-label-6\">les patients pensent que le pharmacien donne vraiment des informations pertinentes et fiables sur les m\u00e9dicaments : <\/span> <span class=\"fusion-progressbar-value\">92%<\/span><\/span><\/div><span class=\"awb-pb-max-value-wrap awb-on-bar\"><span class=\"awb-pb-max-value-text\"><\/span><\/span><\/div><\/div><div class=\"fusion-progressbar\" style=\"--awb-textcolor:#000000;--awb-filledcolor:#e41618;--awb-filledbordercolor:#e41618;--awb-maximum-value-wrapper-width:58%;\"><div class=\"fusion-progressbar-bar progress-bar\"><div class=\"progress progress-bar-content not-animated\" role=\"progressbar\" aria-labelledby=\"awb-progressbar-label-7\" aria-valuemin=\"0\" aria-valuemax=\"100\" aria-valuenow=\"42\" data-filling-speed=\"600\"><span class=\"progress-title awb-on-bar\"><span class=\"fusion-progressbar-text\" id=\"awb-progressbar-label-7\">les patients pensent que l&rsquo;industrie pharmaceutique donne vraiment des informations pertinentes et fiables sur les m\u00e9dicaments : <\/span> <span class=\"fusion-progressbar-value\">42%<\/span><\/span><\/div><span class=\"awb-pb-max-value-wrap awb-on-bar\"><span class=\"awb-pb-max-value-text\"><\/span><\/span><\/div><\/div><div class=\"fusion-clearfix\"><\/div><\/div><\/div><\/div><\/div>\n","protected":false},"excerpt":{"rendered":"","protected":false},"author":6,"featured_media":0,"parent":0,"menu_order":0,"comment_status":"closed","ping_status":"closed","template":"","meta":{"footnotes":""},"class_list":["post-1494","page","type-page","status-publish","hentry"],"_links":{"self":[{"href":"https:\/\/www.institut-solidaris.be\/index.php\/wp-json\/wp\/v2\/pages\/1494","targetHints":{"allow":["GET"]}}],"collection":[{"href":"https:\/\/www.institut-solidaris.be\/index.php\/wp-json\/wp\/v2\/pages"}],"about":[{"href":"https:\/\/www.institut-solidaris.be\/index.php\/wp-json\/wp\/v2\/types\/page"}],"author":[{"embeddable":true,"href":"https:\/\/www.institut-solidaris.be\/index.php\/wp-json\/wp\/v2\/users\/6"}],"replies":[{"embeddable":true,"href":"https:\/\/www.institut-solidaris.be\/index.php\/wp-json\/wp\/v2\/comments?post=1494"}],"version-history":[{"count":13,"href":"https:\/\/www.institut-solidaris.be\/index.php\/wp-json\/wp\/v2\/pages\/1494\/revisions"}],"predecessor-version":[{"id":1890,"href":"https:\/\/www.institut-solidaris.be\/index.php\/wp-json\/wp\/v2\/pages\/1494\/revisions\/1890"}],"wp:attachment":[{"href":"https:\/\/www.institut-solidaris.be\/index.php\/wp-json\/wp\/v2\/media?parent=1494"}],"curies":[{"name":"wp","href":"https:\/\/api.w.org\/{rel}","templated":true}]}}